{"id":9018,"date":"2025-06-29T10:46:10","date_gmt":"2025-06-29T08:46:10","guid":{"rendered":"https:\/\/uj.adatbank.ro\/lexikon\/termek\/gonczy-kornel\/"},"modified":"2025-06-29T10:46:10","modified_gmt":"2025-06-29T08:46:10","slug":"gonczy-kornel","status":"publish","type":"product","link":"https:\/\/uj.adatbank.ro\/lexikon\/termek\/gonczy-kornel\/","title":{"rendered":"G\u00d6NCZY Korn\u00e9l"},"content":{"rendered":"<p>1914, \u2020 Mv., 1982. okt. 5. Sz\u00e9kelyudvarhelyen a ref. temet\u0151ben nyugszik: orvos, n\u0151gy\u00f3gy\u00e1sz. \u2013 A mv.-i n\u0151gy\u00f3gy\u00e1szati klinik\u00e1n gyakornok (1946\u2013), n\u0151gy\u00f3gy\u00e1sz szakorvos a 2. Poliklinik\u00e1n; sz\u00fcl\u00e9sz-n\u0151gy\u00f3gy\u00e1sz f\u0151orvos a mv.-i klinik\u00e1n. \u2013 <strong>F. m.:<\/strong> <strong>t\u00e1rssz.:<\/strong> N\u0151gy\u00f3gy\u00e1szati jegyzet (Mv., 1954); Sz\u00fcl\u00e9szeti jegyzet (Mv., 1954, 1959); N\u0151gy\u00f3gy\u00e1szat (Mv., 1960). <br \/><strong>Irod.:<\/strong> Genersich; [Nekrol\u00f3g] (V. Z., 1982. okt. 6.); Barab\u00e1s-P\u00e9ter M.\u2013P\u00e9ter H. M.; Todea\u2013F\u00fcl\u00f6p\u2013Avram<\/br><\/p>\n","protected":false},"excerpt":{"rendered":"<p>1914, \u2020 Mv., 1982. okt. 5. Sz\u00e9kelyudvarhelyen a ref. temet\u0151ben nyugszik: orvos, n\u0151gy\u00f3gy\u00e1sz. \u2013 A mv.-i n\u0151gy\u00f3gy\u00e1szati klinik\u00e1n gyakornok (1946\u2013), n\u0151gy\u00f3gy\u00e1sz szakorvos a 2. Poliklinik\u00e1n; sz\u00fcl\u00e9sz-n\u0151gy\u00f3gy\u00e1sz f\u0151orvos a mv.-i klinik\u00e1n. \u2013 F. m.: t\u00e1rssz.: N\u0151gy\u00f3gy\u00e1szati jegyzet (Mv., 1954); Sz\u00fcl\u00e9szeti jegyzet (Mv., 1954, 1959); N\u0151gy\u00f3gy\u00e1szat (Mv., 1960). Irod.: Genersich; [Nekrol\u00f3g] (V. Z., 1982. okt. 6.); Barab\u00e1s-P\u00e9ter [&hellip;]<\/p>\n","protected":false},"featured_media":0,"comment_status":"open","ping_status":"closed","template":"","meta":[],"product_brand":[],"product_cat":[137],"product_tag":[],"class_list":{"0":"post-9018","1":"product","2":"type-product","3":"status-publish","5":"product_cat-maros-megyei-eletrajzi-lexikon","7":"first","8":"instock","9":"shipping-taxable","10":"product-type-simple"},"_links":{"self":[{"href":"https:\/\/uj.adatbank.ro\/lexikon\/wp-json\/wp\/v2\/product\/9018","targetHints":{"allow":["GET"]}}],"collection":[{"href":"https:\/\/uj.adatbank.ro\/lexikon\/wp-json\/wp\/v2\/product"}],"about":[{"href":"https:\/\/uj.adatbank.ro\/lexikon\/wp-json\/wp\/v2\/types\/product"}],"replies":[{"embeddable":true,"href":"https:\/\/uj.adatbank.ro\/lexikon\/wp-json\/wp\/v2\/comments?post=9018"}],"wp:attachment":[{"href":"https:\/\/uj.adatbank.ro\/lexikon\/wp-json\/wp\/v2\/media?parent=9018"}],"wp:term":[{"taxonomy":"product_brand","embeddable":true,"href":"https:\/\/uj.adatbank.ro\/lexikon\/wp-json\/wp\/v2\/product_brand?post=9018"},{"taxonomy":"product_cat","embeddable":true,"href":"https:\/\/uj.adatbank.ro\/lexikon\/wp-json\/wp\/v2\/product_cat?post=9018"},{"taxonomy":"product_tag","embeddable":true,"href":"https:\/\/uj.adatbank.ro\/lexikon\/wp-json\/wp\/v2\/product_tag?post=9018"}],"curies":[{"name":"wp","href":"https:\/\/api.w.org\/{rel}","templated":true}]}}

GÖNCZY Kornél

<p>1914, † Mv., 1982. okt. 5. Székelyudvarhelyen a ref. temetőben nyugszik: orvos, nőgyógyász. – A mv.-i nőgyógyászati klinikán gyakornok (1946–), nőgyógyász szakorvos a 2. Poliklinikán; szülész-nőgyógyász főorvos a mv.-i klinikán. – <strong>F. m.:</strong> <strong>társsz.:</strong> Nőgyógyászati jegyzet (Mv., 1954); Szülészeti jegyzet (Mv., 1954, 1959); Nőgyógyászat (Mv., 1960). <br /><strong>Irod.:</strong> Genersich; [Nekrológ] (V. Z., 1982. okt. 6.); Barabás-Péter M.–Péter H. M.; Todea–Fülöp–Avram</br></p>

<p>1914, † Mv., 1982. okt. 5. Székelyudvarhelyen a ref. temetőben nyugszik: orvos, nőgyógyász. – A mv.-i nőgyógyászati klinikán gyakornok (1946–), nőgyógyász szakorvos a 2. Poliklinikán; szülész-nőgyógyász főorvos a mv.-i klinikán. – F. m.: társsz.: Nőgyógyászati jegyzet (Mv., 1954); Szülészeti jegyzet (Mv., 1954, 1959); Nőgyógyászat (Mv., 1960). Irod.: Genersich; [Nekrológ] (V. Z., 1982. okt. 6.); Barabás-Péter [&hellip;]</p>
