{"id":9021,"date":"2025-06-29T10:46:15","date_gmt":"2025-06-29T08:46:15","guid":{"rendered":"https:\/\/uj.adatbank.ro\/lexikon\/termek\/goos-karl-i-carl-paul-johann-gooss-goosz-karl\/"},"modified":"2025-06-29T10:46:15","modified_gmt":"2025-06-29T08:46:15","slug":"goos-karl-i-carl-paul-johann-gooss-goosz-karl","status":"publish","type":"product","link":"https:\/\/uj.adatbank.ro\/lexikon\/termek\/goos-karl-i-carl-paul-johann-gooss-goosz-karl\/","title":{"rendered":"GOOS Karl I.; Carl Paul Johann Gooss, Goosz Karl"},"content":{"rendered":"<p>Segesv\u00e1r, 1844. \u00e1pr. 9., \u2020 Segesv\u00e1r, 1881. j\u00fan. 23.: tan\u00e1r, \u0151sr\u00e9g\u00e9sz, nyelv\u00e9sz. \u2013 Apja pap Erkeden. Korai \u00e1rvas\u00e1gra jutva nagyapj\u00e1n\u00e1l Fronius J\u00e1nos Gy\u00f6rgyn\u00e9l nevelkedett, a gimn. -ot sz\u00fcl\u0151v\u00e1ros\u00e1ban j\u00e1rta, azut\u00e1n k\u00fclf\u00f6ldi tanulm\u00e1nyokat folytatott: Heidelbergben latint, teol\u00f3gi\u00e1t \u00e9s vall\u00e1st\u00fcrt\u00e9netet (1862\u2013), J\u00e9n\u00e1ban klasszika. filol\u00f3gi\u00e1t \u00e9s t\u00f6rt\u00e9nelmet (1863\u2013) \u00e9s Berlinben\u00a0(1865) teol\u00f3gi\u00e1t, filol\u00f3gi\u00e1t, t\u00f6rt\u00e9nelmet hallgatott. Hazat\u00e9rve Segesv\u00e1ron gimn.-i tan\u00e1r (1865\u2013) a sz\u00e1sz gimn.-ban: vall\u00e1st, latint, g\u00f6r\u00f6g \u2013 \u00e9s n\u00e9met nyelvet, f\u00f6ldrajzot \u00e9s t\u00f6rt\u00e9nelmet tan\u00edtott. Kandid\u00e1tusi vizsg\u00e1ztat\u00f3 megb\u00edzott (1873\u2013). A segesv\u00e1ri gimn.-ban m\u00fazeumot hozott l\u00e9tre, \u00e1tvette a r\u00e9g\u00e9szeti gy\u0171jtem\u00e9ny kezel\u00e9s\u00e9t (1867), valamint a k\u00f6nyvt\u00e1rat (1869), mindk\u00e9t gy\u0171jtem\u00e9ny vezet\u00e9se alatt jelent\u00e9kenyen szaporodott. Momsen hat\u00e1s\u00e1ra r\u00e9g\u00e9szeti kutat\u00e1sokat v\u00e9gzett. T\u00f6rt\u00e9n\u00e9szi munk\u00e1ss\u00e1ga az Erd\u00e9ly prehist\u00f3ri\u00e1j\u00e1ra, D\u00e1cia \u00e9s a r\u00f3maiak uralm\u00e1ra terjed, maga is t\u00f6bb \u00e1st\u00e1son vett r\u00e9szt, a K\u00f6z\u00e9p-Dunavid\u00e9kr\u0151l \u00edrt kult\u00fart\u00f6rt\u00e9nete a K\u00e1rp\u00e1t-medence t\u00f6rt\u00e9nelmi kor\u00e1t megel\u0151z\u0151 id\u0151kr\u0151l, egyik legels\u0151 ilyen t\u00e1rgy\u00fa le\u00edr\u00e1s. Mint epigrafus is ismert. Szoros kapcsolatai voltak Mommsennel \u00e9s Torma K\u00e1rollyal. A d\u00e1k \u00e9s r\u00f3mai id\u0151kbeli erd\u00e9lyi kutat\u00e1saival eur\u00f3pai h\u00edrn\u00e9vre tett szert. Tagja volt a Verein f\u00fcr Sibenb\u00fcrgische Landeskunde f\u00f6ldrajzi t\u00e1rsas\u00e1gnak \u00e9s munkat\u00e1rsa volt a Archeologisch \u2013 epigraphische Mitteilungen aus \u00d6sterreich c. foly\u00f3iratnak. \u00d6ngyilkos lett. Az erd\u00e9lyi Honismereti T\u00e1rsulat k\u00f6zgy\u0171l\u00e9s\u00e9n, amelynek v\u00e1lasztm\u00e1nyi tagja volt Teutsch G. D. eln\u00f6k eml\u00e9kezett meg r\u00f3la. \u2013 <strong>F. m.:<\/strong> Beitr\u00e4ge zur siebenb\u00fcrgischen Altertumskunde (Hermannstadt, 1874); Studien zur Geographie und Geschichte des Trajanischen Daciens (Hermannstadt, 1874); Chronik der arch\u00e4ologischen Funde Siebenb\u00fcrgens (Hermannstadt, 1876); Bericht \u00fcber Fr\u00e4ulein Sofie von Torma\u2019 s Sammlung pr\u00e4historischer Alterth\u00fcmer aus dem Maros und Cserna-Thal Siebenb\u00fcrgens (Hermannstadt, 1878); Die r\u00f6mische Lagerstadt Apulum in Dacien (Sch\u00e4ssburg, 1878). <br \/><strong>Irod.:<\/strong> LSS; A mo.-i k\u00f6z\u00e9piskol\u00e1kban 1850\u201355 megjelent \u00f6sszes programm\u00e9rtekez\u00e9seknek repert\u00f3riuma (Bp., 1887); RNL; Sighi\u015foara; Szab\u00f3-Simon-S\u00f6gi; Szinnyei<\/br><\/p>\n","protected":false},"excerpt":{"rendered":"<p>Segesv\u00e1r, 1844. \u00e1pr. 9., \u2020 Segesv\u00e1r, 1881. j\u00fan. 23.: tan\u00e1r, \u0151sr\u00e9g\u00e9sz, nyelv\u00e9sz. \u2013 Apja pap Erkeden. Korai \u00e1rvas\u00e1gra jutva nagyapj\u00e1n\u00e1l Fronius J\u00e1nos Gy\u00f6rgyn\u00e9l nevelkedett, a gimn. -ot sz\u00fcl\u0151v\u00e1ros\u00e1ban j\u00e1rta, azut\u00e1n k\u00fclf\u00f6ldi tanulm\u00e1nyokat folytatott: Heidelbergben latint, teol\u00f3gi\u00e1t \u00e9s vall\u00e1st\u00fcrt\u00e9netet (1862\u2013), J\u00e9n\u00e1ban klasszika. filol\u00f3gi\u00e1t \u00e9s t\u00f6rt\u00e9nelmet (1863\u2013) \u00e9s Berlinben\u00a0(1865) teol\u00f3gi\u00e1t, filol\u00f3gi\u00e1t, t\u00f6rt\u00e9nelmet hallgatott. Hazat\u00e9rve Segesv\u00e1ron gimn.-i tan\u00e1r [&hellip;]<\/p>\n","protected":false},"featured_media":0,"comment_status":"open","ping_status":"closed","template":"","meta":[],"product_brand":[],"product_cat":[137],"product_tag":[],"class_list":{"0":"post-9021","1":"product","2":"type-product","3":"status-publish","5":"product_cat-maros-megyei-eletrajzi-lexikon","7":"first","8":"instock","9":"shipping-taxable","10":"product-type-simple"},"_links":{"self":[{"href":"https:\/\/uj.adatbank.ro\/lexikon\/wp-json\/wp\/v2\/product\/9021","targetHints":{"allow":["GET"]}}],"collection":[{"href":"https:\/\/uj.adatbank.ro\/lexikon\/wp-json\/wp\/v2\/product"}],"about":[{"href":"https:\/\/uj.adatbank.ro\/lexikon\/wp-json\/wp\/v2\/types\/product"}],"replies":[{"embeddable":true,"href":"https:\/\/uj.adatbank.ro\/lexikon\/wp-json\/wp\/v2\/comments?post=9021"}],"wp:attachment":[{"href":"https:\/\/uj.adatbank.ro\/lexikon\/wp-json\/wp\/v2\/media?parent=9021"}],"wp:term":[{"taxonomy":"product_brand","embeddable":true,"href":"https:\/\/uj.adatbank.ro\/lexikon\/wp-json\/wp\/v2\/product_brand?post=9021"},{"taxonomy":"product_cat","embeddable":true,"href":"https:\/\/uj.adatbank.ro\/lexikon\/wp-json\/wp\/v2\/product_cat?post=9021"},{"taxonomy":"product_tag","embeddable":true,"href":"https:\/\/uj.adatbank.ro\/lexikon\/wp-json\/wp\/v2\/product_tag?post=9021"}],"curies":[{"name":"wp","href":"https:\/\/api.w.org\/{rel}","templated":true}]}}