{"id":9024,"date":"2025-06-29T10:46:20","date_gmt":"2025-06-29T08:46:20","guid":{"rendered":"https:\/\/uj.adatbank.ro\/lexikon\/termek\/gorea-danel\/"},"modified":"2025-06-29T10:46:20","modified_gmt":"2025-06-29T08:46:20","slug":"gorea-danel","status":"publish","type":"product","link":"https:\/\/uj.adatbank.ro\/lexikon\/termek\/gorea-danel\/","title":{"rendered":"GOREA D\u0103nel"},"content":{"rendered":"<p>Sz\u00e1szr\u00e9gen, ? \u2020 ? : bokszol\u00f3. \u2013 Az ifj\u00fas\u00e1gi bajnoks\u00e1g II. helyezettje; \u00e1tigazolt a Brass\u00f3i Dinam\u00f3hoz; akt\u00edv sportol\u00f3 (1974 ig.). <br \/><strong>Irod.:<\/strong> Gazeta Reghinului (1995. 7.)<\/br><\/p>\n","protected":false},"excerpt":{"rendered":"<p>Sz\u00e1szr\u00e9gen, ? \u2020 ? : bokszol\u00f3. \u2013 Az ifj\u00fas\u00e1gi bajnoks\u00e1g II. helyezettje; \u00e1tigazolt a Brass\u00f3i Dinam\u00f3hoz; akt\u00edv sportol\u00f3 (1974 ig.). Irod.: Gazeta Reghinului (1995. 7.)<\/p>\n","protected":false},"featured_media":0,"comment_status":"open","ping_status":"closed","template":"","meta":[],"product_brand":[],"product_cat":[137],"product_tag":[],"class_list":{"0":"post-9024","1":"product","2":"type-product","3":"status-publish","5":"product_cat-maros-megyei-eletrajzi-lexikon","7":"first","8":"instock","9":"shipping-taxable","10":"product-type-simple"},"_links":{"self":[{"href":"https:\/\/uj.adatbank.ro\/lexikon\/wp-json\/wp\/v2\/product\/9024","targetHints":{"allow":["GET"]}}],"collection":[{"href":"https:\/\/uj.adatbank.ro\/lexikon\/wp-json\/wp\/v2\/product"}],"about":[{"href":"https:\/\/uj.adatbank.ro\/lexikon\/wp-json\/wp\/v2\/types\/product"}],"replies":[{"embeddable":true,"href":"https:\/\/uj.adatbank.ro\/lexikon\/wp-json\/wp\/v2\/comments?post=9024"}],"wp:attachment":[{"href":"https:\/\/uj.adatbank.ro\/lexikon\/wp-json\/wp\/v2\/media?parent=9024"}],"wp:term":[{"taxonomy":"product_brand","embeddable":true,"href":"https:\/\/uj.adatbank.ro\/lexikon\/wp-json\/wp\/v2\/product_brand?post=9024"},{"taxonomy":"product_cat","embeddable":true,"href":"https:\/\/uj.adatbank.ro\/lexikon\/wp-json\/wp\/v2\/product_cat?post=9024"},{"taxonomy":"product_tag","embeddable":true,"href":"https:\/\/uj.adatbank.ro\/lexikon\/wp-json\/wp\/v2\/product_tag?post=9024"}],"curies":[{"name":"wp","href":"https:\/\/api.w.org\/{rel}","templated":true}]}}