{"id":9029,"date":"2025-06-29T10:46:29","date_gmt":"2025-06-29T08:46:29","guid":{"rendered":"https:\/\/uj.adatbank.ro\/lexikon\/termek\/gorgenyi-daniel\/"},"modified":"2025-06-29T10:46:29","modified_gmt":"2025-06-29T08:46:29","slug":"gorgenyi-daniel","status":"publish","type":"product","link":"https:\/\/uj.adatbank.ro\/lexikon\/termek\/gorgenyi-daniel\/","title":{"rendered":"G\u00d6RG\u00c9NYI D\u00e1niel"},"content":{"rendered":"<p>Sz\u00e1szr\u00e9gen, 1898. \u00e1pr. 9., \u2020 Bp., 1978. febr. 18.: g\u00e9p\u00e9szm\u00e9rn\u00f6k, honv\u00e9d vez\u00e9r\u0151rnagy. \u2013 Mv.-en \u00e9retts\u00e9gizett (1915). Az els\u0151 vh. kit\u00f6r\u00e9se ut\u00e1n Cegl\u00e9dre k\u00f6lt\u00f6z\u00f6tt a Pesti Hazai Els\u0151 Takar\u00e9kp\u00e9nzt\u00e1r alkalmazottja lett. R\u00e9szt vett a h\u00e1bor\u00faban (1917\u2013); a sz\u00e9kely hadoszt\u00e1lyban harcolt (1918\u201319); bel\u00e9pett a nemzeti hadseregbe (1920); egy\u00e9ves ut\u00e1sz \u00e1tk\u00e9pz\u00e9s ut\u00e1n a bp.-i m\u0171egyetemen g\u00e9p\u00e9szm\u00e9rn\u00f6ki oklevelet szerzett (1928), majd t\u00e9nyleges tiszti tanfolyamot v\u00e9gzett (1928\u201330). Szegeden hadnagy, majd f\u0151hadnagy (1930\u201334); a Honv\u00e9delmi Miniszt\u00e9riumban f\u0151el\u0151ad\u00f3 (1934\u2013); Szombathelyen sz\u00e1zados (1937\u2013). A fronra vitt\u00e9k (1942), a harcok sor\u00e1n megmaradt z\u00e1szl\u00f3alj-t\u00e1rsaival \u00e1t\u00e1llt a szovjet csapatokhoz (1943. jan.); Krasznogorszkban antifasiszta iskol\u00e1t v\u00e9gzett (1944), frontagit\u00e1tork\u00e9nt t\u00e9rt t\u00e9rt vissza Mo.-ra (1945). Debrecenben seg\u00e9dkezett a n\u00e9metek ellen szervezett 1. \u00e9s 6. z\u00e1szl\u00f3alj fel\u00e1ll\u00edt\u00e1s\u00e1ban; mint z\u00e1szl\u00f3aljparancsnok r\u00e9szt vett Ausztria felszabad\u00edt\u00e1s\u00e1ban. A Honv\u00e9delmi Min.-ban oszt\u00e1lyvezet\u0151 (1946\u201352\u00a0; vez\u00e9r\u0151rnagy (1948); az Orsz\u00e1gos Tervhivatalban dolgozott (1952 \u2013 ). A M. \u00d6nk\u00e9ntes Honv\u00e9delmi Sz\u00f6v. Korm\u00e1nybiztosa (1956); a K\u00f6zponti M\u0171szaki Anyagrakt\u00e1r parancsnoka (1957\u201364); nyugdijba vonult (1964). \u2013 <strong>F. m.:<\/strong> Signum laudis. Egy katona eml\u00e9kiratai (visszaeml\u00e9kez\u00e9sek; Bp., 1968). <br \/><strong>Irod.:<\/strong> M\u00c9L; R\u00daL; \u00daM\u00c9L<\/br><\/p>\n","protected":false},"excerpt":{"rendered":"<p>Sz\u00e1szr\u00e9gen, 1898. \u00e1pr. 9., \u2020 Bp., 1978. febr. 18.: g\u00e9p\u00e9szm\u00e9rn\u00f6k, honv\u00e9d vez\u00e9r\u0151rnagy. \u2013 Mv.-en \u00e9retts\u00e9gizett (1915). Az els\u0151 vh. kit\u00f6r\u00e9se ut\u00e1n Cegl\u00e9dre k\u00f6lt\u00f6z\u00f6tt a Pesti Hazai Els\u0151 Takar\u00e9kp\u00e9nzt\u00e1r alkalmazottja lett. R\u00e9szt vett a h\u00e1bor\u00faban (1917\u2013); a sz\u00e9kely hadoszt\u00e1lyban harcolt (1918\u201319); bel\u00e9pett a nemzeti hadseregbe (1920); egy\u00e9ves ut\u00e1sz \u00e1tk\u00e9pz\u00e9s ut\u00e1n a bp.-i m\u0171egyetemen g\u00e9p\u00e9szm\u00e9rn\u00f6ki oklevelet szerzett [&hellip;]<\/p>\n","protected":false},"featured_media":0,"comment_status":"open","ping_status":"closed","template":"","meta":[],"product_brand":[],"product_cat":[137],"product_tag":[],"class_list":{"0":"post-9029","1":"product","2":"type-product","3":"status-publish","5":"product_cat-maros-megyei-eletrajzi-lexikon","7":"first","8":"instock","9":"shipping-taxable","10":"product-type-simple"},"_links":{"self":[{"href":"https:\/\/uj.adatbank.ro\/lexikon\/wp-json\/wp\/v2\/product\/9029","targetHints":{"allow":["GET"]}}],"collection":[{"href":"https:\/\/uj.adatbank.ro\/lexikon\/wp-json\/wp\/v2\/product"}],"about":[{"href":"https:\/\/uj.adatbank.ro\/lexikon\/wp-json\/wp\/v2\/types\/product"}],"replies":[{"embeddable":true,"href":"https:\/\/uj.adatbank.ro\/lexikon\/wp-json\/wp\/v2\/comments?post=9029"}],"wp:attachment":[{"href":"https:\/\/uj.adatbank.ro\/lexikon\/wp-json\/wp\/v2\/media?parent=9029"}],"wp:term":[{"taxonomy":"product_brand","embeddable":true,"href":"https:\/\/uj.adatbank.ro\/lexikon\/wp-json\/wp\/v2\/product_brand?post=9029"},{"taxonomy":"product_cat","embeddable":true,"href":"https:\/\/uj.adatbank.ro\/lexikon\/wp-json\/wp\/v2\/product_cat?post=9029"},{"taxonomy":"product_tag","embeddable":true,"href":"https:\/\/uj.adatbank.ro\/lexikon\/wp-json\/wp\/v2\/product_tag?post=9029"}],"curies":[{"name":"wp","href":"https:\/\/api.w.org\/{rel}","templated":true}]}}

GÖRGÉNYI Dániel

<p>Szászrégen, 1898. ápr. 9., † Bp., 1978. febr. 18.: gépészmérnök, honvéd vezérőrnagy. – Mv.-en érettségizett (1915). Az első vh. kitörése után Ceglédre költözött a Pesti Hazai Első Takarékpénztár alkalmazottja lett. Részt vett a háborúban (1917–); a székely hadosztályban harcolt (1918–19); belépett a nemzeti hadseregbe (1920); egyéves utász átképzés után a bp.-i műegyetemen gépészmérnöki oklevelet szerzett (1928), majd tényleges tiszti tanfolyamot végzett (1928–30). Szegeden hadnagy, majd főhadnagy (1930–34); a Honvédelmi Minisztériumban főelőadó (1934–); Szombathelyen százados (1937–). A fronra vitték (1942), a harcok során megmaradt zászlóalj-társaival átállt a szovjet csapatokhoz (1943. jan.); Krasznogorszkban antifasiszta iskolát végzett (1944), frontagitátorként tért tért vissza Mo.-ra (1945). Debrecenben segédkezett a németek ellen szervezett 1. és 6. zászlóalj felállításában; mint zászlóaljparancsnok részt vett Ausztria felszabadításában. A Honvédelmi Min.-ban osztályvezető (1946–52 ; vezérőrnagy (1948); az Országos Tervhivatalban dolgozott (1952 – ). A M. Önkéntes Honvédelmi Szöv. Kormánybiztosa (1956); a Központi Műszaki Anyagraktár parancsnoka (1957–64); nyugdijba vonult (1964). – <strong>F. m.:</strong> Signum laudis. Egy katona emlékiratai (visszaemlékezések; Bp., 1968). <br /><strong>Irod.:</strong> MÉL; RÚL; ÚMÉL</br></p>

<p>Szászrégen, 1898. ápr. 9., † Bp., 1978. febr. 18.: gépészmérnök, honvéd vezérőrnagy. – Mv.-en érettségizett (1915). Az első vh. kitörése után Ceglédre költözött a Pesti Hazai Első Takarékpénztár alkalmazottja lett. Részt vett a háborúban (1917–); a székely hadosztályban harcolt (1918–19); belépett a nemzeti hadseregbe (1920); egyéves utász átképzés után a bp.-i műegyetemen gépészmérnöki oklevelet szerzett [&hellip;]</p>
