{"id":9130,"date":"2025-06-29T10:49:54","date_gmt":"2025-06-29T08:49:54","guid":{"rendered":"https:\/\/uj.adatbank.ro\/lexikon\/termek\/grossman-rezso\/"},"modified":"2025-06-29T10:49:54","modified_gmt":"2025-06-29T08:49:54","slug":"grossman-rezso","status":"publish","type":"product","link":"https:\/\/uj.adatbank.ro\/lexikon\/termek\/grossman-rezso\/","title":{"rendered":"GROSSMAN Rezs\u0151"},"content":{"rendered":"<p>1871., \u20201935: fogorvos, katonaorvos, t\u00f6rzsorvos. \u2013 A mv.-i orvoslist\u00e1n szerepel (1912\u2013). Az Orvosi Szemle mell\u00e9klet\u00e9n, a Stomatologia \u2013ban k\u00f6z\u00f6lt szakcikket az amalg\u00e1mt\u00f6m\u00e9sr\u0151l (1930). Az I. vil\u00e1gh\u00e1bor\u00faban katonaorvos, honv\u00e9d orvos-ezredes. A h\u00e1bor\u00fa ut\u00e1n Marosszentgy\u00f6rgy\u00f6n r\u00e9szv\u00e9nyese a t\u00e9glagy\u00e1rnak. <br \/><strong>Irod.:<\/strong> Kiss Cs. M 3.<\/br><\/p>\n","protected":false},"excerpt":{"rendered":"<p>1871., \u20201935: fogorvos, katonaorvos, t\u00f6rzsorvos. \u2013 A mv.-i orvoslist\u00e1n szerepel (1912\u2013). Az Orvosi Szemle mell\u00e9klet\u00e9n, a Stomatologia \u2013ban k\u00f6z\u00f6lt szakcikket az amalg\u00e1mt\u00f6m\u00e9sr\u0151l (1930). Az I. vil\u00e1gh\u00e1bor\u00faban katonaorvos, honv\u00e9d orvos-ezredes. A h\u00e1bor\u00fa ut\u00e1n Marosszentgy\u00f6rgy\u00f6n r\u00e9szv\u00e9nyese a t\u00e9glagy\u00e1rnak. Irod.: Kiss Cs. M 3.<\/p>\n","protected":false},"featured_media":0,"comment_status":"open","ping_status":"closed","template":"","meta":[],"product_brand":[],"product_cat":[137],"product_tag":[],"class_list":{"0":"post-9130","1":"product","2":"type-product","3":"status-publish","5":"product_cat-maros-megyei-eletrajzi-lexikon","7":"first","8":"instock","9":"shipping-taxable","10":"product-type-simple"},"_links":{"self":[{"href":"https:\/\/uj.adatbank.ro\/lexikon\/wp-json\/wp\/v2\/product\/9130","targetHints":{"allow":["GET"]}}],"collection":[{"href":"https:\/\/uj.adatbank.ro\/lexikon\/wp-json\/wp\/v2\/product"}],"about":[{"href":"https:\/\/uj.adatbank.ro\/lexikon\/wp-json\/wp\/v2\/types\/product"}],"replies":[{"embeddable":true,"href":"https:\/\/uj.adatbank.ro\/lexikon\/wp-json\/wp\/v2\/comments?post=9130"}],"wp:attachment":[{"href":"https:\/\/uj.adatbank.ro\/lexikon\/wp-json\/wp\/v2\/media?parent=9130"}],"wp:term":[{"taxonomy":"product_brand","embeddable":true,"href":"https:\/\/uj.adatbank.ro\/lexikon\/wp-json\/wp\/v2\/product_brand?post=9130"},{"taxonomy":"product_cat","embeddable":true,"href":"https:\/\/uj.adatbank.ro\/lexikon\/wp-json\/wp\/v2\/product_cat?post=9130"},{"taxonomy":"product_tag","embeddable":true,"href":"https:\/\/uj.adatbank.ro\/lexikon\/wp-json\/wp\/v2\/product_tag?post=9130"}],"curies":[{"name":"wp","href":"https:\/\/api.w.org\/{rel}","templated":true}]}}