{"id":9131,"date":"2025-06-29T10:49:56","date_gmt":"2025-06-29T08:49:56","guid":{"rendered":"https:\/\/uj.adatbank.ro\/lexikon\/termek\/grossmann-bruno\/"},"modified":"2025-06-29T10:49:56","modified_gmt":"2025-06-29T08:49:56","slug":"grossmann-bruno","status":"publish","type":"product","link":"https:\/\/uj.adatbank.ro\/lexikon\/termek\/grossmann-bruno\/","title":{"rendered":"GROSSMANN Bruno"},"content":{"rendered":"<p>1902., \u2020 Mv., 1969.: m\u00e9rn\u00f6k. \u2013 Feles\u00e9ge: G\u00e1rdos Elza, Mv. egyik legnagyobb \u00fczletember\u00e9nek a le\u00e1nya. \u2013 A vad\u00e1szt\u00e1rsas\u00e1g akt\u00edv tagja (1940). Seg\u00edtett\u00e9k a mv.-i k\u00e9nyszerlakhelyen \u00e9l\u0151ket (1950-es \u00e9vekben). Szorgalmazta mv.-i \u00e1llatkert l\u00e9tes\u00edt\u00e9s\u00e9t (1948\u2013), helysz\u00ednnek a N\u00e9metkalapot javasolt\u00e1k a turistak\u00f6r\u00f6k k\u00e9pvisel\u0151i. <br \/><strong>Irod.:<\/strong> Mik\u00f3; Ref. temet\u0151; Sipos; Societatea de V\u00e2n\u0103toare \u201eApostolii\u201d Tg. Mure\u015f (Tg. M., 1941); (vajda): Adal\u00e9kok a mv.-i \u00e1llatkert 50. \u00e9vfordul\u00f3j\u00e1hoz (N\u00fa., Sz\u00ednes Vil\u00e1g, 2014. szept. 12.)<\/br><\/p>\n","protected":false},"excerpt":{"rendered":"<p>1902., \u2020 Mv., 1969.: m\u00e9rn\u00f6k. \u2013 Feles\u00e9ge: G\u00e1rdos Elza, Mv. egyik legnagyobb \u00fczletember\u00e9nek a le\u00e1nya. \u2013 A vad\u00e1szt\u00e1rsas\u00e1g akt\u00edv tagja (1940). Seg\u00edtett\u00e9k a mv.-i k\u00e9nyszerlakhelyen \u00e9l\u0151ket (1950-es \u00e9vekben). Szorgalmazta mv.-i \u00e1llatkert l\u00e9tes\u00edt\u00e9s\u00e9t (1948\u2013), helysz\u00ednnek a N\u00e9metkalapot javasolt\u00e1k a turistak\u00f6r\u00f6k k\u00e9pvisel\u0151i. Irod.: Mik\u00f3; Ref. temet\u0151; Sipos; Societatea de V\u00e2n\u0103toare \u201eApostolii\u201d Tg. Mure\u015f (Tg. M., 1941); (vajda): [&hellip;]<\/p>\n","protected":false},"featured_media":0,"comment_status":"open","ping_status":"closed","template":"","meta":[],"product_brand":[],"product_cat":[137],"product_tag":[],"class_list":{"0":"post-9131","1":"product","2":"type-product","3":"status-publish","5":"product_cat-maros-megyei-eletrajzi-lexikon","7":"first","8":"instock","9":"shipping-taxable","10":"product-type-simple"},"_links":{"self":[{"href":"https:\/\/uj.adatbank.ro\/lexikon\/wp-json\/wp\/v2\/product\/9131","targetHints":{"allow":["GET"]}}],"collection":[{"href":"https:\/\/uj.adatbank.ro\/lexikon\/wp-json\/wp\/v2\/product"}],"about":[{"href":"https:\/\/uj.adatbank.ro\/lexikon\/wp-json\/wp\/v2\/types\/product"}],"replies":[{"embeddable":true,"href":"https:\/\/uj.adatbank.ro\/lexikon\/wp-json\/wp\/v2\/comments?post=9131"}],"wp:attachment":[{"href":"https:\/\/uj.adatbank.ro\/lexikon\/wp-json\/wp\/v2\/media?parent=9131"}],"wp:term":[{"taxonomy":"product_brand","embeddable":true,"href":"https:\/\/uj.adatbank.ro\/lexikon\/wp-json\/wp\/v2\/product_brand?post=9131"},{"taxonomy":"product_cat","embeddable":true,"href":"https:\/\/uj.adatbank.ro\/lexikon\/wp-json\/wp\/v2\/product_cat?post=9131"},{"taxonomy":"product_tag","embeddable":true,"href":"https:\/\/uj.adatbank.ro\/lexikon\/wp-json\/wp\/v2\/product_tag?post=9131"}],"curies":[{"name":"wp","href":"https:\/\/api.w.org\/{rel}","templated":true}]}}