{"id":9135,"date":"2025-06-29T10:50:05","date_gmt":"2025-06-29T08:50:05","guid":{"rendered":"https:\/\/uj.adatbank.ro\/lexikon\/termek\/grossmann-fulop-frigyes\/"},"modified":"2025-06-29T10:50:05","modified_gmt":"2025-06-29T08:50:05","slug":"grossmann-fulop-frigyes","status":"publish","type":"product","link":"https:\/\/uj.adatbank.ro\/lexikon\/termek\/grossmann-fulop-frigyes\/","title":{"rendered":"GROSSMANN F\u00fcl\u00f6p Frigyes"},"content":{"rendered":"<p>Magyarl\u00e9ta, 1873., \u2020\u00a0? : m\u00e9sz\u00e1ros, malomtulajdonos. \u2013 Fiai: G\u00e9za \u00e9s Mendel. \u2013 Iskol\u00e1i elv\u00e9gz\u00e9se ut\u00e1n el\u0151bb ipari \u00e9s kereskedelmi p\u00e1ly\u00e1n m\u0171k\u00f6d\u00f6tt, volt keresked\u0151 \u00e9s h\u00fasiparos, m\u00e9sz\u00e1ros Magyar\u00f3n. B\u00e9relte a M\u00f3risk\u00e1nak nevezett patakmalmot majd, megvette, a maga \u00e9s nagyobbik fia, G\u00e9za nev\u00e9re jegyeztette be. Fel\u00faj\u00edtva g\u00e9pi meghajt\u00e1ssal \u00e9s \u00faj szitarendszerrel m\u0171k\u00f6d\u00f6tt tov\u00e1bb. G\u00e9za \u00e1rult a m\u00e9sz\u00e1rsz\u00e9kben \u00e9s a malmot is vezette apj\u00e1val. Mendel f\u0151leg \u00e1llatfelv\u00e1s\u00e1rl\u00e1ssal foglalkozott. Az els\u0151 vh.-ban az ororsz fronton harcolt. T\u00e1mogatta a m. kultur\u00e1lis mozgalmakat. Nem t\u00e9rt vissza a deport\u00e1l\u00e1sb\u00f3l. <br \/><strong>Irod.:<\/strong> Magyar\u00f3 h\u00e9tk\u00f6znapjai; Sz\u00e9kelyf\u00f6ld \u00ed. k<\/br><\/p>\n","protected":false},"excerpt":{"rendered":"<p>Magyarl\u00e9ta, 1873., \u2020\u00a0? : m\u00e9sz\u00e1ros, malomtulajdonos. \u2013 Fiai: G\u00e9za \u00e9s Mendel. \u2013 Iskol\u00e1i elv\u00e9gz\u00e9se ut\u00e1n el\u0151bb ipari \u00e9s kereskedelmi p\u00e1ly\u00e1n m\u0171k\u00f6d\u00f6tt, volt keresked\u0151 \u00e9s h\u00fasiparos, m\u00e9sz\u00e1ros Magyar\u00f3n. B\u00e9relte a M\u00f3risk\u00e1nak nevezett patakmalmot majd, megvette, a maga \u00e9s nagyobbik fia, G\u00e9za nev\u00e9re jegyeztette be. Fel\u00faj\u00edtva g\u00e9pi meghajt\u00e1ssal \u00e9s \u00faj szitarendszerrel m\u0171k\u00f6d\u00f6tt tov\u00e1bb. G\u00e9za \u00e1rult a m\u00e9sz\u00e1rsz\u00e9kben [&hellip;]<\/p>\n","protected":false},"featured_media":0,"comment_status":"open","ping_status":"closed","template":"","meta":[],"product_brand":[],"product_cat":[137],"product_tag":[],"class_list":{"0":"post-9135","1":"product","2":"type-product","3":"status-publish","5":"product_cat-maros-megyei-eletrajzi-lexikon","7":"first","8":"instock","9":"shipping-taxable","10":"product-type-simple"},"_links":{"self":[{"href":"https:\/\/uj.adatbank.ro\/lexikon\/wp-json\/wp\/v2\/product\/9135","targetHints":{"allow":["GET"]}}],"collection":[{"href":"https:\/\/uj.adatbank.ro\/lexikon\/wp-json\/wp\/v2\/product"}],"about":[{"href":"https:\/\/uj.adatbank.ro\/lexikon\/wp-json\/wp\/v2\/types\/product"}],"replies":[{"embeddable":true,"href":"https:\/\/uj.adatbank.ro\/lexikon\/wp-json\/wp\/v2\/comments?post=9135"}],"wp:attachment":[{"href":"https:\/\/uj.adatbank.ro\/lexikon\/wp-json\/wp\/v2\/media?parent=9135"}],"wp:term":[{"taxonomy":"product_brand","embeddable":true,"href":"https:\/\/uj.adatbank.ro\/lexikon\/wp-json\/wp\/v2\/product_brand?post=9135"},{"taxonomy":"product_cat","embeddable":true,"href":"https:\/\/uj.adatbank.ro\/lexikon\/wp-json\/wp\/v2\/product_cat?post=9135"},{"taxonomy":"product_tag","embeddable":true,"href":"https:\/\/uj.adatbank.ro\/lexikon\/wp-json\/wp\/v2\/product_tag?post=9135"}],"curies":[{"name":"wp","href":"https:\/\/api.w.org\/{rel}","templated":true}]}}

GROSSMANN Fülöp Frigyes

<p>Magyarléta, 1873., † ? : mészáros, malomtulajdonos. – Fiai: Géza és Mendel. – Iskolái elvégzése után előbb ipari és kereskedelmi pályán működött, volt kereskedő és húsiparos, mészáros Magyarón. Bérelte a Móriskának nevezett patakmalmot majd, megvette, a maga és nagyobbik fia, Géza nevére jegyeztette be. Felújítva gépi meghajtással és új szitarendszerrel működött tovább. Géza árult a mészárszékben és a malmot is vezette apjával. Mendel főleg állatfelvásárlással foglalkozott. Az első vh.-ban az ororsz fronton harcolt. Támogatta a m. kulturális mozgalmakat. Nem tért vissza a deportálásból. <br /><strong>Irod.:</strong> Magyaró hétköznapjai; Székelyföld í. k</br></p>

<p>Magyarléta, 1873., † ? : mészáros, malomtulajdonos. – Fiai: Géza és Mendel. – Iskolái elvégzése után előbb ipari és kereskedelmi pályán működött, volt kereskedő és húsiparos, mészáros Magyarón. Bérelte a Móriskának nevezett patakmalmot majd, megvette, a maga és nagyobbik fia, Géza nevére jegyeztette be. Felújítva gépi meghajtással és új szitarendszerrel működött tovább. Géza árult a mészárszékben [&hellip;]</p>
