{"id":9137,"date":"2025-06-29T10:50:09","date_gmt":"2025-06-29T08:50:09","guid":{"rendered":"https:\/\/uj.adatbank.ro\/lexikon\/termek\/grossu-eugen-grosu-eugen\/"},"modified":"2025-06-29T10:50:09","modified_gmt":"2025-06-29T08:50:09","slug":"grossu-eugen-grosu-eugen","status":"publish","type":"product","link":"https:\/\/uj.adatbank.ro\/lexikon\/termek\/grossu-eugen-grosu-eugen\/","title":{"rendered":"GROSSU Eugen, Grosu Eugen"},"content":{"rendered":"<p>? \u2020\u00a0? : \u00e9p\u00edt\u00e9sz. \u2013 Buk.-i \u00e9p\u00edt\u00e9szm\u00e9rn\u00f6k (1915\u2013), \u00f6n\u00e1ll\u00f3 praxist vezetett Buk.-ben (1933. m\u00e1j. \u2013). K\u00f6nyvt\u00e1rosa volt a Rom\u00e1n M\u0171\u00e9p\u00edt\u00e9szek Test\u00fclet\u00e9nek. Mv. en t\u00f6bb lak\u00f3\u00e9p\u00fcletet \u00e9s a Maros megyei F\u0151isp\u00e1ni K\u00f6zigazgat\u00e1si Palot\u00e1t, V\u00e1rmegyeh\u00e1zat, a jelenlegi V\u00e1rosh\u00e1zat, tervezte \u00e9s kivitelezte (1936\u201340). <br \/><strong>Irod.:<\/strong> Ajtay L\u00e1szl\u00f3: Szobor \u00e9s kupola (N\u00fa., 1991. nov. 15.); Man: Tg. M., 3.; Maros megye; Tg. \u2013Mure\u0219 \u2013 Mv.<\/br><\/p>\n","protected":false},"excerpt":{"rendered":"<p>? \u2020\u00a0? : \u00e9p\u00edt\u00e9sz. \u2013 Buk.-i \u00e9p\u00edt\u00e9szm\u00e9rn\u00f6k (1915\u2013), \u00f6n\u00e1ll\u00f3 praxist vezetett Buk.-ben (1933. m\u00e1j. \u2013). K\u00f6nyvt\u00e1rosa volt a Rom\u00e1n M\u0171\u00e9p\u00edt\u00e9szek Test\u00fclet\u00e9nek. Mv. en t\u00f6bb lak\u00f3\u00e9p\u00fcletet \u00e9s a Maros megyei F\u0151isp\u00e1ni K\u00f6zigazgat\u00e1si Palot\u00e1t, V\u00e1rmegyeh\u00e1zat, a jelenlegi V\u00e1rosh\u00e1zat, tervezte \u00e9s kivitelezte (1936\u201340). Irod.: Ajtay L\u00e1szl\u00f3: Szobor \u00e9s kupola (N\u00fa., 1991. nov. 15.); Man: Tg. M., 3.; Maros [&hellip;]<\/p>\n","protected":false},"featured_media":0,"comment_status":"open","ping_status":"closed","template":"","meta":[],"product_brand":[],"product_cat":[137],"product_tag":[],"class_list":{"0":"post-9137","1":"product","2":"type-product","3":"status-publish","5":"product_cat-maros-megyei-eletrajzi-lexikon","7":"first","8":"instock","9":"shipping-taxable","10":"product-type-simple"},"_links":{"self":[{"href":"https:\/\/uj.adatbank.ro\/lexikon\/wp-json\/wp\/v2\/product\/9137","targetHints":{"allow":["GET"]}}],"collection":[{"href":"https:\/\/uj.adatbank.ro\/lexikon\/wp-json\/wp\/v2\/product"}],"about":[{"href":"https:\/\/uj.adatbank.ro\/lexikon\/wp-json\/wp\/v2\/types\/product"}],"replies":[{"embeddable":true,"href":"https:\/\/uj.adatbank.ro\/lexikon\/wp-json\/wp\/v2\/comments?post=9137"}],"wp:attachment":[{"href":"https:\/\/uj.adatbank.ro\/lexikon\/wp-json\/wp\/v2\/media?parent=9137"}],"wp:term":[{"taxonomy":"product_brand","embeddable":true,"href":"https:\/\/uj.adatbank.ro\/lexikon\/wp-json\/wp\/v2\/product_brand?post=9137"},{"taxonomy":"product_cat","embeddable":true,"href":"https:\/\/uj.adatbank.ro\/lexikon\/wp-json\/wp\/v2\/product_cat?post=9137"},{"taxonomy":"product_tag","embeddable":true,"href":"https:\/\/uj.adatbank.ro\/lexikon\/wp-json\/wp\/v2\/product_tag?post=9137"}],"curies":[{"name":"wp","href":"https:\/\/api.w.org\/{rel}","templated":true}]}}

<p>? † ? : építész. – Buk.-i építészmérnök (1915–), önálló praxist vezetett Buk.-ben (1933. máj. –). Könyvtárosa volt a Román Műépítészek Testületének. Mv. en több lakóépületet és a Maros megyei Főispáni Közigazgatási Palotát, Vármegyeházat, a jelenlegi Városházat, tervezte és kivitelezte (1936–40). <br /><strong>Irod.:</strong> Ajtay László: Szobor és kupola (Nú., 1991. nov. 15.); Man: Tg. M., 3.; Maros megye; Tg. –Mureș – Mv.</br></p>

<p>? † ? : építész. – Buk.-i építészmérnök (1915–), önálló praxist vezetett Buk.-ben (1933. máj. –). Könyvtárosa volt a Román Műépítészek Testületének. Mv. en több lakóépületet és a Maros megyei Főispáni Közigazgatási Palotát, Vármegyeházat, a jelenlegi Városházat, tervezte és kivitelezte (1936–40). Irod.: Ajtay László: Szobor és kupola (Nú., 1991. nov. 15.); Man: Tg. M., 3.; Maros [&hellip;]</p>
