{"id":9144,"date":"2025-06-29T10:50:24","date_gmt":"2025-06-29T08:50:24","guid":{"rendered":"https:\/\/uj.adatbank.ro\/lexikon\/termek\/groza-titus\/"},"modified":"2025-06-29T10:50:24","modified_gmt":"2025-06-29T08:50:24","slug":"groza-titus","status":"publish","type":"product","link":"https:\/\/uj.adatbank.ro\/lexikon\/termek\/groza-titus\/","title":{"rendered":"GROZA Titus"},"content":{"rendered":"<p>Mv., 1927. m\u00e1j. 29., \u2020 Mv., 1952. szept. 10. \u00fasz\u00f3, orvos. \u2013 G. Victor fia. \u2013 A k\u00f6z\u00e9piskol\u00e1t a Ref. Koll.-ban kezdte \u00e9s a Papiuban L\u00edc.-ban v\u00e9gezte. J\u00f3l tanult \u00e9s sportolt, kiv\u00e1l\u00f3 \u00fasz\u00f3 volt: az els\u0151 mv.-i, aki egy percen bel\u00fcl \u00faszott 100 m.-en. Az orvosi egyetemet Bp.-en kezdte, fels\u0151bb parancsra Moszkv\u00e1ban kellett folytatnia az egyetemet, ott idegileg t\u00f6nkrement, hazaj\u00f6tt \u00e9s a MOGYI-n folytatta tanulm\u00e1nyait. Az usz\u00e1sban a leg\u00e9rt\u00e9kesebb ered\u00e9nyeket \u00e9rte el az orsz\u00e1gban, neve \u00f6tsz\u00f6r ker\u00fclt cs\u00facsd\u00f6nt\u0151k list\u00e1j\u00e1ra. A sport \u00e9rdemes mestere. <br \/><strong>Irod.:<\/strong> Elekes B\u00e9la 1999; [Nekrol\u00f3g] (V. Z.., 1952. szept. 13.); Sipos<\/br><\/p>\n","protected":false},"excerpt":{"rendered":"<p>Mv., 1927. m\u00e1j. 29., \u2020 Mv., 1952. szept. 10. \u00fasz\u00f3, orvos. \u2013 G. Victor fia. \u2013 A k\u00f6z\u00e9piskol\u00e1t a Ref. Koll.-ban kezdte \u00e9s a Papiuban L\u00edc.-ban v\u00e9gezte. J\u00f3l tanult \u00e9s sportolt, kiv\u00e1l\u00f3 \u00fasz\u00f3 volt: az els\u0151 mv.-i, aki egy percen bel\u00fcl \u00faszott 100 m.-en. Az orvosi egyetemet Bp.-en kezdte, fels\u0151bb parancsra Moszkv\u00e1ban kellett folytatnia az [&hellip;]<\/p>\n","protected":false},"featured_media":0,"comment_status":"open","ping_status":"closed","template":"","meta":[],"product_brand":[],"product_cat":[137],"product_tag":[],"class_list":{"0":"post-9144","1":"product","2":"type-product","3":"status-publish","5":"product_cat-maros-megyei-eletrajzi-lexikon","7":"first","8":"instock","9":"shipping-taxable","10":"product-type-simple"},"_links":{"self":[{"href":"https:\/\/uj.adatbank.ro\/lexikon\/wp-json\/wp\/v2\/product\/9144","targetHints":{"allow":["GET"]}}],"collection":[{"href":"https:\/\/uj.adatbank.ro\/lexikon\/wp-json\/wp\/v2\/product"}],"about":[{"href":"https:\/\/uj.adatbank.ro\/lexikon\/wp-json\/wp\/v2\/types\/product"}],"replies":[{"embeddable":true,"href":"https:\/\/uj.adatbank.ro\/lexikon\/wp-json\/wp\/v2\/comments?post=9144"}],"wp:attachment":[{"href":"https:\/\/uj.adatbank.ro\/lexikon\/wp-json\/wp\/v2\/media?parent=9144"}],"wp:term":[{"taxonomy":"product_brand","embeddable":true,"href":"https:\/\/uj.adatbank.ro\/lexikon\/wp-json\/wp\/v2\/product_brand?post=9144"},{"taxonomy":"product_cat","embeddable":true,"href":"https:\/\/uj.adatbank.ro\/lexikon\/wp-json\/wp\/v2\/product_cat?post=9144"},{"taxonomy":"product_tag","embeddable":true,"href":"https:\/\/uj.adatbank.ro\/lexikon\/wp-json\/wp\/v2\/product_tag?post=9144"}],"curies":[{"name":"wp","href":"https:\/\/api.w.org\/{rel}","templated":true}]}}

<p>Mv., 1927. máj. 29., † Mv., 1952. szept. 10. úszó, orvos. – G. Victor fia. – A középiskolát a Ref. Koll.-ban kezdte és a Papiuban Líc.-ban végezte. Jól tanult és sportolt, kiváló úszó volt: az első mv.-i, aki egy percen belül úszott 100 m.-en. Az orvosi egyetemet Bp.-en kezdte, felsőbb parancsra Moszkvában kellett folytatnia az egyetemet, ott idegileg tönkrement, hazajött és a MOGYI-n folytatta tanulmányait. Az uszásban a legértékesebb eredényeket érte el az országban, neve ötször került csúcsdöntők listájára. A sport érdemes mestere. <br /><strong>Irod.:</strong> Elekes Béla 1999; [Nekrológ] (V. Z.., 1952. szept. 13.); Sipos</br></p>

<p>Mv., 1927. máj. 29., † Mv., 1952. szept. 10. úszó, orvos. – G. Victor fia. – A középiskolát a Ref. Koll.-ban kezdte és a Papiuban Líc.-ban végezte. Jól tanult és sportolt, kiváló úszó volt: az első mv.-i, aki egy percen belül úszott 100 m.-en. Az orvosi egyetemet Bp.-en kezdte, felsőbb parancsra Moszkvában kellett folytatnia az [&hellip;]</p>
