{"id":9145,"date":"2025-06-29T10:50:26","date_gmt":"2025-06-29T08:50:26","guid":{"rendered":"https:\/\/uj.adatbank.ro\/lexikon\/termek\/groza-victor\/"},"modified":"2025-06-29T10:50:26","modified_gmt":"2025-06-29T08:50:26","slug":"groza-victor","status":"publish","type":"product","link":"https:\/\/uj.adatbank.ro\/lexikon\/termek\/groza-victor\/","title":{"rendered":"GROZA Victor"},"content":{"rendered":"<p>B\u00e1csi, 1889. m\u00e1rc. 9., \u2020 Mv., 1965. j\u00fal. 3.: orvos, v\u00e1rosi tiszti f\u0151orvos, prefektus. \u2013 G. Adam \u00e9s M\u00e1ria fia. Petru Groza testv\u00e9r\u00f6ccse. N\u0151s, 2 gyermek: Titus, \u00e9s ?. \u2013 D\u00e9va melletti f\u00f6ldbirtokos csal\u00e1db\u00f3l sz\u00e1rmazott. Tanulm\u00e1nyait a sz\u00fcl\u0151faluj\u00e1ban kezdte, Lugoson, Sz\u00e1szv\u00e1roson j\u00e1rt a Ref. Koll.-ban (1897\u2013), mint b\u00e1tyja, majd Brass\u00f3ban az Andrei \u015eaguna L\u00edc.-ban \u00e9retts\u00e9gizett (1907). Az orvosi egyetemi tanulm\u00e1nyait Bp.-en kezdte (1907\u2013), majd B\u00e9csben (1910) v\u00e9gzett k\u00e9t \u00e9vet. Katonai szolg\u00e1latot teljes\u00edtett (1912\u201314), az I. vh.-ban rang n\u00e9lk\u00fcli katonaorvosk\u00e9nt volt Szerbi\u00e1ban, Montenegr\u00f3ban, Alb\u00e1ni\u00e1ban, Maced\u00f3ni\u00e1ban. Hazat\u00e9r\u00e9se (1918) ut\u00e1n r\u00f6vid ideig k\u00f6rorvos Hunyad megy\u00e9ben, majd Mv. -re ker\u00fclt, a megyei bakteriol\u00f3giai laborat\u00f3riumba, minek nemsok\u00e1ra f\u0151orvosa, vezet\u0151je lett, ott dolgozott nyugd\u00edjaz\u00e1s\u00e1ig. Mv. tisztif\u0151orvosa (1930) ideiglenesen. A betegs\u00e9gek megel\u0151z\u00e9s\u00e9nek szakorvosa. A volt marosmegyei Ek\u00e9sfront (Frontul Plugarilor) eln\u00f6ke, hozz\u00e1j\u00e1rult a megy\u00e9nk fejl\u0151d\u00e9s\u00e9hez. A II. vh.-ban orvos volt Beszterc\u00e9n. Megh\u00edvt\u00e1k Maros vm. f\u0151isp\u00e1ni sz\u00e9k\u00e9be a rom\u00e1n \u00e9s szovjet k\u00f6zigazgat\u00e1s idej\u00e9n \u00e9s ut\u00e1na (1944. nov. 14. \u2013 1945. dec.). Visszat\u00e9rt a laborat\u00f3rium\u00e1ba, a Sanepid igazgat\u00f3jak\u00e9nt. A Diana Vad\u00e1szok Egylete eln\u00f6ke (1923\u2013). A Munk\u00e1csy Mih\u00e1ly utca 8 sz. alatt \u00e9p\u00edtett h\u00e1zat (1938). Rendk\u00edv\u00fcli ember volt. 10 nyelvet ismert, teniszezett, \u00faszott, s\u00edzett, m\u0171korcsoly\u00e1zott, tudom\u00e1nynak tekintette a sakkot. Ovits Tibor \u00e9rdemes edz\u0151 13 \u00e9ves kora \u00f3ta teniszezett, korcsoly\u00e1zott vele. Szabad idej\u00e9ben festett v\u00edzfest\u00e9kkel \u00e9s olajjal, rajzolt sz\u00e9nnel. Volt sz\u00f6v\u0151sz\u00e9ke, mint\u00e1s anyagokat sz\u0151tt. Feles\u00e9ge m\u0171velt g\u00f6r. kat. pap le\u00e1nya volt, vele dolgozott a laborat\u00f3riumban. \u2013 Irod: Bartos 2012; Bottoni 2008; Cri\u015fan; Dr. V. G. [Nekrol\u00f3g] (V. Z., 1965. j\u00fal. 4.); Id\u0151t\u00e1r 3; Id\u0151t\u00e1r 4.; Katona Szab\u00f3; Kl\u00f3sz-Tolok\u00e1n; Mv. t\u00f6rt. 2.; Sipos; V\u00e1s\u00e1rhelyi H\u00edrlap, 21. sz., 2007. okt. 1.<\/br><\/p>\n","protected":false},"excerpt":{"rendered":"<p>B\u00e1csi, 1889. m\u00e1rc. 9., \u2020 Mv., 1965. j\u00fal. 3.: orvos, v\u00e1rosi tiszti f\u0151orvos, prefektus. \u2013 G. Adam \u00e9s M\u00e1ria fia. Petru Groza testv\u00e9r\u00f6ccse. N\u0151s, 2 gyermek: Titus, \u00e9s ?. \u2013 D\u00e9va melletti f\u00f6ldbirtokos csal\u00e1db\u00f3l sz\u00e1rmazott. Tanulm\u00e1nyait a sz\u00fcl\u0151faluj\u00e1ban kezdte, Lugoson, Sz\u00e1szv\u00e1roson j\u00e1rt a Ref. Koll.-ban (1897\u2013), mint b\u00e1tyja, majd Brass\u00f3ban az Andrei \u015eaguna L\u00edc.-ban \u00e9retts\u00e9gizett [&hellip;]<\/p>\n","protected":false},"featured_media":0,"comment_status":"open","ping_status":"closed","template":"","meta":[],"product_brand":[],"product_cat":[137],"product_tag":[],"class_list":{"0":"post-9145","1":"product","2":"type-product","3":"status-publish","5":"product_cat-maros-megyei-eletrajzi-lexikon","7":"first","8":"instock","9":"shipping-taxable","10":"product-type-simple"},"_links":{"self":[{"href":"https:\/\/uj.adatbank.ro\/lexikon\/wp-json\/wp\/v2\/product\/9145","targetHints":{"allow":["GET"]}}],"collection":[{"href":"https:\/\/uj.adatbank.ro\/lexikon\/wp-json\/wp\/v2\/product"}],"about":[{"href":"https:\/\/uj.adatbank.ro\/lexikon\/wp-json\/wp\/v2\/types\/product"}],"replies":[{"embeddable":true,"href":"https:\/\/uj.adatbank.ro\/lexikon\/wp-json\/wp\/v2\/comments?post=9145"}],"wp:attachment":[{"href":"https:\/\/uj.adatbank.ro\/lexikon\/wp-json\/wp\/v2\/media?parent=9145"}],"wp:term":[{"taxonomy":"product_brand","embeddable":true,"href":"https:\/\/uj.adatbank.ro\/lexikon\/wp-json\/wp\/v2\/product_brand?post=9145"},{"taxonomy":"product_cat","embeddable":true,"href":"https:\/\/uj.adatbank.ro\/lexikon\/wp-json\/wp\/v2\/product_cat?post=9145"},{"taxonomy":"product_tag","embeddable":true,"href":"https:\/\/uj.adatbank.ro\/lexikon\/wp-json\/wp\/v2\/product_tag?post=9145"}],"curies":[{"name":"wp","href":"https:\/\/api.w.org\/{rel}","templated":true}]}}