{"id":9146,"date":"2025-06-29T10:50:28","date_gmt":"2025-06-29T08:50:28","guid":{"rendered":"https:\/\/uj.adatbank.ro\/lexikon\/termek\/grozescu-ion\/"},"modified":"2025-06-29T10:50:28","modified_gmt":"2025-06-29T08:50:28","slug":"grozescu-ion","status":"publish","type":"product","link":"https:\/\/uj.adatbank.ro\/lexikon\/termek\/grozescu-ion\/","title":{"rendered":"GROZESCU Ion"},"content":{"rendered":"<p>Szamoskend, ? \u2020 Buk., ?: g\u00f6r. kat. pap, tanfel\u00fcgyel\u0151. \u2013 L\u00edc. -ot Bal\u00e1zsfalv\u00e1n, teol\u00f3gi\u00e1t \u00e9s pedag\u00f3gi\u00e1t Szebenben v\u00e9gzett (1855\u201362). Az erd\u00e9lyi g\u00f6r. kat. iskol\u00e1k tanfel\u00fcgyel\u0151je, majd a sz\u00e1szr\u00e9geni tan\u00edt\u00f3k\u00e9pz\u0151 igazgat\u00f3ja volt. Hu\u015fi v\u00e1rosba, v\u00e9g\u00fcl Buk.-ben lelk\u00e9sz (1872\u2013). <br \/><strong>Irod.:<\/strong> Fola<\/br><\/p>\n","protected":false},"excerpt":{"rendered":"<p>Szamoskend, ? \u2020 Buk., ?: g\u00f6r. kat. pap, tanfel\u00fcgyel\u0151. \u2013 L\u00edc. -ot Bal\u00e1zsfalv\u00e1n, teol\u00f3gi\u00e1t \u00e9s pedag\u00f3gi\u00e1t Szebenben v\u00e9gzett (1855\u201362). Az erd\u00e9lyi g\u00f6r. kat. iskol\u00e1k tanfel\u00fcgyel\u0151je, majd a sz\u00e1szr\u00e9geni tan\u00edt\u00f3k\u00e9pz\u0151 igazgat\u00f3ja volt. Hu\u015fi v\u00e1rosba, v\u00e9g\u00fcl Buk.-ben lelk\u00e9sz (1872\u2013). Irod.: Fola<\/p>\n","protected":false},"featured_media":0,"comment_status":"open","ping_status":"closed","template":"","meta":[],"product_brand":[],"product_cat":[137],"product_tag":[],"class_list":{"0":"post-9146","1":"product","2":"type-product","3":"status-publish","5":"product_cat-maros-megyei-eletrajzi-lexikon","7":"first","8":"instock","9":"shipping-taxable","10":"product-type-simple"},"_links":{"self":[{"href":"https:\/\/uj.adatbank.ro\/lexikon\/wp-json\/wp\/v2\/product\/9146","targetHints":{"allow":["GET"]}}],"collection":[{"href":"https:\/\/uj.adatbank.ro\/lexikon\/wp-json\/wp\/v2\/product"}],"about":[{"href":"https:\/\/uj.adatbank.ro\/lexikon\/wp-json\/wp\/v2\/types\/product"}],"replies":[{"embeddable":true,"href":"https:\/\/uj.adatbank.ro\/lexikon\/wp-json\/wp\/v2\/comments?post=9146"}],"wp:attachment":[{"href":"https:\/\/uj.adatbank.ro\/lexikon\/wp-json\/wp\/v2\/media?parent=9146"}],"wp:term":[{"taxonomy":"product_brand","embeddable":true,"href":"https:\/\/uj.adatbank.ro\/lexikon\/wp-json\/wp\/v2\/product_brand?post=9146"},{"taxonomy":"product_cat","embeddable":true,"href":"https:\/\/uj.adatbank.ro\/lexikon\/wp-json\/wp\/v2\/product_cat?post=9146"},{"taxonomy":"product_tag","embeddable":true,"href":"https:\/\/uj.adatbank.ro\/lexikon\/wp-json\/wp\/v2\/product_tag?post=9146"}],"curies":[{"name":"wp","href":"https:\/\/api.w.org\/{rel}","templated":true}]}}