{"id":9150,"date":"2025-06-29T10:50:37","date_gmt":"2025-06-29T08:50:37","guid":{"rendered":"https:\/\/uj.adatbank.ro\/lexikon\/termek\/gruber-mihaly\/"},"modified":"2025-06-29T10:50:37","modified_gmt":"2025-06-29T08:50:37","slug":"gruber-mihaly","status":"publish","type":"product","link":"https:\/\/uj.adatbank.ro\/lexikon\/termek\/gruber-mihaly\/","title":{"rendered":"GRUBER Mih\u00e1ly"},"content":{"rendered":"<p>B\u00e9cs, 1830.? \u2020 Mv., 1887. jan. 19.: tan\u00e1r. \u2013 Feles\u00e9ge: Herz Rebeka. Le\u00e1nyuk: R\u00f3za; nevelt fi\u00fak: Glaser Simon, d\u00e9zsi \u00e1llami polg\u00e1ri iskolai tan\u00e1r. \u2013 Tanulm\u00e1nyait B\u00e9csben v\u00e9gezte, Szamos\u00fajv\u00e1rra helyezt\u00e9k (1860 k.), ahol megn\u0151s\u00fclt, majd megh\u00edvt\u00e1k a mv.-i k\u00f6zs\u00e9gi polg\u00e1ri fi\u00faiskola alap\u00edt\u00e1sakor sz\u00e1mtan tan\u00e1rnak hal\u00e1l\u00e1ig (1868\u201387), a torn\u00e1t is tan\u00edtotta (1879\u2013). Ismert szakember a torn\u00e1szat \u2013 \u00e9s a v\u00edv\u00e1s ter\u00e9n. \u2013 <strong>F. m.:<\/strong> A m\u00e9terrendszer ismertet\u00e9se. (Mv., 187.?). \u2013 Irod: Gy\u00e1szjelent\u0151; Nemes<\/br><\/p>\n","protected":false},"excerpt":{"rendered":"<p>B\u00e9cs, 1830.? \u2020 Mv., 1887. jan. 19.: tan\u00e1r. \u2013 Feles\u00e9ge: Herz Rebeka. Le\u00e1nyuk: R\u00f3za; nevelt fi\u00fak: Glaser Simon, d\u00e9zsi \u00e1llami polg\u00e1ri iskolai tan\u00e1r. \u2013 Tanulm\u00e1nyait B\u00e9csben v\u00e9gezte, Szamos\u00fajv\u00e1rra helyezt\u00e9k (1860 k.), ahol megn\u0151s\u00fclt, majd megh\u00edvt\u00e1k a mv.-i k\u00f6zs\u00e9gi polg\u00e1ri fi\u00faiskola alap\u00edt\u00e1sakor sz\u00e1mtan tan\u00e1rnak hal\u00e1l\u00e1ig (1868\u201387), a torn\u00e1t is tan\u00edtotta (1879\u2013). Ismert szakember a torn\u00e1szat \u2013 [&hellip;]<\/p>\n","protected":false},"featured_media":0,"comment_status":"open","ping_status":"closed","template":"","meta":[],"product_brand":[],"product_cat":[137],"product_tag":[],"class_list":{"0":"post-9150","1":"product","2":"type-product","3":"status-publish","5":"product_cat-maros-megyei-eletrajzi-lexikon","7":"first","8":"instock","9":"shipping-taxable","10":"product-type-simple"},"_links":{"self":[{"href":"https:\/\/uj.adatbank.ro\/lexikon\/wp-json\/wp\/v2\/product\/9150","targetHints":{"allow":["GET"]}}],"collection":[{"href":"https:\/\/uj.adatbank.ro\/lexikon\/wp-json\/wp\/v2\/product"}],"about":[{"href":"https:\/\/uj.adatbank.ro\/lexikon\/wp-json\/wp\/v2\/types\/product"}],"replies":[{"embeddable":true,"href":"https:\/\/uj.adatbank.ro\/lexikon\/wp-json\/wp\/v2\/comments?post=9150"}],"wp:attachment":[{"href":"https:\/\/uj.adatbank.ro\/lexikon\/wp-json\/wp\/v2\/media?parent=9150"}],"wp:term":[{"taxonomy":"product_brand","embeddable":true,"href":"https:\/\/uj.adatbank.ro\/lexikon\/wp-json\/wp\/v2\/product_brand?post=9150"},{"taxonomy":"product_cat","embeddable":true,"href":"https:\/\/uj.adatbank.ro\/lexikon\/wp-json\/wp\/v2\/product_cat?post=9150"},{"taxonomy":"product_tag","embeddable":true,"href":"https:\/\/uj.adatbank.ro\/lexikon\/wp-json\/wp\/v2\/product_tag?post=9150"}],"curies":[{"name":"wp","href":"https:\/\/api.w.org\/{rel}","templated":true}]}}