{"id":9153,"date":"2025-06-29T10:50:45","date_gmt":"2025-06-29T08:50:45","guid":{"rendered":"https:\/\/uj.adatbank.ro\/lexikon\/termek\/gruja-farkas-balint-%c2%a7\/"},"modified":"2025-06-29T10:50:45","modified_gmt":"2025-06-29T08:50:45","slug":"gruja-farkas-balint-%c2%a7","status":"publish","type":"product","link":"https:\/\/uj.adatbank.ro\/lexikon\/termek\/gruja-farkas-balint-%c2%a7\/","title":{"rendered":"GRUJA Farkas B\u00e1lint, \u00a7"},"content":{"rendered":"<p>Tordos, 1908. j\u00fan. 16., \u2020\u00a0Mv., 1994. okt. 2.: ref. lelk\u00e9sz. \u2013 G. Farkas (1875\u20131928) tordosi tan\u00edt\u00f3 \u00e9s Cs\u00edki Ad\u00e9l (1877\u20131960) \u00f3von\u0151 fia. Feles\u00e9ge: Barra Katalin (Ny\u00e1r\u00e1dszentbenedek, 1919. m\u00e1rc. 10. \u2013) k\u00e1ntortan\u00edt\u00f3. Gyermekeik: R\u00e9ka (1940), Zsombor (1941), Szabolcs (1948). \u2013 Nagyenyeden tanult, a ref. teol\u00f3gi\u00e1t Kv.-on v\u00e9gezte (1932). Moreni-helys\u00e9gben szolg\u00e1lt (1933\u201336). A szederjesi, ny\u00e1r\u00e1dszentbenedeki gy\u00fclekezetben szolg\u00e1lt (1936\u201351). Ny\u00e1r\u00e1dszentbenedeken k\u00e9tszer letart\u00f3ztatt\u00e1k, azzal a v\u00e1ddal, hogy akad\u00e1lyozta a kollektiviz\u00e1l\u00e1s kezdeti l\u00e9p\u00e9seit (1946\u201347), Szamos\u00fajv\u00e1ron, majd Nagyenyeden volt el\u0151zetes letart\u00f3ztat\u00e1sban, a k\u00ednz\u00e1sok nyomait eg\u00e9sz \u00e9let\u00e9ben viselte. A ny\u00e1r\u00e1dszentbenedeki lak\u00f3sok tan\u00favallom\u00e1sa alapj\u00e1n engedt\u00e9k szabadon. Olasztelken volt ref. lelk\u00e9sz nyugd\u00edjaz\u00e1s\u00e1ig (1951\u201370). <br \/><strong>Irod.:<\/strong> Cs\u00e1ky; [Nekrol\u00f3g] (N\u00fa., 1994. okt. 4.); Ny\u00e1r\u00e1dszentbenedek<\/br><\/p>\n","protected":false},"excerpt":{"rendered":"<p>Tordos, 1908. j\u00fan. 16., \u2020\u00a0Mv., 1994. okt. 2.: ref. lelk\u00e9sz. \u2013 G. Farkas (1875\u20131928) tordosi tan\u00edt\u00f3 \u00e9s Cs\u00edki Ad\u00e9l (1877\u20131960) \u00f3von\u0151 fia. Feles\u00e9ge: Barra Katalin (Ny\u00e1r\u00e1dszentbenedek, 1919. m\u00e1rc. 10. \u2013) k\u00e1ntortan\u00edt\u00f3. Gyermekeik: R\u00e9ka (1940), Zsombor (1941), Szabolcs (1948). \u2013 Nagyenyeden tanult, a ref. teol\u00f3gi\u00e1t Kv.-on v\u00e9gezte (1932). Moreni-helys\u00e9gben szolg\u00e1lt (1933\u201336). A szederjesi, ny\u00e1r\u00e1dszentbenedeki gy\u00fclekezetben szolg\u00e1lt [&hellip;]<\/p>\n","protected":false},"featured_media":0,"comment_status":"open","ping_status":"closed","template":"","meta":[],"product_brand":[],"product_cat":[137],"product_tag":[],"class_list":{"0":"post-9153","1":"product","2":"type-product","3":"status-publish","5":"product_cat-maros-megyei-eletrajzi-lexikon","7":"first","8":"instock","9":"shipping-taxable","10":"product-type-simple"},"_links":{"self":[{"href":"https:\/\/uj.adatbank.ro\/lexikon\/wp-json\/wp\/v2\/product\/9153","targetHints":{"allow":["GET"]}}],"collection":[{"href":"https:\/\/uj.adatbank.ro\/lexikon\/wp-json\/wp\/v2\/product"}],"about":[{"href":"https:\/\/uj.adatbank.ro\/lexikon\/wp-json\/wp\/v2\/types\/product"}],"replies":[{"embeddable":true,"href":"https:\/\/uj.adatbank.ro\/lexikon\/wp-json\/wp\/v2\/comments?post=9153"}],"wp:attachment":[{"href":"https:\/\/uj.adatbank.ro\/lexikon\/wp-json\/wp\/v2\/media?parent=9153"}],"wp:term":[{"taxonomy":"product_brand","embeddable":true,"href":"https:\/\/uj.adatbank.ro\/lexikon\/wp-json\/wp\/v2\/product_brand?post=9153"},{"taxonomy":"product_cat","embeddable":true,"href":"https:\/\/uj.adatbank.ro\/lexikon\/wp-json\/wp\/v2\/product_cat?post=9153"},{"taxonomy":"product_tag","embeddable":true,"href":"https:\/\/uj.adatbank.ro\/lexikon\/wp-json\/wp\/v2\/product_tag?post=9153"}],"curies":[{"name":"wp","href":"https:\/\/api.w.org\/{rel}","templated":true}]}}

GRUJA Farkas Bálint, §

<p>Tordos, 1908. jún. 16., † Mv., 1994. okt. 2.: ref. lelkész. – G. Farkas (1875–1928) tordosi tanító és Csíki Adél (1877–1960) óvonő fia. Felesége: Barra Katalin (Nyárádszentbenedek, 1919. márc. 10. –) kántortanító. Gyermekeik: Réka (1940), Zsombor (1941), Szabolcs (1948). – Nagyenyeden tanult, a ref. teológiát Kv.-on végezte (1932). Moreni-helységben szolgált (1933–36). A szederjesi, nyárádszentbenedeki gyülekezetben szolgált (1936–51). Nyárádszentbenedeken kétszer letartóztatták, azzal a váddal, hogy akadályozta a kollektivizálás kezdeti lépéseit (1946–47), Szamosújváron, majd Nagyenyeden volt előzetes letartóztatásban, a kínzások nyomait egész életében viselte. A nyárádszentbenedeki lakósok tanúvallomása alapján engedték szabadon. Olasztelken volt ref. lelkész nyugdíjazásáig (1951–70). <br /><strong>Irod.:</strong> Csáky; [Nekrológ] (Nú., 1994. okt. 4.); Nyárádszentbenedek</br></p>

<p>Tordos, 1908. jún. 16., † Mv., 1994. okt. 2.: ref. lelkész. – G. Farkas (1875–1928) tordosi tanító és Csíki Adél (1877–1960) óvonő fia. Felesége: Barra Katalin (Nyárádszentbenedek, 1919. márc. 10. –) kántortanító. Gyermekeik: Réka (1940), Zsombor (1941), Szabolcs (1948). – Nagyenyeden tanult, a ref. teológiát Kv.-on végezte (1932). Moreni-helységben szolgált (1933–36). A szederjesi, nyárádszentbenedeki gyülekezetben szolgált [&hellip;]</p>
