{"id":9158,"date":"2025-06-29T10:50:53","date_gmt":"2025-06-29T08:50:53","guid":{"rendered":"https:\/\/uj.adatbank.ro\/lexikon\/termek\/grun-izsak\/"},"modified":"2025-06-29T10:50:53","modified_gmt":"2025-06-29T08:50:53","slug":"grun-izsak","status":"publish","type":"product","link":"https:\/\/uj.adatbank.ro\/lexikon\/termek\/grun-izsak\/","title":{"rendered":"GR\u00dcN Izs\u00e1k"},"content":{"rendered":"<p>? \u2020\u00a0?: v\u00e1llalkoz\u00f3, keresked\u0151, virilista. \u2013 Gyermekei: Olga dr. Wolf Hermann\u00e9 \u00e9s Adolf. \u2013 Az els\u0151 zsid\u00f3 csal\u00e1dok egyike, akik Mv.-en hosszabb ideje letelepedtek (1850). Mv.-en a v\u00e1rosi kir.-i haszonb\u00e9r \/ reg\u00e1lj\u00f6vedelmek b\u00e9rl\u0151je, \u00e9vi 25 ezer forint\u00f6sszeget fizetett a b\u00e9rlem\u00e9ny\u00e9rt (1872\u201375). Schwartz Mendellel \u00e9s Tischler Hermannal kapt\u00e1k meg a v\u00e1rosi s\u00f6rmonopoliumot (1882\u201387). Megv\u00e1s\u00e1rolta a g\u00f6rg\u00e9nys\u00f3aknai f\u00fcrd\u0151t (1891). Az els\u0151 25 mag\u00e1n t\u00e1vbesz\u00e9l\u0151 el\u0151fizet\u0151 egyike, virilista (1893) \u00e9s virilista (1896). <br \/><strong>Irod.:<\/strong> Gy\u00e1szjelent\u0151; Id\u0151t\u00e1r 2., 5 \/1.; Kusz\u00e1lik\u2013Zal\u00e1nyi<\/br><\/p>\n","protected":false},"excerpt":{"rendered":"<p>? \u2020\u00a0?: v\u00e1llalkoz\u00f3, keresked\u0151, virilista. \u2013 Gyermekei: Olga dr. Wolf Hermann\u00e9 \u00e9s Adolf. \u2013 Az els\u0151 zsid\u00f3 csal\u00e1dok egyike, akik Mv.-en hosszabb ideje letelepedtek (1850). Mv.-en a v\u00e1rosi kir.-i haszonb\u00e9r \/ reg\u00e1lj\u00f6vedelmek b\u00e9rl\u0151je, \u00e9vi 25 ezer forint\u00f6sszeget fizetett a b\u00e9rlem\u00e9ny\u00e9rt (1872\u201375). Schwartz Mendellel \u00e9s Tischler Hermannal kapt\u00e1k meg a v\u00e1rosi s\u00f6rmonopoliumot (1882\u201387). Megv\u00e1s\u00e1rolta a g\u00f6rg\u00e9nys\u00f3aknai [&hellip;]<\/p>\n","protected":false},"featured_media":0,"comment_status":"open","ping_status":"closed","template":"","meta":[],"product_brand":[],"product_cat":[137],"product_tag":[],"class_list":{"0":"post-9158","1":"product","2":"type-product","3":"status-publish","5":"product_cat-maros-megyei-eletrajzi-lexikon","7":"first","8":"instock","9":"shipping-taxable","10":"product-type-simple"},"_links":{"self":[{"href":"https:\/\/uj.adatbank.ro\/lexikon\/wp-json\/wp\/v2\/product\/9158","targetHints":{"allow":["GET"]}}],"collection":[{"href":"https:\/\/uj.adatbank.ro\/lexikon\/wp-json\/wp\/v2\/product"}],"about":[{"href":"https:\/\/uj.adatbank.ro\/lexikon\/wp-json\/wp\/v2\/types\/product"}],"replies":[{"embeddable":true,"href":"https:\/\/uj.adatbank.ro\/lexikon\/wp-json\/wp\/v2\/comments?post=9158"}],"wp:attachment":[{"href":"https:\/\/uj.adatbank.ro\/lexikon\/wp-json\/wp\/v2\/media?parent=9158"}],"wp:term":[{"taxonomy":"product_brand","embeddable":true,"href":"https:\/\/uj.adatbank.ro\/lexikon\/wp-json\/wp\/v2\/product_brand?post=9158"},{"taxonomy":"product_cat","embeddable":true,"href":"https:\/\/uj.adatbank.ro\/lexikon\/wp-json\/wp\/v2\/product_cat?post=9158"},{"taxonomy":"product_tag","embeddable":true,"href":"https:\/\/uj.adatbank.ro\/lexikon\/wp-json\/wp\/v2\/product_tag?post=9158"}],"curies":[{"name":"wp","href":"https:\/\/api.w.org\/{rel}","templated":true}]}}

GRÜN Izsák

<p>? † ?: vállalkozó, kereskedő, virilista. – Gyermekei: Olga dr. Wolf Hermanné és Adolf. – Az első zsidó családok egyike, akik Mv.-en hosszabb ideje letelepedtek (1850). Mv.-en a városi kir.-i haszonbér / regáljövedelmek bérlője, évi 25 ezer forintösszeget fizetett a bérleményért (1872–75). Schwartz Mendellel és Tischler Hermannal kapták meg a városi sörmonopoliumot (1882–87). Megvásárolta a görgénysóaknai fürdőt (1891). Az első 25 magán távbeszélő előfizető egyike, virilista (1893) és virilista (1896). <br /><strong>Irod.:</strong> Gyászjelentő; Időtár 2., 5 /1.; Kuszálik–Zalányi</br></p>

<p>? † ?: vállalkozó, kereskedő, virilista. – Gyermekei: Olga dr. Wolf Hermanné és Adolf. – Az első zsidó családok egyike, akik Mv.-en hosszabb ideje letelepedtek (1850). Mv.-en a városi kir.-i haszonbér / regáljövedelmek bérlője, évi 25 ezer forintösszeget fizetett a bérleményért (1872–75). Schwartz Mendellel és Tischler Hermannal kapták meg a városi sörmonopoliumot (1882–87). Megvásárolta a görgénysóaknai [&hellip;]</p>
