{"id":9160,"date":"2025-06-29T10:50:57","date_gmt":"2025-06-29T08:50:57","guid":{"rendered":"https:\/\/uj.adatbank.ro\/lexikon\/termek\/grun-laszlo-%c2%a7-grun-ladislau\/"},"modified":"2025-06-29T10:50:57","modified_gmt":"2025-06-29T08:50:57","slug":"grun-laszlo-%c2%a7-grun-ladislau","status":"publish","type":"product","link":"https:\/\/uj.adatbank.ro\/lexikon\/termek\/grun-laszlo-%c2%a7-grun-ladislau\/","title":{"rendered":"GR\u00dcN L\u00e1szl\u00f3, \u00a7 Gr\u00fcn Ladislau"},"content":{"rendered":"<p>Sz\u00e1szr\u00e9gen, 1929. nov. 27., \u2020 Mv., 2005. \u00e1pr. 29.: tan\u00e1r, sportol\u00f3, r\u00f6plabda edz\u0151. \u2013 G. B\u00e9la \u00e9s Ir\u00e9n fia. Testv\u00e9re: M\u00e1rta, M\u00e1rmorn\u00e9. Feles\u00e9ge: Rita, gyermekeik: Andr\u00e1s \u00e9s Gabriella. \u2013 Mv. -r\u0151l hurcolt\u00e1k el \u00e9s deport\u00e1lt\u00e1k az Auswitz-Birkenau \u00e9s Kaufering -Dachau l\u00e1gerbe, \u00e9desanyja az els\u0151 \u00e1ldozatok k\u00f6z\u00f6tt volt, az apja \u00e9s n\u0151v\u00e9re is megmenek\u00fcltek. Mv.-en a m\u0171v\u00e9szeti l\u00edc.-ban tanult, kor\u00e1n megszerette a sportot \u00e9s a Vikendtelepen r\u00f6plabd\u00e1zott (1945\u201347). A buk.-i testnevel\u00e9si int\u00e9zetben (ICEF) folytatta tanulm\u00e1nyait (1950\u201354), edz\u0151nek t\u00e9rt vissza Mv. -re, k\u00fcl\u00f6nb\u00f6z\u0151 csapaokat edzett: V\u00f6r\u00f6s Lobog\u00f3, Dinam\u00f3, Sanitarul, Metalotehnica, Elektromaros, az ASA technikai tan\u00e1csad\u00f3ja, a MOGYI testnevel\u00e9si katedr\u00e1j\u00e1nak asszisztense (1965\u201371); testnevel\u0151 tan\u00e1r a Pedag\u00f3giai F\u0151iskol\u00e1n (1970\u2013). Az orsz\u00e1gos r\u00f6plabda-vezet\u0151i test\u00fclet tagja, \u00e9rdemes b\u00edr\u00f3 (1995\u2013), \u00e9rdemes edz\u0151 c\u00edmmel t\u00fcntett\u00e9k ki; a Maros megyei r\u00f6plabdaszakoszt\u00e1ly eln\u00f6ke volt (30 \u00e9vig). Mv. \u2013 Senior (Nagy \u00f6regje) \u00e9s post mortem d\u00edszpolg\u00e1ri c\u00edmet kapott (2005). A mv.-i zsid\u00f3 hitk\u00f6zs\u00e9g vezet\u0151tan\u00e1cs\u00e1nak tagja volt. <br \/><strong>Irod.:<\/strong> B\u0103la\u015f-Kocsis; Bens\u0151s\u00e9ges \u00fcnneps\u00e9g (V. Z., 1986. jan. 14.); Botezan, Gh.: G. L., a r\u00f6plabda mestere (N\u00fa., 2004. j\u00fal. 5.); Facultatea de Farmacie; Mv.-i zsid\u00f3 temet\u0151 dok.; Radio, Almanah<\/br><\/p>\n","protected":false},"excerpt":{"rendered":"<p>Sz\u00e1szr\u00e9gen, 1929. nov. 27., \u2020 Mv., 2005. \u00e1pr. 29.: tan\u00e1r, sportol\u00f3, r\u00f6plabda edz\u0151. \u2013 G. B\u00e9la \u00e9s Ir\u00e9n fia. Testv\u00e9re: M\u00e1rta, M\u00e1rmorn\u00e9. Feles\u00e9ge: Rita, gyermekeik: Andr\u00e1s \u00e9s Gabriella. \u2013 Mv. -r\u0151l hurcolt\u00e1k el \u00e9s deport\u00e1lt\u00e1k az Auswitz-Birkenau \u00e9s Kaufering -Dachau l\u00e1gerbe, \u00e9desanyja az els\u0151 \u00e1ldozatok k\u00f6z\u00f6tt volt, az apja \u00e9s n\u0151v\u00e9re is megmenek\u00fcltek. Mv.-en a [&hellip;]<\/p>\n","protected":false},"featured_media":0,"comment_status":"open","ping_status":"closed","template":"","meta":[],"product_brand":[],"product_cat":[137],"product_tag":[],"class_list":{"0":"post-9160","1":"product","2":"type-product","3":"status-publish","5":"product_cat-maros-megyei-eletrajzi-lexikon","7":"first","8":"instock","9":"shipping-taxable","10":"product-type-simple"},"_links":{"self":[{"href":"https:\/\/uj.adatbank.ro\/lexikon\/wp-json\/wp\/v2\/product\/9160","targetHints":{"allow":["GET"]}}],"collection":[{"href":"https:\/\/uj.adatbank.ro\/lexikon\/wp-json\/wp\/v2\/product"}],"about":[{"href":"https:\/\/uj.adatbank.ro\/lexikon\/wp-json\/wp\/v2\/types\/product"}],"replies":[{"embeddable":true,"href":"https:\/\/uj.adatbank.ro\/lexikon\/wp-json\/wp\/v2\/comments?post=9160"}],"wp:attachment":[{"href":"https:\/\/uj.adatbank.ro\/lexikon\/wp-json\/wp\/v2\/media?parent=9160"}],"wp:term":[{"taxonomy":"product_brand","embeddable":true,"href":"https:\/\/uj.adatbank.ro\/lexikon\/wp-json\/wp\/v2\/product_brand?post=9160"},{"taxonomy":"product_cat","embeddable":true,"href":"https:\/\/uj.adatbank.ro\/lexikon\/wp-json\/wp\/v2\/product_cat?post=9160"},{"taxonomy":"product_tag","embeddable":true,"href":"https:\/\/uj.adatbank.ro\/lexikon\/wp-json\/wp\/v2\/product_tag?post=9160"}],"curies":[{"name":"wp","href":"https:\/\/api.w.org\/{rel}","templated":true}]}}

GRÜN László, § Grün Ladislau

<p>Szászrégen, 1929. nov. 27., † Mv., 2005. ápr. 29.: tanár, sportoló, röplabda edző. – G. Béla és Irén fia. Testvére: Márta, Mármorné. Felesége: Rita, gyermekeik: András és Gabriella. – Mv. -ről hurcolták el és deportálták az Auswitz-Birkenau és Kaufering -Dachau lágerbe, édesanyja az első áldozatok között volt, az apja és nővére is megmenekültek. Mv.-en a művészeti líc.-ban tanult, korán megszerette a sportot és a Vikendtelepen röplabdázott (1945–47). A buk.-i testnevelési intézetben (ICEF) folytatta tanulmányait (1950–54), edzőnek tért vissza Mv. -re, különböző csapaokat edzett: Vörös Lobogó, Dinamó, Sanitarul, Metalotehnica, Elektromaros, az ASA technikai tanácsadója, a MOGYI testnevelési katedrájának asszisztense (1965–71); testnevelő tanár a Pedagógiai Főiskolán (1970–). Az országos röplabda-vezetői testület tagja, érdemes bíró (1995–), érdemes edző címmel tüntették ki; a Maros megyei röplabdaszakosztály elnöke volt (30 évig). Mv. – Senior (Nagy öregje) és post mortem díszpolgári címet kapott (2005). A mv.-i zsidó hitközség vezetőtanácsának tagja volt. <br /><strong>Irod.:</strong> Bălaş-Kocsis; Bensőséges ünnepség (V. Z., 1986. jan. 14.); Botezan, Gh.: G. L., a röplabda mestere (Nú., 2004. júl. 5.); Facultatea de Farmacie; Mv.-i zsidó temető dok.; Radio, Almanah</br></p>

<p>Szászrégen, 1929. nov. 27., † Mv., 2005. ápr. 29.: tanár, sportoló, röplabda edző. – G. Béla és Irén fia. Testvére: Márta, Mármorné. Felesége: Rita, gyermekeik: András és Gabriella. – Mv. -ről hurcolták el és deportálták az Auswitz-Birkenau és Kaufering -Dachau lágerbe, édesanyja az első áldozatok között volt, az apja és nővére is megmenekültek. Mv.-en a [&hellip;]</p>
