{"id":9164,"date":"2025-06-29T10:51:04","date_gmt":"2025-06-29T08:51:04","guid":{"rendered":"https:\/\/uj.adatbank.ro\/lexikon\/termek\/grun-samuel-samu-grunn\/"},"modified":"2025-06-29T10:51:04","modified_gmt":"2025-06-29T08:51:04","slug":"grun-samuel-samu-grunn","status":"publish","type":"product","link":"https:\/\/uj.adatbank.ro\/lexikon\/termek\/grun-samuel-samu-grunn\/","title":{"rendered":"GR\u00dcN S\u00e1muel, Samu Gr\u00fcnn"},"content":{"rendered":"<p>? \u2020 ? : nyomd\u00e1sz, nyomdatulajdonos, \u00fajs\u00e1g\u00edr\u00f3. \u2013 Nyomd\u00e1ja a Minorit\u00e1k h\u00e1z\u00e1ban volt. Az Ellen\u0151r c. f\u00fcggetlen politikai mv.-i \u00fajs\u00e1g szerk.-je, laptulajdonosa \u00e9s kiad\u00f3ja (1912\u201320). A Bern\u00e1dy sajt\u00f3per\u00e9ben a polg\u00e1rmester mellett tan\u00faskodott (1910). \u00d6sszet\u0171z\u00e9se volt a katonai cenzur\u00e1val, a hat\u00f3s\u00e1gok Ia\u0219iba hurcolt\u00e1k \u00e9s t\u00f6bb napig fogva tartott\u00e1k (1919). <br \/><strong>Irod.:<\/strong> Id\u0151t\u00e1r 2., 3., 5 \/1.; Mv. zsid\u00f3s\u00e1ga; \u00d6kr\u00f6s; Popt\u0103ma\u015f\u2013M\u00f3zes<\/br><\/p>\n","protected":false},"excerpt":{"rendered":"<p>? \u2020 ? : nyomd\u00e1sz, nyomdatulajdonos, \u00fajs\u00e1g\u00edr\u00f3. \u2013 Nyomd\u00e1ja a Minorit\u00e1k h\u00e1z\u00e1ban volt. Az Ellen\u0151r c. f\u00fcggetlen politikai mv.-i \u00fajs\u00e1g szerk.-je, laptulajdonosa \u00e9s kiad\u00f3ja (1912\u201320). A Bern\u00e1dy sajt\u00f3per\u00e9ben a polg\u00e1rmester mellett tan\u00faskodott (1910). \u00d6sszet\u0171z\u00e9se volt a katonai cenzur\u00e1val, a hat\u00f3s\u00e1gok Ia\u0219iba hurcolt\u00e1k \u00e9s t\u00f6bb napig fogva tartott\u00e1k (1919). Irod.: Id\u0151t\u00e1r 2., 3., 5 \/1.; Mv. [&hellip;]<\/p>\n","protected":false},"featured_media":0,"comment_status":"open","ping_status":"closed","template":"","meta":[],"product_brand":[],"product_cat":[137],"product_tag":[],"class_list":{"0":"post-9164","1":"product","2":"type-product","3":"status-publish","5":"product_cat-maros-megyei-eletrajzi-lexikon","7":"first","8":"instock","9":"shipping-taxable","10":"product-type-simple"},"_links":{"self":[{"href":"https:\/\/uj.adatbank.ro\/lexikon\/wp-json\/wp\/v2\/product\/9164","targetHints":{"allow":["GET"]}}],"collection":[{"href":"https:\/\/uj.adatbank.ro\/lexikon\/wp-json\/wp\/v2\/product"}],"about":[{"href":"https:\/\/uj.adatbank.ro\/lexikon\/wp-json\/wp\/v2\/types\/product"}],"replies":[{"embeddable":true,"href":"https:\/\/uj.adatbank.ro\/lexikon\/wp-json\/wp\/v2\/comments?post=9164"}],"wp:attachment":[{"href":"https:\/\/uj.adatbank.ro\/lexikon\/wp-json\/wp\/v2\/media?parent=9164"}],"wp:term":[{"taxonomy":"product_brand","embeddable":true,"href":"https:\/\/uj.adatbank.ro\/lexikon\/wp-json\/wp\/v2\/product_brand?post=9164"},{"taxonomy":"product_cat","embeddable":true,"href":"https:\/\/uj.adatbank.ro\/lexikon\/wp-json\/wp\/v2\/product_cat?post=9164"},{"taxonomy":"product_tag","embeddable":true,"href":"https:\/\/uj.adatbank.ro\/lexikon\/wp-json\/wp\/v2\/product_tag?post=9164"}],"curies":[{"name":"wp","href":"https:\/\/api.w.org\/{rel}","templated":true}]}}

GRÜN Sámuel, Samu Grünn

<p>? † ? : nyomdász, nyomdatulajdonos, újságíró. – Nyomdája a Minoriták házában volt. Az Ellenőr c. független politikai mv.-i újság szerk.-je, laptulajdonosa és kiadója (1912–20). A Bernády sajtóperében a polgármester mellett tanúskodott (1910). Összetűzése volt a katonai cenzurával, a hatóságok Iașiba hurcolták és több napig fogva tartották (1919). <br /><strong>Irod.:</strong> Időtár 2., 3., 5 /1.; Mv. zsidósága; Ökrös; Poptămaş–Mózes</br></p>

<p>? † ? : nyomdász, nyomdatulajdonos, újságíró. – Nyomdája a Minoriták házában volt. Az Ellenőr c. független politikai mv.-i újság szerk.-je, laptulajdonosa és kiadója (1912–20). A Bernády sajtóperében a polgármester mellett tanúskodott (1910). Összetűzése volt a katonai cenzurával, a hatóságok Iașiba hurcolták és több napig fogva tartották (1919). Irod.: Időtár 2., 3., 5 /1.; Mv. [&hellip;]</p>
