{"id":9166,"date":"2025-06-29T10:51:10","date_gmt":"2025-06-29T08:51:10","guid":{"rendered":"https:\/\/uj.adatbank.ro\/lexikon\/termek\/grunbaum-szidonia\/"},"modified":"2025-06-29T10:51:10","modified_gmt":"2025-06-29T08:51:10","slug":"grunbaum-szidonia","status":"publish","type":"product","link":"https:\/\/uj.adatbank.ro\/lexikon\/termek\/grunbaum-szidonia\/","title":{"rendered":"GR\u00dcNBAUM Szid\u00f3nia"},"content":{"rendered":"<p>Mv., 1909. \u00e1pr. 6., \u2020 Mv., 1944. m\u00e1j. 29. : gy\u00f3gyszer\u00e9sz \u2013 A mv.-i D\u00e1vid J\u00e1nos Szentl\u00e9lek gy\u00f3gyszert\u00e1rban volt gyakornok (1933\u2013) \u00e9s alkalmazott (1940\u201344). <br \/><strong>Irod.:<\/strong> Mv.-i zsid\u00f3 temet\u0151 dok.; P\u00e9ter H. M.; P\u00e9ter H. M. 2013<\/br><\/p>\n","protected":false},"excerpt":{"rendered":"<p>Mv., 1909. \u00e1pr. 6., \u2020 Mv., 1944. m\u00e1j. 29. : gy\u00f3gyszer\u00e9sz \u2013 A mv.-i D\u00e1vid J\u00e1nos Szentl\u00e9lek gy\u00f3gyszert\u00e1rban volt gyakornok (1933\u2013) \u00e9s alkalmazott (1940\u201344). Irod.: Mv.-i zsid\u00f3 temet\u0151 dok.; P\u00e9ter H. M.; P\u00e9ter H. M. 2013<\/p>\n","protected":false},"featured_media":0,"comment_status":"open","ping_status":"closed","template":"","meta":[],"product_brand":[],"product_cat":[137],"product_tag":[],"class_list":{"0":"post-9166","1":"product","2":"type-product","3":"status-publish","5":"product_cat-maros-megyei-eletrajzi-lexikon","7":"first","8":"instock","9":"shipping-taxable","10":"product-type-simple"},"_links":{"self":[{"href":"https:\/\/uj.adatbank.ro\/lexikon\/wp-json\/wp\/v2\/product\/9166","targetHints":{"allow":["GET"]}}],"collection":[{"href":"https:\/\/uj.adatbank.ro\/lexikon\/wp-json\/wp\/v2\/product"}],"about":[{"href":"https:\/\/uj.adatbank.ro\/lexikon\/wp-json\/wp\/v2\/types\/product"}],"replies":[{"embeddable":true,"href":"https:\/\/uj.adatbank.ro\/lexikon\/wp-json\/wp\/v2\/comments?post=9166"}],"wp:attachment":[{"href":"https:\/\/uj.adatbank.ro\/lexikon\/wp-json\/wp\/v2\/media?parent=9166"}],"wp:term":[{"taxonomy":"product_brand","embeddable":true,"href":"https:\/\/uj.adatbank.ro\/lexikon\/wp-json\/wp\/v2\/product_brand?post=9166"},{"taxonomy":"product_cat","embeddable":true,"href":"https:\/\/uj.adatbank.ro\/lexikon\/wp-json\/wp\/v2\/product_cat?post=9166"},{"taxonomy":"product_tag","embeddable":true,"href":"https:\/\/uj.adatbank.ro\/lexikon\/wp-json\/wp\/v2\/product_tag?post=9166"}],"curies":[{"name":"wp","href":"https:\/\/api.w.org\/{rel}","templated":true}]}}