{"id":9170,"date":"2025-06-29T10:51:18","date_gmt":"2025-06-29T08:51:18","guid":{"rendered":"https:\/\/uj.adatbank.ro\/lexikon\/termek\/grunfeld-marton\/"},"modified":"2025-06-29T10:51:18","modified_gmt":"2025-06-29T08:51:18","slug":"grunfeld-marton","status":"publish","type":"product","link":"https:\/\/uj.adatbank.ro\/lexikon\/termek\/grunfeld-marton\/","title":{"rendered":"GR\u00dcNFELD M\u00e1rton"},"content":{"rendered":"<p>Szil\u00e1gynagyfalu, 1897., \u2020\u00a0Mv., 1959. m\u00e1j. 27.: fakeresked\u0151. \u2013 Szil\u00e1gysomly\u00f3n v\u00e9gezte iskol\u00e1it, majd kereskedelmi p\u00e1ly\u00e1n tanult \u00e9s a faiparban szerzett gyakorlatot. \u00d6n\u00e1ll\u00f3 lett (1927) G\u00f6demesterh\u00e1z\u00e1n. Az els\u0151 vh.-ban az 51. cs. k. ezredben az olasz \u00e9s francia fronton harcolt, majd a Sz\u00e9kely hadoszt\u00e1lyhoz ker\u00fclt, majd a nemzeti hadseregnek volt a tagja (1919), mint tizedes szerelt le a II. o. ez\u00fcst \u00e9s bronz v. \u00e9. \u00e9s a K\u00e1roly Csapatkereszt ki\u00fcntet\u00e9ssel. Az imp\u00e9rium v\u00e1ltoz\u00e1s ut\u00e1n letart\u00f3ztatt\u00e1k. <br \/><strong>Irod.:<\/strong> Mv.-i zsid\u00f3 temet\u0151 dok.; Sz\u00e9kelyf\u00f6ld \u00ed. k<\/br><\/p>\n","protected":false},"excerpt":{"rendered":"<p>Szil\u00e1gynagyfalu, 1897., \u2020\u00a0Mv., 1959. m\u00e1j. 27.: fakeresked\u0151. \u2013 Szil\u00e1gysomly\u00f3n v\u00e9gezte iskol\u00e1it, majd kereskedelmi p\u00e1ly\u00e1n tanult \u00e9s a faiparban szerzett gyakorlatot. \u00d6n\u00e1ll\u00f3 lett (1927) G\u00f6demesterh\u00e1z\u00e1n. Az els\u0151 vh.-ban az 51. cs. k. ezredben az olasz \u00e9s francia fronton harcolt, majd a Sz\u00e9kely hadoszt\u00e1lyhoz ker\u00fclt, majd a nemzeti hadseregnek volt a tagja (1919), mint tizedes szerelt le [&hellip;]<\/p>\n","protected":false},"featured_media":0,"comment_status":"open","ping_status":"closed","template":"","meta":[],"product_brand":[],"product_cat":[137],"product_tag":[],"class_list":{"0":"post-9170","1":"product","2":"type-product","3":"status-publish","5":"product_cat-maros-megyei-eletrajzi-lexikon","7":"first","8":"instock","9":"shipping-taxable","10":"product-type-simple"},"_links":{"self":[{"href":"https:\/\/uj.adatbank.ro\/lexikon\/wp-json\/wp\/v2\/product\/9170","targetHints":{"allow":["GET"]}}],"collection":[{"href":"https:\/\/uj.adatbank.ro\/lexikon\/wp-json\/wp\/v2\/product"}],"about":[{"href":"https:\/\/uj.adatbank.ro\/lexikon\/wp-json\/wp\/v2\/types\/product"}],"replies":[{"embeddable":true,"href":"https:\/\/uj.adatbank.ro\/lexikon\/wp-json\/wp\/v2\/comments?post=9170"}],"wp:attachment":[{"href":"https:\/\/uj.adatbank.ro\/lexikon\/wp-json\/wp\/v2\/media?parent=9170"}],"wp:term":[{"taxonomy":"product_brand","embeddable":true,"href":"https:\/\/uj.adatbank.ro\/lexikon\/wp-json\/wp\/v2\/product_brand?post=9170"},{"taxonomy":"product_cat","embeddable":true,"href":"https:\/\/uj.adatbank.ro\/lexikon\/wp-json\/wp\/v2\/product_cat?post=9170"},{"taxonomy":"product_tag","embeddable":true,"href":"https:\/\/uj.adatbank.ro\/lexikon\/wp-json\/wp\/v2\/product_tag?post=9170"}],"curies":[{"name":"wp","href":"https:\/\/api.w.org\/{rel}","templated":true}]}}

GRÜNFELD Márton

<p>Szilágynagyfalu, 1897., † Mv., 1959. máj. 27.: fakereskedő. – Szilágysomlyón végezte iskoláit, majd kereskedelmi pályán tanult és a faiparban szerzett gyakorlatot. Önálló lett (1927) Gödemesterházán. Az első vh.-ban az 51. cs. k. ezredben az olasz és francia fronton harcolt, majd a Székely hadosztályhoz került, majd a nemzeti hadseregnek volt a tagja (1919), mint tizedes szerelt le a II. o. ezüst és bronz v. é. és a Károly Csapatkereszt kiüntetéssel. Az impérium változás után letartóztatták. <br /><strong>Irod.:</strong> Mv.-i zsidó temető dok.; Székelyföld í. k</br></p>

<p>Szilágynagyfalu, 1897., † Mv., 1959. máj. 27.: fakereskedő. – Szilágysomlyón végezte iskoláit, majd kereskedelmi pályán tanult és a faiparban szerzett gyakorlatot. Önálló lett (1927) Gödemesterházán. Az első vh.-ban az 51. cs. k. ezredben az olasz és francia fronton harcolt, majd a Székely hadosztályhoz került, majd a nemzeti hadseregnek volt a tagja (1919), mint tizedes szerelt le [&hellip;]</p>
