{"id":9171,"date":"2025-06-29T10:51:20","date_gmt":"2025-06-29T08:51:20","guid":{"rendered":"https:\/\/uj.adatbank.ro\/lexikon\/termek\/grungrass-lucas-griengrass-lucas\/"},"modified":"2025-06-29T10:51:20","modified_gmt":"2025-06-29T08:51:20","slug":"grungrass-lucas-griengrass-lucas","status":"publish","type":"product","link":"https:\/\/uj.adatbank.ro\/lexikon\/termek\/grungrass-lucas-griengrass-lucas\/","title":{"rendered":"GR\u00dcNGRASS Lucas, Griengrass Lucas"},"content":{"rendered":"<p>Sz\u00e1szk\u00e9zd, ? \u2020 Pr\u00e1zsm\u00e1r, 1556. szept. 3.: jegyz\u0151, ev. lelk\u00e9sz. \u2013 Jegyz\u0151 volt Brass\u00f3ban (1528\u201350), ahol meg\u00edrta a legr\u00e9gibb sz\u00e1sz kr\u00f3nik\u00e1t, amiben mag\u00e1t sz\u00e1szk\u00e9zdinek tartja (L. G. Kysdensis). Mint jegyz\u0151 r\u00e9szt vett az el\u0151lj\u00e1r\u00f3s\u00e1gi megbesz\u00e9l\u00e9seken, ki\u00e1ll\u00edtott hivatalos \u00fcgyiratokat, sz\u00e1mad\u00e1sokat \u00e9s diplom\u00e1ciai feladatai is voltak, valamint a Gimn. rektora is volt. Pr\u00e1zsm\u00e1r megv\u00e1lasztott lelk\u00e9sze hal\u00e1l\u00e1ig (1551. m\u00e1rc. 15. \u2013). \u2013 <strong>F. m.:<\/strong> Scheda memorialis (Brass\u00f3, 1528). <br \/><strong>Irod.:<\/strong> ?<\/br><\/p>\n","protected":false},"excerpt":{"rendered":"<p>Sz\u00e1szk\u00e9zd, ? \u2020 Pr\u00e1zsm\u00e1r, 1556. szept. 3.: jegyz\u0151, ev. lelk\u00e9sz. \u2013 Jegyz\u0151 volt Brass\u00f3ban (1528\u201350), ahol meg\u00edrta a legr\u00e9gibb sz\u00e1sz kr\u00f3nik\u00e1t, amiben mag\u00e1t sz\u00e1szk\u00e9zdinek tartja (L. G. Kysdensis). Mint jegyz\u0151 r\u00e9szt vett az el\u0151lj\u00e1r\u00f3s\u00e1gi megbesz\u00e9l\u00e9seken, ki\u00e1ll\u00edtott hivatalos \u00fcgyiratokat, sz\u00e1mad\u00e1sokat \u00e9s diplom\u00e1ciai feladatai is voltak, valamint a Gimn. rektora is volt. Pr\u00e1zsm\u00e1r megv\u00e1lasztott lelk\u00e9sze hal\u00e1l\u00e1ig (1551. [&hellip;]<\/p>\n","protected":false},"featured_media":0,"comment_status":"open","ping_status":"closed","template":"","meta":[],"product_brand":[],"product_cat":[137],"product_tag":[],"class_list":{"0":"post-9171","1":"product","2":"type-product","3":"status-publish","5":"product_cat-maros-megyei-eletrajzi-lexikon","7":"first","8":"instock","9":"shipping-taxable","10":"product-type-simple"},"_links":{"self":[{"href":"https:\/\/uj.adatbank.ro\/lexikon\/wp-json\/wp\/v2\/product\/9171","targetHints":{"allow":["GET"]}}],"collection":[{"href":"https:\/\/uj.adatbank.ro\/lexikon\/wp-json\/wp\/v2\/product"}],"about":[{"href":"https:\/\/uj.adatbank.ro\/lexikon\/wp-json\/wp\/v2\/types\/product"}],"replies":[{"embeddable":true,"href":"https:\/\/uj.adatbank.ro\/lexikon\/wp-json\/wp\/v2\/comments?post=9171"}],"wp:attachment":[{"href":"https:\/\/uj.adatbank.ro\/lexikon\/wp-json\/wp\/v2\/media?parent=9171"}],"wp:term":[{"taxonomy":"product_brand","embeddable":true,"href":"https:\/\/uj.adatbank.ro\/lexikon\/wp-json\/wp\/v2\/product_brand?post=9171"},{"taxonomy":"product_cat","embeddable":true,"href":"https:\/\/uj.adatbank.ro\/lexikon\/wp-json\/wp\/v2\/product_cat?post=9171"},{"taxonomy":"product_tag","embeddable":true,"href":"https:\/\/uj.adatbank.ro\/lexikon\/wp-json\/wp\/v2\/product_tag?post=9171"}],"curies":[{"name":"wp","href":"https:\/\/api.w.org\/{rel}","templated":true}]}}

GRÜNGRASS Lucas, Griengrass Lucas

<p>Szászkézd, ? † Prázsmár, 1556. szept. 3.: jegyző, ev. lelkész. – Jegyző volt Brassóban (1528–50), ahol megírta a legrégibb szász krónikát, amiben magát szászkézdinek tartja (L. G. Kysdensis). Mint jegyző részt vett az előljárósági megbeszéléseken, kiállított hivatalos ügyiratokat, számadásokat és diplomáciai feladatai is voltak, valamint a Gimn. rektora is volt. Prázsmár megválasztott lelkésze haláláig (1551. márc. 15. –). – <strong>F. m.:</strong> Scheda memorialis (Brassó, 1528). <br /><strong>Irod.:</strong> ?</br></p>

<p>Szászkézd, ? † Prázsmár, 1556. szept. 3.: jegyző, ev. lelkész. – Jegyző volt Brassóban (1528–50), ahol megírta a legrégibb szász krónikát, amiben magát szászkézdinek tartja (L. G. Kysdensis). Mint jegyző részt vett az előljárósági megbeszéléseken, kiállított hivatalos ügyiratokat, számadásokat és diplomáciai feladatai is voltak, valamint a Gimn. rektora is volt. Prázsmár megválasztott lelkésze haláláig (1551. [&hellip;]</p>
