{"id":9178,"date":"2025-06-29T10:51:35","date_gmt":"2025-06-29T08:51:35","guid":{"rendered":"https:\/\/uj.adatbank.ro\/lexikon\/termek\/gub-antal-m\/"},"modified":"2025-06-29T10:51:35","modified_gmt":"2025-06-29T08:51:35","slug":"gub-antal-m","status":"publish","type":"product","link":"https:\/\/uj.adatbank.ro\/lexikon\/termek\/gub-antal-m\/","title":{"rendered":"GUB Antal M."},"content":{"rendered":"<p>Szov\u00e1ta, 1899., \u2020\u00a0?: f\u0151jegyz\u0151. \u2013 Iskol\u00e1it Szov\u00e1t\u00e1n, Mv.-en v\u00e9gezte, jegyz\u0151i oklevelet Fogarason szerzett (1922). Mint seg\u00e9djegyz\u0151 Szov\u00e1t\u00e1n kezdte m\u0171k\u00f6d\u00e9s\u00e9t, a Szov\u00e1tai Athl\u00e9tikai Club egyik alap\u00edt\u00f3ja (1920), onnan G\u00f6rg\u00e9nyhod\u00e1kra ker\u00fclt, ahol mint f\u0151jegyz\u0151 m\u0171k\u00f6d\u00f6tt, Kolozsnagyid\u00e1ra helyezt\u00e9k (\u20131938), majd Szov\u00e1t\u00e1n dolgozott (1940\u2013). Az els\u0151 vh.-ban a 22. gy. e.-ben az orosz \u00e9s olasz fronton harcolt, k\u00e9tszer sebes\u00fclt, rokkant \u00e9s mint z\u00e1szl\u00f3s szerelt le az I. o. ez\u00fcst vit. \u00e9rem \u00e9s a K\u00e1roly Csapatkereszt kit\u00fcntet\u00e9ssel. A MP \u00f6r\u00f6k\u00f6s tagja, \u00e9s sz\u00e1mos t\u00e1rsadalmi \u00e9s kultur\u00e1lis egyes\u00fclet vezet\u0151s\u00e9gi tagja volt. <br \/><strong>Irod.:<\/strong> Derzsi-Fekete; Sz\u00e9kely F.; Sz\u00e9kelyf\u00f6ld \u00ed. k.<\/br><\/p>\n","protected":false},"excerpt":{"rendered":"<p>Szov\u00e1ta, 1899., \u2020\u00a0?: f\u0151jegyz\u0151. \u2013 Iskol\u00e1it Szov\u00e1t\u00e1n, Mv.-en v\u00e9gezte, jegyz\u0151i oklevelet Fogarason szerzett (1922). Mint seg\u00e9djegyz\u0151 Szov\u00e1t\u00e1n kezdte m\u0171k\u00f6d\u00e9s\u00e9t, a Szov\u00e1tai Athl\u00e9tikai Club egyik alap\u00edt\u00f3ja (1920), onnan G\u00f6rg\u00e9nyhod\u00e1kra ker\u00fclt, ahol mint f\u0151jegyz\u0151 m\u0171k\u00f6d\u00f6tt, Kolozsnagyid\u00e1ra helyezt\u00e9k (\u20131938), majd Szov\u00e1t\u00e1n dolgozott (1940\u2013). Az els\u0151 vh.-ban a 22. gy. e.-ben az orosz \u00e9s olasz fronton harcolt, k\u00e9tszer sebes\u00fclt, [&hellip;]<\/p>\n","protected":false},"featured_media":0,"comment_status":"open","ping_status":"closed","template":"","meta":[],"product_brand":[],"product_cat":[137],"product_tag":[],"class_list":{"0":"post-9178","1":"product","2":"type-product","3":"status-publish","5":"product_cat-maros-megyei-eletrajzi-lexikon","7":"first","8":"instock","9":"shipping-taxable","10":"product-type-simple"},"_links":{"self":[{"href":"https:\/\/uj.adatbank.ro\/lexikon\/wp-json\/wp\/v2\/product\/9178","targetHints":{"allow":["GET"]}}],"collection":[{"href":"https:\/\/uj.adatbank.ro\/lexikon\/wp-json\/wp\/v2\/product"}],"about":[{"href":"https:\/\/uj.adatbank.ro\/lexikon\/wp-json\/wp\/v2\/types\/product"}],"replies":[{"embeddable":true,"href":"https:\/\/uj.adatbank.ro\/lexikon\/wp-json\/wp\/v2\/comments?post=9178"}],"wp:attachment":[{"href":"https:\/\/uj.adatbank.ro\/lexikon\/wp-json\/wp\/v2\/media?parent=9178"}],"wp:term":[{"taxonomy":"product_brand","embeddable":true,"href":"https:\/\/uj.adatbank.ro\/lexikon\/wp-json\/wp\/v2\/product_brand?post=9178"},{"taxonomy":"product_cat","embeddable":true,"href":"https:\/\/uj.adatbank.ro\/lexikon\/wp-json\/wp\/v2\/product_cat?post=9178"},{"taxonomy":"product_tag","embeddable":true,"href":"https:\/\/uj.adatbank.ro\/lexikon\/wp-json\/wp\/v2\/product_tag?post=9178"}],"curies":[{"name":"wp","href":"https:\/\/api.w.org\/{rel}","templated":true}]}}

<p>Szováta, 1899., † ?: főjegyző. – Iskoláit Szovátán, Mv.-en végezte, jegyzői oklevelet Fogarason szerzett (1922). Mint segédjegyző Szovátán kezdte működését, a Szovátai Athlétikai Club egyik alapítója (1920), onnan Görgényhodákra került, ahol mint főjegyző működött, Kolozsnagyidára helyezték (–1938), majd Szovátán dolgozott (1940–). Az első vh.-ban a 22. gy. e.-ben az orosz és olasz fronton harcolt, kétszer sebesült, rokkant és mint zászlós szerelt le az I. o. ezüst vit. érem és a Károly Csapatkereszt kitüntetéssel. A MP örökös tagja, és számos társadalmi és kulturális egyesület vezetőségi tagja volt. <br /><strong>Irod.:</strong> Derzsi-Fekete; Székely F.; Székelyföld í. k.</br></p>

<p>Szováta, 1899., † ?: főjegyző. – Iskoláit Szovátán, Mv.-en végezte, jegyzői oklevelet Fogarason szerzett (1922). Mint segédjegyző Szovátán kezdte működését, a Szovátai Athlétikai Club egyik alapítója (1920), onnan Görgényhodákra került, ahol mint főjegyző működött, Kolozsnagyidára helyezték (–1938), majd Szovátán dolgozott (1940–). Az első vh.-ban a 22. gy. e.-ben az orosz és olasz fronton harcolt, kétszer sebesült, [&hellip;]</p>
