{"id":9179,"date":"2025-06-29T10:51:37","date_gmt":"2025-06-29T08:51:37","guid":{"rendered":"https:\/\/uj.adatbank.ro\/lexikon\/termek\/gub-jeno\/"},"modified":"2025-06-29T10:51:37","modified_gmt":"2025-06-29T08:51:37","slug":"gub-jeno","status":"publish","type":"product","link":"https:\/\/uj.adatbank.ro\/lexikon\/termek\/gub-jeno\/","title":{"rendered":"GUB Jen\u0151"},"content":{"rendered":"<p>Szov\u00e1ta, 1929. m\u00e1rc. 5. \u2020\u00a0Szov\u00e1ta, 2013.: tan\u00e1r. \u2013 G. M\u00e1rkus ref. lelk\u00e9sz \u00e9s M\u00e1ria fia. Feles\u00e9ge: Roz\u00e1lia (1957), le\u00e1nyaik: Enik\u0151 (1961), M\u00e1rta R\u00e9ka (1968). \u2013 A kv.-i BBTE biol\u00f3gia-f\u00f6ldrajz szakon v\u00e9gzett (1960). Szov\u00e1t\u00e1n helyettes tan\u00edt\u00f3 (1950\u201351), Sz\u00e9kesen helyettes tan\u00e1r (1951\u201355), tan\u00e1r \u00e9s iskolaigazgat\u00f3 (1955\u201356). Remet\u00e9n tan\u00e1r (1956\u201364) \u00e9s Szakad\u00e1ton, Szov\u00e1t\u00e1n nyugd\u00edjaz\u00e1s\u00e1ig (1964\u201389). Tov\u00e1bb is tan\u00edtott a szov\u00e1tai lic.-ban \u00e9s a Teleki Oktat\u00e1si K\u00f6zpontban a Tan\u00edt\u00f3k\u00e9pz\u0151 F\u0151iskol\u00e1n (1997). \u2013 <strong>F. m.:<\/strong> Erd\u0151-mez\u0151 n\u00f6v\u00e9nyei a S\u00f3vid\u00e9ken (1996); Erd\u0151-mez\u0151 \u00e1llatai a S\u00f3vid\u00e9ken (1996); S\u00f3vid\u00e9ken (1996); H\u00e1zi\u00e1llataink dics\u00e9rete. S\u00f3vid\u00e9ki etnozool\u00f3gia (1999); Kertek, mez\u0151k termesztett n\u00f6v\u00e9nyek a S\u00f3vid\u00e9ken. S\u00f3vid\u00e9ki etnobotanika (2001); A meleg \u00e9g\u00f6v\u00f6n hideg van (2002); Term\u00e9szetismeret \u00e9s n\u00e9phagyom\u00e1ny a Sz\u00e9kely S\u00f3vid\u00e9ken (2003); \u00dcres kal\u00e1sz fennhordja a fej\u00e9t (2004); A k\u00f6nnyez\u0151 egerek t\u00f6rt\u00e9nete (2004); Szov\u00e1ta turistakalauz (2005); Raps\u00f3n\u00e9 r\u00f3zs\u00e1ja (2005); M\u00f3zsi b\u00e1 s Mari n\u00e9n (2007); Elm\u00falik a bolonds\u00e1gom (2008); F\u00e1jin egy sz\u00e9kely ez a Dani (2008); L\u00e1tt\u00e1l cseresznyef\u00e1n t\u00f6k\u00f6t ? (2008); Vasv\u00e1rt\u00f3l Sporonig (2008). T\u00f6bb mint sz\u00e1z szaktanulm\u00e1ny\u00e1t, dolgozat\u00e1t, cikk\u00e9t k\u00f6z\u00f6lt\u00e9k a szaklapok. I. tan\u00fcgyi fok. (1983), I. d\u00edj a Kriza J\u00e1nos n\u00e9prajzi T\u00e1rsas\u00e1g p\u00e1ly\u00e1zat\u00e1n (1991), I. d\u00edj a M. N\u00e9prajzi M\u00fazeum p\u00e1ly\u00e1zat\u00e1n (1991, 92, 93, 95, 97), II. d\u00edj M. N\u00e9prajzi M\u00fazeum p\u00e1ly\u00e1zat\u00e1n (1994, 96), Ez\u00fcstgyop\u00e9r-d\u00edj (2003) stb. <br \/><strong>Irod.:<\/strong> EMKK 2010; Gub Jen\u0151 (1929\u20132013) eml\u00e9k\u00e9re =Sz\u00e9kely F.<\/br><\/p>\n","protected":false},"excerpt":{"rendered":"<p>Szov\u00e1ta, 1929. m\u00e1rc. 5. \u2020\u00a0Szov\u00e1ta, 2013.: tan\u00e1r. \u2013 G. M\u00e1rkus ref. lelk\u00e9sz \u00e9s M\u00e1ria fia. Feles\u00e9ge: Roz\u00e1lia (1957), le\u00e1nyaik: Enik\u0151 (1961), M\u00e1rta R\u00e9ka (1968). \u2013 A kv.-i BBTE biol\u00f3gia-f\u00f6ldrajz szakon v\u00e9gzett (1960). Szov\u00e1t\u00e1n helyettes tan\u00edt\u00f3 (1950\u201351), Sz\u00e9kesen helyettes tan\u00e1r (1951\u201355), tan\u00e1r \u00e9s iskolaigazgat\u00f3 (1955\u201356). Remet\u00e9n tan\u00e1r (1956\u201364) \u00e9s Szakad\u00e1ton, Szov\u00e1t\u00e1n nyugd\u00edjaz\u00e1s\u00e1ig (1964\u201389). Tov\u00e1bb is tan\u00edtott [&hellip;]<\/p>\n","protected":false},"featured_media":0,"comment_status":"open","ping_status":"closed","template":"","meta":[],"product_brand":[],"product_cat":[137],"product_tag":[],"class_list":{"0":"post-9179","1":"product","2":"type-product","3":"status-publish","5":"product_cat-maros-megyei-eletrajzi-lexikon","7":"first","8":"instock","9":"shipping-taxable","10":"product-type-simple"},"_links":{"self":[{"href":"https:\/\/uj.adatbank.ro\/lexikon\/wp-json\/wp\/v2\/product\/9179","targetHints":{"allow":["GET"]}}],"collection":[{"href":"https:\/\/uj.adatbank.ro\/lexikon\/wp-json\/wp\/v2\/product"}],"about":[{"href":"https:\/\/uj.adatbank.ro\/lexikon\/wp-json\/wp\/v2\/types\/product"}],"replies":[{"embeddable":true,"href":"https:\/\/uj.adatbank.ro\/lexikon\/wp-json\/wp\/v2\/comments?post=9179"}],"wp:attachment":[{"href":"https:\/\/uj.adatbank.ro\/lexikon\/wp-json\/wp\/v2\/media?parent=9179"}],"wp:term":[{"taxonomy":"product_brand","embeddable":true,"href":"https:\/\/uj.adatbank.ro\/lexikon\/wp-json\/wp\/v2\/product_brand?post=9179"},{"taxonomy":"product_cat","embeddable":true,"href":"https:\/\/uj.adatbank.ro\/lexikon\/wp-json\/wp\/v2\/product_cat?post=9179"},{"taxonomy":"product_tag","embeddable":true,"href":"https:\/\/uj.adatbank.ro\/lexikon\/wp-json\/wp\/v2\/product_tag?post=9179"}],"curies":[{"name":"wp","href":"https:\/\/api.w.org\/{rel}","templated":true}]}}

GUB Jenő

<p>Szováta, 1929. márc. 5. † Szováta, 2013.: tanár. – G. Márkus ref. lelkész és Mária fia. Felesége: Rozália (1957), leányaik: Enikő (1961), Márta Réka (1968). – A kv.-i BBTE biológia-földrajz szakon végzett (1960). Szovátán helyettes tanító (1950–51), Székesen helyettes tanár (1951–55), tanár és iskolaigazgató (1955–56). Remetén tanár (1956–64) és Szakadáton, Szovátán nyugdíjazásáig (1964–89). Tovább is tanított a szovátai lic.-ban és a Teleki Oktatási Központban a Tanítóképző Főiskolán (1997). – <strong>F. m.:</strong> Erdő-mező növényei a Sóvidéken (1996); Erdő-mező állatai a Sóvidéken (1996); Sóvidéken (1996); Háziállataink dicsérete. Sóvidéki etnozoológia (1999); Kertek, mezők termesztett növények a Sóvidéken. Sóvidéki etnobotanika (2001); A meleg égövön hideg van (2002); Természetismeret és néphagyomány a Székely Sóvidéken (2003); Üres kalász fennhordja a fejét (2004); A könnyező egerek története (2004); Szováta turistakalauz (2005); Rapsóné rózsája (2005); Mózsi bá s Mari nén (2007); Elmúlik a bolondságom (2008); Fájin egy székely ez a Dani (2008); Láttál cseresznyefán tököt ? (2008); Vasvártól Sporonig (2008). Több mint száz szaktanulmányát, dolgozatát, cikkét közölték a szaklapok. I. tanügyi fok. (1983), I. díj a Kriza János néprajzi Társaság pályázatán (1991), I. díj a M. Néprajzi Múzeum pályázatán (1991, 92, 93, 95, 97), II. díj M. Néprajzi Múzeum pályázatán (1994, 96), Ezüstgyopér-díj (2003) stb. <br /><strong>Irod.:</strong> EMKK 2010; Gub Jenő (1929–2013) emlékére =Székely F.</br></p>

<p>Szováta, 1929. márc. 5. † Szováta, 2013.: tanár. – G. Márkus ref. lelkész és Mária fia. Felesége: Rozália (1957), leányaik: Enikő (1961), Márta Réka (1968). – A kv.-i BBTE biológia-földrajz szakon végzett (1960). Szovátán helyettes tanító (1950–51), Székesen helyettes tanár (1951–55), tanár és iskolaigazgató (1955–56). Remetén tanár (1956–64) és Szakadáton, Szovátán nyugdíjazásáig (1964–89). Tovább is tanított [&hellip;]</p>
