{"id":9182,"date":"2025-06-29T10:51:57","date_gmt":"2025-06-29T08:51:57","guid":{"rendered":"https:\/\/uj.adatbank.ro\/lexikon\/termek\/gudor-gyula\/"},"modified":"2025-06-29T10:51:57","modified_gmt":"2025-06-29T08:51:57","slug":"gudor-gyula","status":"publish","type":"product","link":"https:\/\/uj.adatbank.ro\/lexikon\/termek\/gudor-gyula\/","title":{"rendered":"GUDOR Gyula"},"content":{"rendered":"<p>Maros\u00fajv\u00e1r, 1919. okt. 4., \u2020 Mez\u0151cs\u00e1v\u00e1s, 1997. okt. 11.: tan\u00e1r. \u2013 G. K\u00e1roly iparos \u00e9s Katalin fia. Feles\u00e9ge: Nagy Erzs\u00e9bet k\u00f6nyvt\u00e1ros. \u2013 Nagyenyeden a Bethlen G\u00e1bor Koll. Tan\u00edt\u00f3k\u00e9pz\u0151j\u00e9ben v\u00e9gezte a k\u00f6z\u00e9piskol\u00e1t (1965\u201369), majd Mv.-en a Tan\u00e1rk\u00e9pz\u0151 F\u0151iskol\u00e1n szerzett oklevelet (1971). Tan\u00edtott Maroscsesztv\u00e9n, a ref. elemi iskol\u00e1ban (1939\u201340), katona (1940. dec. \u201343. aug.), tan\u00edt\u00f3 Koronk\u00e1n (1943\u201346), Mez\u0151madarason (1946\u201347), Mez\u0151cs\u00e1v\u00e1son igazgat\u00f3-tan\u00edt\u00f3 (1947\u201371), majd \u00e1lt. iskolai tan\u00e1r (1971\u201379). Szerk. -tette a Kisvackor c. iskolai lapot (1969\u201371). <br \/><strong>Irod.:<\/strong> KKACs; Kusz\u00e1lik; [Nekrol\u00f3g] (N\u00fa., 1997. okt. 14.)<\/br><\/p>\n","protected":false},"excerpt":{"rendered":"<p>Maros\u00fajv\u00e1r, 1919. okt. 4., \u2020 Mez\u0151cs\u00e1v\u00e1s, 1997. okt. 11.: tan\u00e1r. \u2013 G. K\u00e1roly iparos \u00e9s Katalin fia. Feles\u00e9ge: Nagy Erzs\u00e9bet k\u00f6nyvt\u00e1ros. \u2013 Nagyenyeden a Bethlen G\u00e1bor Koll. Tan\u00edt\u00f3k\u00e9pz\u0151j\u00e9ben v\u00e9gezte a k\u00f6z\u00e9piskol\u00e1t (1965\u201369), majd Mv.-en a Tan\u00e1rk\u00e9pz\u0151 F\u0151iskol\u00e1n szerzett oklevelet (1971). Tan\u00edtott Maroscsesztv\u00e9n, a ref. elemi iskol\u00e1ban (1939\u201340), katona (1940. dec. \u201343. aug.), tan\u00edt\u00f3 Koronk\u00e1n (1943\u201346), [&hellip;]<\/p>\n","protected":false},"featured_media":0,"comment_status":"open","ping_status":"closed","template":"","meta":[],"product_brand":[],"product_cat":[137],"product_tag":[],"class_list":{"0":"post-9182","1":"product","2":"type-product","3":"status-publish","5":"product_cat-maros-megyei-eletrajzi-lexikon","7":"first","8":"instock","9":"shipping-taxable","10":"product-type-simple"},"_links":{"self":[{"href":"https:\/\/uj.adatbank.ro\/lexikon\/wp-json\/wp\/v2\/product\/9182","targetHints":{"allow":["GET"]}}],"collection":[{"href":"https:\/\/uj.adatbank.ro\/lexikon\/wp-json\/wp\/v2\/product"}],"about":[{"href":"https:\/\/uj.adatbank.ro\/lexikon\/wp-json\/wp\/v2\/types\/product"}],"replies":[{"embeddable":true,"href":"https:\/\/uj.adatbank.ro\/lexikon\/wp-json\/wp\/v2\/comments?post=9182"}],"wp:attachment":[{"href":"https:\/\/uj.adatbank.ro\/lexikon\/wp-json\/wp\/v2\/media?parent=9182"}],"wp:term":[{"taxonomy":"product_brand","embeddable":true,"href":"https:\/\/uj.adatbank.ro\/lexikon\/wp-json\/wp\/v2\/product_brand?post=9182"},{"taxonomy":"product_cat","embeddable":true,"href":"https:\/\/uj.adatbank.ro\/lexikon\/wp-json\/wp\/v2\/product_cat?post=9182"},{"taxonomy":"product_tag","embeddable":true,"href":"https:\/\/uj.adatbank.ro\/lexikon\/wp-json\/wp\/v2\/product_tag?post=9182"}],"curies":[{"name":"wp","href":"https:\/\/api.w.org\/{rel}","templated":true}]}}

<p>Marosújvár, 1919. okt. 4., † Mezőcsávás, 1997. okt. 11.: tanár. – G. Károly iparos és Katalin fia. Felesége: Nagy Erzsébet könyvtáros. – Nagyenyeden a Bethlen Gábor Koll. Tanítóképzőjében végezte a középiskolát (1965–69), majd Mv.-en a Tanárképző Főiskolán szerzett oklevelet (1971). Tanított Maroscsesztvén, a ref. elemi iskolában (1939–40), katona (1940. dec. –43. aug.), tanító Koronkán (1943–46), Mezőmadarason (1946–47), Mezőcsáváson igazgató-tanító (1947–71), majd ált. iskolai tanár (1971–79). Szerk. -tette a Kisvackor c. iskolai lapot (1969–71). <br /><strong>Irod.:</strong> KKACs; Kuszálik; [Nekrológ] (Nú., 1997. okt. 14.)</br></p>

<p>Marosújvár, 1919. okt. 4., † Mezőcsávás, 1997. okt. 11.: tanár. – G. Károly iparos és Katalin fia. Felesége: Nagy Erzsébet könyvtáros. – Nagyenyeden a Bethlen Gábor Koll. Tanítóképzőjében végezte a középiskolát (1965–69), majd Mv.-en a Tanárképző Főiskolán szerzett oklevelet (1971). Tanított Maroscsesztvén, a ref. elemi iskolában (1939–40), katona (1940. dec. –43. aug.), tanító Koronkán (1943–46), [&hellip;]</p>
