{"id":9184,"date":"2025-06-29T10:52:01","date_gmt":"2025-06-29T08:52:01","guid":{"rendered":"https:\/\/uj.adatbank.ro\/lexikon\/termek\/guga-romulus-%c2%a7\/"},"modified":"2025-06-29T10:52:01","modified_gmt":"2025-06-29T08:52:01","slug":"guga-romulus-%c2%a7","status":"publish","type":"product","link":"https:\/\/uj.adatbank.ro\/lexikon\/termek\/guga-romulus-%c2%a7\/","title":{"rendered":"GUGA Romulus, \u00a7"},"content":{"rendered":"<p>Nagyv\u00e1rad, 1939. j\u00fan. 2., \u2020 Mv., 1983. okt. 17., Buk.-ben elhamvasztott\u00e1k (1983. okt. 21.): \u00edr\u00f3, k\u00f6lt\u0151, szerk. \u2013 A k\u00f6z\u00e9piskol\u00e1t Nagyv\u00e1radon kezdte az \u201eEmanoil Gojdu\u201d L\u00edc.-ban (1846\u201351), majd a \u201eGeorge Bari\u0163iu\u201d L\u00edc.-ban Kv-on folytatta (1951\u201353), Szamos\u00fajv\u00e1ron \u00e9s D\u00e9sen v\u00e9gezte (1957). A kv.-i BBTE filol\u00f3giai kar\u00e1n szerzett diplom\u00e1t (1962). Rom\u00e1n nyelvet \u00e9s irodalmat tan\u00edtott Magyarmacsk\u00e1son (1962\u201363), majd m\u00f3dszertan\u00e1szk\u00e9nt dolgozott a kv.-i Egyetemiek h\u00e1z\u00e1ban (1963\u201367). A mv.-i \u00c1llami Sz\u00ednh\u00e1z irodalmi titk\u00e1ra (1967\u201371); irodalmi referens a Mv. \u00c1llami Sz\u00ednh\u00e1z rom\u00e1n tagozat\u00e1n (1973 \u2013 ), a Vatra c. foly\u00f3irat \u00faj folyam\u00e1nak megalap\u00edt\u00f3ja \u00e9s f\u0151szerk.-je (1971\u201383). \u00c9rdekelte a sz\u00ednh\u00e1z (1962\u2013), meg akarta ismerni, r\u00e9szt vett a pr\u00f3b\u00e1kon, figyelte a rendez\u0151k \u00e9s sz\u00edn\u00e9szek munk\u00e1j\u00e1t. Vallotta, h. nem lehet j\u00f3 dramaturg az, aki soha nem dolgozott sz\u00ednh\u00e1zban. Az RKP Maros megyei Bizotts\u00e1g\u00e1nak volt a tagja (1979\u2013), megyei n\u00e9ptan\u00e1csi k\u00e9pvisel\u0151 (1975\u201380). Verseket m\u00e1r egyetemista kor\u00e1ban \u00edrt \u00e9s k\u00f6z\u00f6lt (1958), ugyanakkor dramaturgiai \u00e9s pr\u00f3zai tev\u00e9kenys\u00e9ge is volt (1960). A Rom\u00e1n \u00cdr\u00f3sz\u00f6vets\u00e9g tagja (1969\u2013), az \u00dajs\u00e1g\u00edr\u00f3 Sz\u00f6vets\u00e9g tagja (1971), bev\u00e1lasztott\u00e1k az \u00cdr\u00f3sz\u00f6vets\u00e9g Vezet\u0151 Tan\u00e1cs\u00e1ba (1976\u2013). Sz\u00ednikritik\u00e1kat k\u00f6z\u00f6lt a Tribuna (1958), verseket a Steaua (1959\u2013) has\u00e1bjain. Munkat\u00e1rsa volt t\u00f6bb lapnak: Steaua, Echinox, Tribuna, Vatra, Rom\u00e2nia literar\u0103, Contemporanul, Familia, Steaua ro\u015fie. Ford\u00edtott a m. \u00e9s n\u00e9met irodalomb\u00f3l. Reg\u00e9nyeit \u00e9s sz\u00edndarabjait leford\u00edtott\u00e1k m., francia, angol \u00e9s n\u00e9met nyelvre. T\u00e1rsadalmi, politikai \u00e9s k\u00f6z\u00e9leti szf\u00e9r\u00e1ban is megnyilv\u00e1nult. Bemutatt\u00e1k t\u00f6bb sz\u00edndarabj\u00e1t: Speran\u0163a nu moare \u00een zori, amelyet televizi\u00f3ra is adapt\u00e1ltak Piatra Neam\u0163ion az \u00cdfj\u00fas\u00e1gi Fesztiv\u00e1l Sz\u00ednh\u00e1zi Nagyd\u00edj\u00e1t nyerte (1973); Noaptea cabotinilor (Ripacsok \u00e9jszak\u00e1ja, 1977) c. darabj\u00e1t a Mv. Nemzeti Sz\u00ednh\u00e1zban mutatt\u00e1k be \u00e9s elnyerte az \u00cdr\u00f3sz\u00f6vets\u00e9g dr\u00e1ma-d\u00edj\u00e1t (1975); Buk.-ben a Teatrul Mic mutatta be az Evul mediu \u00eent\u00e2mpl\u0103tor c\u00edm\u0171t; Amurgul burghez (Egy \u00f6ngy\u00edlkos vil\u00e1ga, 1982) c. darabj\u00e1t Mv. Nemzeti Sz\u00ednh\u00e1z m. tagozata mutatta be \u00e9s elnyerte Temesv\u00e1ron a mai rom\u00e1n dr\u00e1ma feszt\u00edv\u00e1lj\u00e1nak nagy d\u00edj\u00e1t (1983). Sz\u00e1mos kit\u00fcntet\u00e9sben \u00e9s elismer\u00e9sben r\u00e9szes\u00fclt: a Rom\u00e1n \u00cdr\u00f3sz\u00f6vets\u00e9g D\u00edj\u00e1t kapta a Nebunul \u015fi floarea c. reg\u00e9ny\u00e9\u00e9rt (1970); a Speran\u0163a nu moare \u00een zori c. sz\u00ednm\u0171v\u00e9\u00e9rt (1973), Pr\u00e1g\u00e1ban a Nemzetk\u00f6zi Sz\u00ednh\u00e1z \u00e9s Televizi\u00f3 Fesztiv\u00e1lon t\u00f6bb d\u00edjat nyert (1975). Eml\u00e9k\u00e9re Mv.-en megszervezt\u00e9k a \u201eRomulus Guga\u201d nemzeti szimpoziumot (1984-, 1986-, 1988-, 1993-ban); l\u00e9trehozt\u00e1k a \u201eRomulus Guga\u201d M\u0171vel\u0151d\u00e9si Alap\u00edtv\u00e1nyt (1993). Nev\u00e9t ma Mv.-en utca (2004\u2013) \u00e9s iskola viseli. Felavatt\u00e1k Mv.-en a mellszobr\u00e1t (Buhlea Anna-M\u00e1ria alkot\u00e1sa, 2006. jan. 2.). \u2013 <strong>F. m.:<\/strong> B\u0103rci p\u0103r\u0103site (Buc., 1968); Totem (Buc., 1970); Nebunul \u015fi floarea (Cluj, 1970; Tg. M., 1991); Via\u0163a postmortem (Buc., 1972); S\u0103rb\u0103tori fericite (Buc., 1973); Adio Arizona (Cluj, 1974); Paradisul pentru o mie de ani (Buc., 1974); Speran\u0163a nu moare \u00een zori (drama; 1973); Noaptea cabotinilor (1977); Evul mediu \u00eent\u00eempl\u0103tor (Buc., 1980; 1984); Amurgul burghez (1982); Bolond \u00e9s a vir\u00e1g. H\u00e1rom reg\u00e9ny. Hal\u00e1l ut\u00e1ni \u00e9let. \u2013 Kellemes \u00fcnnepeket. (Ford\u00edtotta: Kolozsv\u00e1ri Papp L\u00e1szl\u00f3, Sz\u00e9kedi Ferenc, Buk., 1983); Poezii (Cluj-N., 1986); Un om acuzat de rebeliune (??) <strong>antol\u00f3g.:<\/strong> V\u00e2rste lirice (Cluj, 1964); Manuscis de diminea\u0163a (Cluj, 1965); Pagini mure\u015fene (Tg. M., 1963); Orele \u0163\u0103rii XXV (Tg. M., 1972); Literatur\u0103 \u015fi eveniment (Buc., 1979); Arta poetic\u0103 (Buc., 1983); Kort\u00e1rs rom\u00e1n dr\u00e1m\u00e1k. (A k\u00f6tetet \u00f6ssze\u00e1ll\u00edtotta \u00e9s az \u00e9letrajzi jegyzeteket \u00edrta: Moln\u00e1r Tibor. Buk., 1983), Antologia poeziei rom\u00e2ne\u015fti culte (de la Dosoftei p\u00e2n\u0103 la 1993) (Buc., 1998); <strong>ford.:<\/strong> S\u00fct\u0151 Andr\u00e1s: Un leag\u0103n pe cer. Pagini de jurnal (Buc., 1972, 1974); Becker, Jurek: Jacob mincinosul (Iva Paraschiv-al; Cluj, 1974); Meinck, Willi: Uluitoarele aventuri ale lui Marco Polo 1\u20132. (Ileana Foi\u015foreanu-val; Cluj, 1986). <br \/><strong>Irod.:<\/strong> Cosma; Cristescu, Mariana, B\u0103ciu\u0163, Nicolae: R. G. B\u0103rci \u00een amurg (Tg. M., 2006); DGLR; Domokos 1978; DSR; Fodor Zeno; Fodor Zeno 2012; Gy\u00e1rf\u00e1s 2013; Gy\u00e1rf\u00e1s L. Mikl\u00f3s: R. G. (V. Z., 1980. dec. 28.); Husar; Id\u0151t\u00e1r 4; Jurnalul de Mure\u015f (10. sz., 1995.); M\u00e1th\u00e9 Levente; Ol\u00e1h Tibor: R. G.: V\u00e9letlen k\u00f6z\u00e9pkor (V. Z., 1986. okt. 18.); Ol\u00e1h Tibor: B\u00facs\u00fa R. G. -t\u00f3l [Nekrol\u00f3g] (\u00daj \u00c9let, 21. sz., 1983); R\u00e9thy-\u00dajv\u00e1ri-V\u00e1czy; R. G. [Nekrol\u00f3g] (V. Z., 1983. okt. 21.; 1983. okt. 23.); Sz\u0151cs K\u00e1lm\u00e1n: L\u00e1togat\u00f3ban R. G. -n\u00e1l (V. Z., 1972. febr. 6.); Tompa Z. Mih\u00e1ly: R. G. darabj\u00e1nak \u0151sbemutat\u00f3ja el\u0151tt (V. Z., 1983. febr. 3.)<\/br><\/p>\n","protected":false},"excerpt":{"rendered":"<p>Nagyv\u00e1rad, 1939. j\u00fan. 2., \u2020 Mv., 1983. okt. 17., Buk.-ben elhamvasztott\u00e1k (1983. okt. 21.): \u00edr\u00f3, k\u00f6lt\u0151, szerk. \u2013 A k\u00f6z\u00e9piskol\u00e1t Nagyv\u00e1radon kezdte az \u201eEmanoil Gojdu\u201d L\u00edc.-ban (1846\u201351), majd a \u201eGeorge Bari\u0163iu\u201d L\u00edc.-ban Kv-on folytatta (1951\u201353), Szamos\u00fajv\u00e1ron \u00e9s D\u00e9sen v\u00e9gezte (1957). A kv.-i BBTE filol\u00f3giai kar\u00e1n szerzett diplom\u00e1t (1962). Rom\u00e1n nyelvet \u00e9s irodalmat tan\u00edtott Magyarmacsk\u00e1son (1962\u201363), [&hellip;]<\/p>\n","protected":false},"featured_media":0,"comment_status":"open","ping_status":"closed","template":"","meta":[],"product_brand":[],"product_cat":[137],"product_tag":[],"class_list":{"0":"post-9184","1":"product","2":"type-product","3":"status-publish","5":"product_cat-maros-megyei-eletrajzi-lexikon","7":"first","8":"instock","9":"shipping-taxable","10":"product-type-simple"},"_links":{"self":[{"href":"https:\/\/uj.adatbank.ro\/lexikon\/wp-json\/wp\/v2\/product\/9184","targetHints":{"allow":["GET"]}}],"collection":[{"href":"https:\/\/uj.adatbank.ro\/lexikon\/wp-json\/wp\/v2\/product"}],"about":[{"href":"https:\/\/uj.adatbank.ro\/lexikon\/wp-json\/wp\/v2\/types\/product"}],"replies":[{"embeddable":true,"href":"https:\/\/uj.adatbank.ro\/lexikon\/wp-json\/wp\/v2\/comments?post=9184"}],"wp:attachment":[{"href":"https:\/\/uj.adatbank.ro\/lexikon\/wp-json\/wp\/v2\/media?parent=9184"}],"wp:term":[{"taxonomy":"product_brand","embeddable":true,"href":"https:\/\/uj.adatbank.ro\/lexikon\/wp-json\/wp\/v2\/product_brand?post=9184"},{"taxonomy":"product_cat","embeddable":true,"href":"https:\/\/uj.adatbank.ro\/lexikon\/wp-json\/wp\/v2\/product_cat?post=9184"},{"taxonomy":"product_tag","embeddable":true,"href":"https:\/\/uj.adatbank.ro\/lexikon\/wp-json\/wp\/v2\/product_tag?post=9184"}],"curies":[{"name":"wp","href":"https:\/\/api.w.org\/{rel}","templated":true}]}}

<p>Nagyvárad, 1939. jún. 2., † Mv., 1983. okt. 17., Buk.-ben elhamvasztották (1983. okt. 21.): író, költő, szerk. – A középiskolát Nagyváradon kezdte az „Emanoil Gojdu” Líc.-ban (1846–51), majd a „George Bariţiu” Líc.-ban Kv-on folytatta (1951–53), Szamosújváron és Désen végezte (1957). A kv.-i BBTE filológiai karán szerzett diplomát (1962). Román nyelvet és irodalmat tanított Magyarmacskáson (1962–63), majd módszertanászként dolgozott a kv.-i Egyetemiek házában (1963–67). A mv.-i Állami Színház irodalmi titkára (1967–71); irodalmi referens a Mv. Állami Színház román tagozatán (1973 – ), a Vatra c. folyóirat új folyamának megalapítója és főszerk.-je (1971–83). Érdekelte a színház (1962–), meg akarta ismerni, részt vett a próbákon, figyelte a rendezők és színészek munkáját. Vallotta, h. nem lehet jó dramaturg az, aki soha nem dolgozott színházban. Az RKP Maros megyei Bizottságának volt a tagja (1979–), megyei néptanácsi képviselő (1975–80). Verseket már egyetemista korában írt és közölt (1958), ugyanakkor dramaturgiai és prózai tevékenysége is volt (1960). A Román Írószövetség tagja (1969–), az Újságíró Szövetség tagja (1971), beválasztották az Írószövetség Vezető Tanácsába (1976–). Színikritikákat közölt a Tribuna (1958), verseket a Steaua (1959–) hasábjain. Munkatársa volt több lapnak: Steaua, Echinox, Tribuna, Vatra, România literară, Contemporanul, Familia, Steaua roşie. Fordított a m. és német irodalomból. Regényeit és színdarabjait lefordították m., francia, angol és német nyelvre. Társadalmi, politikai és közéleti szférában is megnyilvánult. Bemutatták több színdarabját: Speranţa nu moare în zori, amelyet televizióra is adaptáltak Piatra Neamţion az Ífjúsági Fesztivál Színházi Nagydíját nyerte (1973); Noaptea cabotinilor (Ripacsok éjszakája, 1977) c. darabját a Mv. Nemzeti Színházban mutatták be és elnyerte az Írószövetség dráma-díját (1975); Buk.-ben a Teatrul Mic mutatta be az Evul mediu întâmplător címűt; Amurgul burghez (Egy öngyílkos világa, 1982) c. darabját Mv. Nemzeti Színház m. tagozata mutatta be és elnyerte Temesváron a mai román dráma fesztíváljának nagy díját (1983). Számos kitüntetésben és elismerésben részesült: a Román Írószövetség Díját kapta a Nebunul şi floarea c. regényéért (1970); a Speranţa nu moare în zori c. színművéért (1973), Prágában a Nemzetközi Színház és Televizió Fesztiválon több díjat nyert (1975). Emlékére Mv.-en megszervezték a „Romulus Guga” nemzeti szimpoziumot (1984-, 1986-, 1988-, 1993-ban); létrehozták a „Romulus Guga” Művelődési Alapítványt (1993). Nevét ma Mv.-en utca (2004–) és iskola viseli. Felavatták Mv.-en a mellszobrát (Buhlea Anna-Mária alkotása, 2006. jan. 2.). – <strong>F. m.:</strong> Bărci părăsite (Buc., 1968); Totem (Buc., 1970); Nebunul şi floarea (Cluj, 1970; Tg. M., 1991); Viaţa postmortem (Buc., 1972); Sărbători fericite (Buc., 1973); Adio Arizona (Cluj, 1974); Paradisul pentru o mie de ani (Buc., 1974); Speranţa nu moare în zori (drama; 1973); Noaptea cabotinilor (1977); Evul mediu întîmplător (Buc., 1980; 1984); Amurgul burghez (1982); Bolond és a virág. Három regény. Halál utáni élet. – Kellemes ünnepeket. (Fordította: Kolozsvári Papp László, Székedi Ferenc, Buk., 1983); Poezii (Cluj-N., 1986); Un om acuzat de rebeliune (??) <strong>antológ.:</strong> Vârste lirice (Cluj, 1964); Manuscis de dimineaţa (Cluj, 1965); Pagini mureşene (Tg. M., 1963); Orele ţării XXV (Tg. M., 1972); Literatură şi eveniment (Buc., 1979); Arta poetică (Buc., 1983); Kortárs román drámák. (A kötetet összeállította és az életrajzi jegyzeteket írta: Molnár Tibor. Buk., 1983), Antologia poeziei româneşti culte (de la Dosoftei până la 1993) (Buc., 1998); <strong>ford.:</strong> Sütő András: Un leagăn pe cer. Pagini de jurnal (Buc., 1972, 1974); Becker, Jurek: Jacob mincinosul (Iva Paraschiv-al; Cluj, 1974); Meinck, Willi: Uluitoarele aventuri ale lui Marco Polo 1–2. (Ileana Foişoreanu-val; Cluj, 1986). <br /><strong>Irod.:</strong> Cosma; Cristescu, Mariana, Băciuţ, Nicolae: R. G. Bărci în amurg (Tg. M., 2006); DGLR; Domokos 1978; DSR; Fodor Zeno; Fodor Zeno 2012; Gyárfás 2013; Gyárfás L. Miklós: R. G. (V. Z., 1980. dec. 28.); Husar; Időtár 4; Jurnalul de Mureş (10. sz., 1995.); Máthé Levente; Oláh Tibor: R. G.: Véletlen középkor (V. Z., 1986. okt. 18.); Oláh Tibor: Búcsú R. G. -tól [Nekrológ] (Új Élet, 21. sz., 1983); Réthy-Újvári-Váczy; R. G. [Nekrológ] (V. Z., 1983. okt. 21.; 1983. okt. 23.); Szőcs Kálmán: Látogatóban R. G. -nál (V. Z., 1972. febr. 6.); Tompa Z. Mihály: R. G. darabjának ősbemutatója előtt (V. Z., 1983. febr. 3.)</br></p>

<p>Nagyvárad, 1939. jún. 2., † Mv., 1983. okt. 17., Buk.-ben elhamvasztották (1983. okt. 21.): író, költő, szerk. – A középiskolát Nagyváradon kezdte az „Emanoil Gojdu” Líc.-ban (1846–51), majd a „George Bariţiu” Líc.-ban Kv-on folytatta (1951–53), Szamosújváron és Désen végezte (1957). A kv.-i BBTE filológiai karán szerzett diplomát (1962). Román nyelvet és irodalmat tanított Magyarmacskáson (1962–63), [&hellip;]</p>
