{"id":9192,"date":"2025-06-29T10:52:16","date_gmt":"2025-06-29T08:52:16","guid":{"rendered":"https:\/\/uj.adatbank.ro\/lexikon\/termek\/gulacsy-iren-%c2%a7-gulyacsi-iren-palffy-jenone-p-gulacsy-iren\/"},"modified":"2025-06-29T10:52:16","modified_gmt":"2025-06-29T08:52:16","slug":"gulacsy-iren-%c2%a7-gulyacsi-iren-palffy-jenone-p-gulacsy-iren","status":"publish","type":"product","link":"https:\/\/uj.adatbank.ro\/lexikon\/termek\/gulacsy-iren-%c2%a7-gulyacsi-iren-palffy-jenone-p-gulacsy-iren\/","title":{"rendered":"GUL\u00c1CSY Ir\u00e9n, \u00a7, Guly\u00e1csi Ir\u00e9n; P\u00e1lffy Jen\u0151n\u00e9, P. Gul\u00e1csy Ir\u00e9n"},"content":{"rendered":"<p>L\u00e1z\u00e1rf\u00f6ldpuszta, 1894. szept. 9., \u2020 Bp., 1945. jan. 2.: \u00edr\u00f3. \u2013 F\u00f6rgeteg c. reg\u00e9nye a mv-i Zord Id\u0151 p\u00e1ly\u00e1zat\u00e1n d\u00edjat nyert (1925). R\u00e9szt vett Mv.-en a Helikon \u00edr\u00f3i t\u00e1rsas\u00e1g bemutatkoz\u00e1s\u00e1n (1927). Nem sokkal f\u00e9rje hal\u00e1la ut\u00e1n, ker\u00fclt sor Mv.-en a KZST-beli sz\u00e9kfoglal\u00f3j\u00e1ra (1928. \u00e1pr. 29.), amelyet M\u00f3ra Ferenccel egyszerre tartott a tisztelet\u00fckre rendezett \u00fcnnepi m\u0171soron. R\u00e9szt vett Bp.-en, a Zeneakad\u00e9mia nagyterm\u00e9ben a Helikon-\u00edr\u00f3k estj\u00e9n is (1928). \u2013 <strong>F. m.:<\/strong> F\u00f6rgeteg (reg., Kv., 1925); Hamues\u0151 (reg., Kv., 1925); Ragyog\u00f3 Kov\u00e1cs Istv\u00e1n: Falusi cs\u00f6nd\u00e9let (Mv., 1925); Fekete v\u00f6leg\u00e9nyek (reg., 1\u20133. k\u00f6t., Bp., 1928); \u00c1tal a Tisz\u00e1n (elb.; Cluj-Kv., 1928), \u00c1tal a Tisz\u00e1n (elb., Cluj-Kv., 1928); Pax vobis (reg., 1\u20133. k\u00f6t.; Bp., 1931); Jezabel (reg., 1\u20133. k\u00f6t.; Bp., 1932, 1942, 1944); A k\u00e1ll\u00f3i kapit\u00e1ny (reg., 1\u20132. k\u00f6t.; Bp., 1934); Nagy Lajos kir\u00e1ly (reg., 1\u20133. k\u00f6t.; Bp., 1937); T\u00f6rt\u00e9nelmi miniat\u0171r\u00f6k (elb.; Bp., 1937); Tegnap \u00e9s r\u00e9gm\u00falt (elb.; Bp., 1939); Erd\u00e9ly jog\u00e1n \u00e9s m\u00e1s dolgok (elb.; Bp., 1940); \u00d6k\u00f6rs\u00fct\u00e9s (nov.; Buk., 1949). <br \/><strong>Irod.:<\/strong> Adamovits; Dsida; Ferenczi 1929; Guly\u00e1s; Gy\u00f6rgy 1927; Id\u0151t\u00e1r 3; KZST1930; Marosi-Helikon; Marosi-KZST; Molter 1, 2.; R\u00e9thy\u2013V\u00e1czy; R\u00daL; T\u00f3th\u2013G\u00e1bor; \u00dcnnepi k\u00f6nyv; Z\u00e1honyi<\/br><\/p>\n","protected":false},"excerpt":{"rendered":"<p>L\u00e1z\u00e1rf\u00f6ldpuszta, 1894. szept. 9., \u2020 Bp., 1945. jan. 2.: \u00edr\u00f3. \u2013 F\u00f6rgeteg c. reg\u00e9nye a mv-i Zord Id\u0151 p\u00e1ly\u00e1zat\u00e1n d\u00edjat nyert (1925). R\u00e9szt vett Mv.-en a Helikon \u00edr\u00f3i t\u00e1rsas\u00e1g bemutatkoz\u00e1s\u00e1n (1927). Nem sokkal f\u00e9rje hal\u00e1la ut\u00e1n, ker\u00fclt sor Mv.-en a KZST-beli sz\u00e9kfoglal\u00f3j\u00e1ra (1928. \u00e1pr. 29.), amelyet M\u00f3ra Ferenccel egyszerre tartott a tisztelet\u00fckre rendezett \u00fcnnepi m\u0171soron. [&hellip;]<\/p>\n","protected":false},"featured_media":0,"comment_status":"open","ping_status":"closed","template":"","meta":[],"product_brand":[],"product_cat":[137],"product_tag":[],"class_list":{"0":"post-9192","1":"product","2":"type-product","3":"status-publish","5":"product_cat-maros-megyei-eletrajzi-lexikon","7":"first","8":"instock","9":"shipping-taxable","10":"product-type-simple"},"_links":{"self":[{"href":"https:\/\/uj.adatbank.ro\/lexikon\/wp-json\/wp\/v2\/product\/9192","targetHints":{"allow":["GET"]}}],"collection":[{"href":"https:\/\/uj.adatbank.ro\/lexikon\/wp-json\/wp\/v2\/product"}],"about":[{"href":"https:\/\/uj.adatbank.ro\/lexikon\/wp-json\/wp\/v2\/types\/product"}],"replies":[{"embeddable":true,"href":"https:\/\/uj.adatbank.ro\/lexikon\/wp-json\/wp\/v2\/comments?post=9192"}],"wp:attachment":[{"href":"https:\/\/uj.adatbank.ro\/lexikon\/wp-json\/wp\/v2\/media?parent=9192"}],"wp:term":[{"taxonomy":"product_brand","embeddable":true,"href":"https:\/\/uj.adatbank.ro\/lexikon\/wp-json\/wp\/v2\/product_brand?post=9192"},{"taxonomy":"product_cat","embeddable":true,"href":"https:\/\/uj.adatbank.ro\/lexikon\/wp-json\/wp\/v2\/product_cat?post=9192"},{"taxonomy":"product_tag","embeddable":true,"href":"https:\/\/uj.adatbank.ro\/lexikon\/wp-json\/wp\/v2\/product_tag?post=9192"}],"curies":[{"name":"wp","href":"https:\/\/api.w.org\/{rel}","templated":true}]}}

GULÁCSY Irén, §, Gulyácsi Irén; Pálffy Jenőné, P. Gulácsy Irén

<p>Lázárföldpuszta, 1894. szept. 9., † Bp., 1945. jan. 2.: író. – Förgeteg c. regénye a mv-i Zord Idő pályázatán díjat nyert (1925). Részt vett Mv.-en a Helikon írói társaság bemutatkozásán (1927). Nem sokkal férje halála után, került sor Mv.-en a KZST-beli székfoglalójára (1928. ápr. 29.), amelyet Móra Ferenccel egyszerre tartott a tiszteletükre rendezett ünnepi műsoron. Részt vett Bp.-en, a Zeneakadémia nagytermében a Helikon-írók estjén is (1928). – <strong>F. m.:</strong> Förgeteg (reg., Kv., 1925); Hamueső (reg., Kv., 1925); Ragyogó Kovács István: Falusi csöndélet (Mv., 1925); Fekete völegények (reg., 1–3. köt., Bp., 1928); Átal a Tiszán (elb.; Cluj-Kv., 1928), Átal a Tiszán (elb., Cluj-Kv., 1928); Pax vobis (reg., 1–3. köt.; Bp., 1931); Jezabel (reg., 1–3. köt.; Bp., 1932, 1942, 1944); A kállói kapitány (reg., 1–2. köt.; Bp., 1934); Nagy Lajos király (reg., 1–3. köt.; Bp., 1937); Történelmi miniatűrök (elb.; Bp., 1937); Tegnap és régmúlt (elb.; Bp., 1939); Erdély jogán és más dolgok (elb.; Bp., 1940); Ökörsütés (nov.; Buk., 1949). <br /><strong>Irod.:</strong> Adamovits; Dsida; Ferenczi 1929; Gulyás; György 1927; Időtár 3; KZST1930; Marosi-Helikon; Marosi-KZST; Molter 1, 2.; Réthy–Váczy; RÚL; Tóth–Gábor; Ünnepi könyv; Záhonyi</br></p>

<p>Lázárföldpuszta, 1894. szept. 9., † Bp., 1945. jan. 2.: író. – Förgeteg c. regénye a mv-i Zord Idő pályázatán díjat nyert (1925). Részt vett Mv.-en a Helikon írói társaság bemutatkozásán (1927). Nem sokkal férje halála után, került sor Mv.-en a KZST-beli székfoglalójára (1928. ápr. 29.), amelyet Móra Ferenccel egyszerre tartott a tiszteletükre rendezett ünnepi műsoron. [&hellip;]</p>
