{"id":9193,"date":"2025-06-29T10:52:19","date_gmt":"2025-06-29T08:52:19","guid":{"rendered":"https:\/\/uj.adatbank.ro\/lexikon\/termek\/gull-jozsef\/"},"modified":"2025-06-29T10:52:19","modified_gmt":"2025-06-29T08:52:19","slug":"gull-jozsef","status":"publish","type":"product","link":"https:\/\/uj.adatbank.ro\/lexikon\/termek\/gull-jozsef\/","title":{"rendered":"GULL J\u00f3zsef"},"content":{"rendered":"<p>Segesv\u00e1r, 1820. dec. 5. \u2020 Segesv\u00e1r, 1899. j\u00fan. 23.: \u00fcgyv\u00e9d, parlamenti k\u00e9pvisel\u0151, polg\u00e1rmester, \u00edr\u00f3. \u2013 A gimn. -ot sz\u00fcl\u0151v\u00e1ros\u00e1ban, a jogot Mv.-en v\u00e9gezte. A mv.-i Kir\u00e1lyi T\u00e1bl\u00e1n\u00e1l majd a nagyszebeni sz\u00e1sz nemzeti egyetemn\u00e9l gyakornok (1844\u2013); Segesv\u00e1r szolg\u00e1lat\u00e1ba l\u00e9p mint tb. titk\u00e1r. R\u00e9szt vesz a kv.-i ogy.-en (1848), mint id. Goss K\u00e1roly helyettese, Teutsch G. D. segesv\u00e1ri k\u00e9pvisel\u0151vel egy\u00fctt mint az uni\u00f3 h\u00edve s megv\u00e1lasztott p\u00f3tk\u00e9pvisel\u0151 a pesti ogy.-en (1848), de a t\u00f6bbi sz\u00e1sz k\u00e9pvisel\u0151vel egyetemben csakhamar otthagyja a parlamentet; Segesv\u00e1ron a cs\u00e1sz\u00e1rh\u0171 polg\u00e1r\u0151rs\u00e9gbe l\u00e9pett, a forradalom lever\u00e9se ut\u00e1n tov\u00e1bb szolg\u00e1lta sz\u00fcl\u0151v\u00e1ros\u00e1t (\u20131851), majd politikai okokb\u00f3l lemondott \u00e9s \u00fcgyv\u00e9di irod\u00e1t nyitott, v\u00e1roskapit\u00e1ny azut\u00e1n polg\u00e1rmester lett (1866\u201381); ogy.-i k\u00e9pvisel\u0151: a segesv\u00e1rvid\u00e9ki (1867\u201369), majd a kereszt\u00e9nyszigeti ker\u00fcletben (1881\u201396) mint a De\u00e1k \u2013 p\u00e1rt, Szabadelv\u0171 P\u00e1rt h\u00edve, majd p\u00e1rtonk\u00edv\u00fclik\u00e9nt; r\u00e9szt vett a nagyszebeni ogy.-en (1863\u201364) \u00e9s az osztr\u00e1k birodalmi gy\u0171l\u00e9sen (1864\u201365). A Teutsch-f\u00e9le Urkundenbuch d. ev. Landeskirche I. k\u00f6t. \u2013ben az \u0151 ford\u00edt\u00e1s\u00e1ban ker\u00fcltek a m. okm\u00e1nyok. <strong>Cikkei:<\/strong> Siebenb\u00fcrg. Dt. Tagebl. <br \/><strong>Irod.:<\/strong> Guly\u00e1s, Mester Mikl\u00f3s: Az auton\u00f3m Erd\u00e9ly \u00e9s a rom\u00e1n nemzetis\u00e9gi k\u00f6vetel\u00e9sek. (P\u00e9cs, 1936); \u00daj orsz\u00e1ggy\u0171l\u00e9si almanach (Bp., 1888)<\/br><\/p>\n","protected":false},"excerpt":{"rendered":"<p>Segesv\u00e1r, 1820. dec. 5. \u2020 Segesv\u00e1r, 1899. j\u00fan. 23.: \u00fcgyv\u00e9d, parlamenti k\u00e9pvisel\u0151, polg\u00e1rmester, \u00edr\u00f3. \u2013 A gimn. -ot sz\u00fcl\u0151v\u00e1ros\u00e1ban, a jogot Mv.-en v\u00e9gezte. A mv.-i Kir\u00e1lyi T\u00e1bl\u00e1n\u00e1l majd a nagyszebeni sz\u00e1sz nemzeti egyetemn\u00e9l gyakornok (1844\u2013); Segesv\u00e1r szolg\u00e1lat\u00e1ba l\u00e9p mint tb. titk\u00e1r. R\u00e9szt vesz a kv.-i ogy.-en (1848), mint id. Goss K\u00e1roly helyettese, Teutsch G. D. [&hellip;]<\/p>\n","protected":false},"featured_media":0,"comment_status":"open","ping_status":"closed","template":"","meta":[],"product_brand":[],"product_cat":[137],"product_tag":[],"class_list":{"0":"post-9193","1":"product","2":"type-product","3":"status-publish","5":"product_cat-maros-megyei-eletrajzi-lexikon","7":"first","8":"instock","9":"shipping-taxable","10":"product-type-simple"},"_links":{"self":[{"href":"https:\/\/uj.adatbank.ro\/lexikon\/wp-json\/wp\/v2\/product\/9193","targetHints":{"allow":["GET"]}}],"collection":[{"href":"https:\/\/uj.adatbank.ro\/lexikon\/wp-json\/wp\/v2\/product"}],"about":[{"href":"https:\/\/uj.adatbank.ro\/lexikon\/wp-json\/wp\/v2\/types\/product"}],"replies":[{"embeddable":true,"href":"https:\/\/uj.adatbank.ro\/lexikon\/wp-json\/wp\/v2\/comments?post=9193"}],"wp:attachment":[{"href":"https:\/\/uj.adatbank.ro\/lexikon\/wp-json\/wp\/v2\/media?parent=9193"}],"wp:term":[{"taxonomy":"product_brand","embeddable":true,"href":"https:\/\/uj.adatbank.ro\/lexikon\/wp-json\/wp\/v2\/product_brand?post=9193"},{"taxonomy":"product_cat","embeddable":true,"href":"https:\/\/uj.adatbank.ro\/lexikon\/wp-json\/wp\/v2\/product_cat?post=9193"},{"taxonomy":"product_tag","embeddable":true,"href":"https:\/\/uj.adatbank.ro\/lexikon\/wp-json\/wp\/v2\/product_tag?post=9193"}],"curies":[{"name":"wp","href":"https:\/\/api.w.org\/{rel}","templated":true}]}}

GULL József

<p>Segesvár, 1820. dec. 5. † Segesvár, 1899. jún. 23.: ügyvéd, parlamenti képviselő, polgármester, író. – A gimn. -ot szülővárosában, a jogot Mv.-en végezte. A mv.-i Királyi Táblánál majd a nagyszebeni szász nemzeti egyetemnél gyakornok (1844–); Segesvár szolgálatába lép mint tb. titkár. Részt vesz a kv.-i ogy.-en (1848), mint id. Goss Károly helyettese, Teutsch G. D. segesvári képviselővel együtt mint az unió híve s megválasztott pótképviselő a pesti ogy.-en (1848), de a többi szász képviselővel egyetemben csakhamar otthagyja a parlamentet; Segesváron a császárhű polgárőrségbe lépett, a forradalom leverése után tovább szolgálta szülővárosát (–1851), majd politikai okokból lemondott és ügyvédi irodát nyitott, városkapitány azután polgármester lett (1866–81); ogy.-i képviselő: a segesvárvidéki (1867–69), majd a keresztényszigeti kerületben (1881–96) mint a Deák – párt, Szabadelvű Párt híve, majd pártonkívüliként; részt vett a nagyszebeni ogy.-en (1863–64) és az osztrák birodalmi gyűlésen (1864–65). A Teutsch-féle Urkundenbuch d. ev. Landeskirche I. köt. –ben az ő fordításában kerültek a m. okmányok. <strong>Cikkei:</strong> Siebenbürg. Dt. Tagebl. <br /><strong>Irod.:</strong> Gulyás, Mester Miklós: Az autonóm Erdély és a román nemzetiségi követelések. (Pécs, 1936); Új országgyűlési almanach (Bp., 1888)</br></p>

<p>Segesvár, 1820. dec. 5. † Segesvár, 1899. jún. 23.: ügyvéd, parlamenti képviselő, polgármester, író. – A gimn. -ot szülővárosában, a jogot Mv.-en végezte. A mv.-i Királyi Táblánál majd a nagyszebeni szász nemzeti egyetemnél gyakornok (1844–); Segesvár szolgálatába lép mint tb. titkár. Részt vesz a kv.-i ogy.-en (1848), mint id. Goss Károly helyettese, Teutsch G. D. [&hellip;]</p>
