{"id":9195,"date":"2025-06-29T10:52:25","date_gmt":"2025-06-29T08:52:25","guid":{"rendered":"https:\/\/uj.adatbank.ro\/lexikon\/termek\/gulyas-karoly-%c2%a7\/"},"modified":"2025-06-29T10:52:25","modified_gmt":"2025-06-29T08:52:25","slug":"gulyas-karoly-%c2%a7","status":"publish","type":"product","link":"https:\/\/uj.adatbank.ro\/lexikon\/termek\/gulyas-karoly-%c2%a7\/","title":{"rendered":"GULY\u00c1S K\u00e1roly, \u00a7"},"content":{"rendered":"<p>Debrecen, 1873. dec. 15., \u2020 D\u00e9vav\u00e1nya, 1948. jan. 26.: tan\u00e1r, \u00edr\u00f3, k\u00f6nyvt\u00e1ros, fest\u0151m\u0171v\u00e9sz. \u2013 K\u00f6z\u00e9piskolai tanulm\u00e1nyait a ref. koll.-ban v\u00e9gezte, ott \u00e9retts\u00e9gizett (1891); rajztan\u00e1ri oklevel\u00e9t Bp.-en a Mintarajziskol\u00e1ban szerezte (1896). P\u00e1ly\u00e1j\u00e1t a kis\u00fajsz\u00e1ll\u00e1si ref. gimn. -n\u00e1l kezdte (1896\u20131901), ahol r\u00f6vid ideig tan\u00edtotta M\u00f3ricz Zsigmondot is, akivel bar\u00e1ti kapcsolatban maradtak k\u00e9s\u00f6bb is \u00e9s aki mv.-i l\u00e1togat\u00e1sai alkalm\u00e1val mindig megl\u00e1togatta volt tan\u00e1r\u00e1t, val\u00f3sz\u00edn\u0171 a Forr a bor c. reg\u00e9ny\u00e9ben Csord\u00e1s tan\u00e1r\u00e1t r\u00f3la mint\u00e1zta. Nagyv\u00e1radon katonai szolg\u00e1lat\u00e1t t\u00f6lt\u00f6tte (1897\u201398). A mv.-i Ref. Koll.-hoz ker\u00fclt tan\u00e1rnak (1902\u201335. okt.), ahol rajzot \u00e9s sz\u00e9p\u00edr\u00e1st, m\u00e9rtani rajzot, m. nyelvet \u00e9s mennyis\u00e9gtant tan\u00edtott. A koll. k\u00f6nyvt\u00e1r\u00e1nak \u0151re (1912. aug. \u2013 14. aug.) \u00e9s a k\u00e9t Bolyai hagyat\u00e9k\u00e1nak gondoz\u00f3ja, a m\u00fazeum megalak\u00edt\u00e1sa el\u0151tt. A Koll. k\u00f6nyvt\u00e1r\u00e1ban a Bolyai hagyat\u00e9kban megtal\u00e1lta Bolyai Farkas rajzait, festm\u00e9nyeit (1913). R\u00e9szt vett az I. vh.-ban (1914\u201318), a 22 h. gy. e. -el a szerb fronton harcolt, f\u0151hadnagyk\u00e9nt a K\u00e1roly Csapatkereszt kit\u00fcntet\u00e9ssel szerelt le. Fest\u0151 \u2013 \u00e9s rajztanfolyamot ind\u00edtott (1919). Visszat\u00e9rt a tan\u00e1ri katedr\u00e1j\u00e1hoz nyugalombavonul\u00e1s\u00e1ig (\u20131935. okt.), \u00f6sszesen 39 \u00e9vet tan\u00edtott. Az \u00e1ltala felfedezett tehets\u00e9ges tan\u00edtv\u00e1nyai: D\u00f3sa G\u00e9za, Vida \u00c1rp\u00e1d, Bordy Andr\u00e1s, Dab\u00f3czy Mih\u00e1ly \u00e9s J\u00f3zsef, M\u00e1ty\u00e1s Andr\u00e1s, Sipos L\u00e1szl\u00f3, Barcsay Jen\u0151, V\u00e1s\u00e1rhelyi Z. Emil, Andr\u00e1ssy Zolt\u00e1n, m\u00e9g Medgyessy Ferenc szobr\u00e1szt is ir\u00e1ny\u00edtotta. \u00c9vr\u0151l-\u00e9vre ki\u00e1ll\u00edt\u00e1s keret\u00e9ben mutatta be tan\u00edtv\u00e1nyainak munk\u00e1it. R\u00e9szt vett a Bolyaiak exhum\u00e1l\u00e1s\u00e1n (1911. j\u00fan. 7). A Teleki T\u00e9ka k\u00f6nyvt\u00e1rosa (1907. nov. 10. \u2013 1942. m\u00e1j. 1.), a T\u00e9ka \u00e9p\u00fcletben volt a szolg\u00e1lati lak\u00e1sa is. Teleki K\u00e1roly rombol\u00f3 gondnoks\u00e1ga ut\u00e1n Teleki Domokos foglalkozott a T\u00e9ka \u00fcgyeivel (1935\u2013), \u00fatm\u00fatat\u00e1sai alapj\u00e1n jav\u00edtott\u00e1k az \u00e9p\u00fcletet: a tet\u0151t, \u00faj k\u00e9m\u00e9nyeket \u00e1ll\u00edtottak, p\u00e1nc\u00e9lszekr\u00e9nyt, t\u00e1rl\u00f3kat v\u00e1s\u00e1roltak. Ebben az id\u0151ben dr. Bir\u00f3 J\u00f3zseffel, majd Nemess K\u00e1rollyal elv\u00e9gezt\u00e9k a k\u00f6nyvt\u00e1r \u00e1ltal\u00e1nos nagy ellen\u0151rz\u00e9s\u00e9t (1936), \u00f6ssze\u00e1ll\u00edtotta a Teleki K\u00e1roly \u00fatj\u00e1n elveszett k\u00f6nyvek \u00e9s k\u00e9ziratok list\u00e1j\u00e1t. Teleki Domokossal \u00e9s Nemes K\u00e1rollyal kiv\u00e1logatt\u00e1k \u00e9s p\u00e1nc\u00e9lszekr\u00e9nybe helyezt\u00e9k a legnagyobb k\u00f6nyvt\u00e1ri \u00e9rt\u00e9keket. A k\u00f6nyvt\u00e1ralap\u00edt\u00f3 Teleki S\u00e1muelr\u0151l \u00edrt nagyobb l\u00e9legzet\u0171 tanulm\u00e1nyt, el\u0151k\u00e9sz\u00edtette a Teleki S\u00e1muel eml\u00e9kki\u00e1ll\u00edt\u00e1s anyag\u00e1t, ami a M. Nemzeti M\u00fazeum d\u00edszterm\u00e9ben ny\u00edlt meg a kancell\u00e1r sz\u00fclet\u00e9s\u00e9nek 200. \u00e9vfordul\u00f3j\u00e1ra (1939. nov. 17.). Nyugalomba vonul\u00e1sa ut\u00e1n Magyaro.-ra k\u00f6lt\u00f6z\u00f6tt (1942). T\u00f6bb cikkben \u00e9s tanulm\u00e1nyban n\u00e9pszer\u0171s\u00edtette \u00e9s mutatta be a Teleki T\u00e9k\u00e1t \u00e9s \u0151 volt Teleki S\u00e1muel kultusz\u00e1nak elind\u00edt\u00f3ja is. A bp.-i Mahematikai \u00e9s Physikai Lapokban ismertette Bolyai Farkas zen\u00e9szeti dolgozatait \u00e9s Teleki S\u00e1muel levelez\u00e9s\u00e9t k\u00fclf\u00f6ldi matematikusokkal; kiadta F\u00f6ldi J\u00e1nos m. grammatik\u00e1ja-t (Bp., 1912), a Teleki t\u00e9k\u00e1ban \u0151rz\u00f6tt k\u00e9zirat alapj\u00e1n. Nev\u00e9hez f\u0171z\u0151dik a T\u00e9ka k\u00e9ziratos k\u00f6nyvei k\u00f6z\u00f6tt felfigyelt Lencs\u00e9s Gy\u00f6rgynek tulajdon\u00edtott 16. sz.-i orvosi k\u00f6nyvre az Ars Medicara. Illusztr\u00e1lt mese \u00e9s m\u00e1s k\u00f6nyveket, valamint a kv.-i P\u00e1sztort\u0171z c. foly\u00f3iratot \u00e9s Benedek Elek Cimbora c. gyermeklapj\u00e1t (1920\u201329). Mv.-en k\u00e9pz\u0151m\u0171v\u00e9szeti t\u00e1rlatokon \u00e1ll\u00edtott ki (1920, 1921). Fell\u00e9pett a KZST \u00f6sszej\u00f6vetelein. Cikkei \u00e9s adatk\u00f6zl\u00e9sei: Itk, Ref. Szemle, Term\u00e9szettudom\u00e1nyi K\u00f6zlem\u00e9nyek, Matematikai \u00e9s Fizikai Lapok, Ur\u00e1nia, M. Ny., M. K\u00f6nyvt\u00e1ri Szemle, Bp. H\u00edrlap, P\u00e1sztort\u0171z, Vas\u00e1rnap, M\u0171v\u00e9szet, a KZST eml\u00e9kk\u00f6nyve, Erd\u00e9lyi Szemle, Ifj\u00fa Erd\u00e9ly, Marosmenti \u00c9let, Zord Id\u0151, Sz\u00e9kelyf\u00f6ld, T\u00fck\u00f6r, Vas\u00e1rnapi \u00dajs\u00e1g, Sz\u00ednh\u00e1zi Vil\u00e1g, Ellenz\u00e9k, Sz\u00e9kely Napl\u00f3. A KZST (1914\u2013), a Mathematikai \u00e9s Physikai T\u00e1rsulat (1915\u2013), ESZC, a M. K\u00f6nyvt\u00e1rosok \u00e9s Lev\u00e9lt\u00e1rosok Egyes\u00fclet\u00e9nek t. (1943\u2013) tagja. \u2013 <strong>F. m.:<\/strong> F\u00f6ldi J\u00e1nos magyar Bolyai Farkas zen\u00e9szeti dolgozatai (Bp., 1914); Bagoly Bandi lakodalma: Mad\u00e1rmese n\u00e9gy r\u00e9szben (saj\u00e1t rajzaival; verses gyermek reg; Tg-M., 1922); Utmutat\u00f3 a n\u00f6vend\u00e9keinek 1902. \u2013 1930. \u00e9vi ki\u00e1ll\u00edt\u00e1s\u00e1n\u2026 (Tg. M., 1930.); Az ismeretlen gr\u00f3f Teleki S\u00e1muel (Bp., 1944); <strong>antol\u00f3g.:<\/strong> Teleki S\u00e1muel Marosv\u00e1s\u00e1rhelyi k\u00f6nyvt\u00e1ralap\u00edt\u00e1sa = Eml\u00e9kk\u00f6nyv a Sz\u00e9kely Nemzeti M\u00fazeum \u00f6tven\u00e9ves jubileum\u00e1n (Sepsiszentgy\u00f6rgy, 1929); Halkul\u00f3 sz\u00f3lamok \u00e9p\u00edt\u00e9szet\u00fcnkben: Mv. igaz\u00e1n sz\u00e9p \u00e9p\u00fcletei k\u00f6r\u00fcl = \u00dcnnepi k\u00f6nyv; : KZST (Mv., 1930); Sz\u00e9kelyf\u00f6ld \u00edr\u00e1sban \u00e9s k\u00e9pben (Bp., 1941); Zord Id\u0151 antol\u00f3gia (Mv., 1998); <strong>szerk.:<\/strong> a Teleki T\u00e9k\u00e1ban \u0151rz\u00f6tt k\u00e9zirat alapj\u00e1n F\u00f6ldi J\u00e1nos 1789-es nyelvtank\u00f6nyv\u00e9nek els\u0151 fele: F\u00f6ldi J\u00e1nos m. grammatik\u00e1ja (Bp., 1912); Teleki S\u00e1muel levelez\u00e9se k\u00fclf\u00f6ldi mathematikusokkal. (Kiad.; Bp., 1912). <br \/><strong>Irod.:<\/strong> 20. sz.-i k\u00e9pz\u0151m\u0171v\u00e9szet; Banner; B\u00e1nyai R\u00e9ka: G. K. [k\u00e9zirat]; B\u00e1nyai R\u00e9ka: Egy k\u00f6nyvt\u00e1r mindennapjai = K\u00f6nyvek \u00e1ltal \u2026; B\u00e1nyai R\u00e9ka: K\u00f6t\u00e9lt\u00e1nc a k\u00f6nyv \u00e9s a k\u00e9p k\u00f6z\u00f6tt = P\u00e1l-Antal \u2013 Simon 2011; De\u00e9; EM; Erd\u00e9lyi ezredek; Guly\u00e1s; Gy\u00f6rgy 1926; Id\u0151t\u00e1r 2, Id\u0151t\u00e1r 3; Kiss P\u00e1l: Eml\u00e9kbesz\u00e9dek (Mv., 1942); Kiss P\u00e1l: Mv. t\u00f6rt\u00e9nete (Mv., 1942); KZST1930; L\u00e1z\u00e1r Szini Karola: \u201e\u00c9rdemes a sz\u00f3ra\u201d. G. K. eml\u00e9k\u00e9re (\u00daj \u00c9let, 14. sz. 1983); L\u00e1z\u00e1r Sz\u00edni Karola: \u201eAkik el\u0151tt\u00fcnk j\u00e1rtak\u201d: G. K. (1873\u20131948) a k\u00f6nyvt\u00e1ros (N\u00fa., M\u00fazsa, 148. sz., 1994. m\u00e1j. 20.); Libraria (5., 2006); Marosi P\u00e9ter: G. K. hal\u00e1l\u00e1ra (Szabad Sz\u00f3, 1948. febr. 14.); Moln\u00e1r; Molter 1; Mur\u00e1din Jen\u0151: Mv.-i m\u0171hely (\u00daj \u00c9let 18. sz. 1987); Mv. t\u00f6rt. 2.; Ol\u00e1h-G\u00e1l; \u00d6kr\u00f6s; RMIL; Sebesty\u00e9n; Todea 2013; \u00daIL; \u00daM\u00c9L; \u00dcnnepi k\u00f6nyv; Vita Zsigmond: G. K. \u00e9s Barcsay Jen\u0151 kapcsolata (N\u00fa., M\u00fazsa, 152. sz., 1994. j\u00fan. 16.); Zord Id\u0151<\/br><\/p>\n","protected":false},"excerpt":{"rendered":"<p>Debrecen, 1873. dec. 15., \u2020 D\u00e9vav\u00e1nya, 1948. jan. 26.: tan\u00e1r, \u00edr\u00f3, k\u00f6nyvt\u00e1ros, fest\u0151m\u0171v\u00e9sz. \u2013 K\u00f6z\u00e9piskolai tanulm\u00e1nyait a ref. koll.-ban v\u00e9gezte, ott \u00e9retts\u00e9gizett (1891); rajztan\u00e1ri oklevel\u00e9t Bp.-en a Mintarajziskol\u00e1ban szerezte (1896). P\u00e1ly\u00e1j\u00e1t a kis\u00fajsz\u00e1ll\u00e1si ref. gimn. -n\u00e1l kezdte (1896\u20131901), ahol r\u00f6vid ideig tan\u00edtotta M\u00f3ricz Zsigmondot is, akivel bar\u00e1ti kapcsolatban maradtak k\u00e9s\u00f6bb is \u00e9s aki mv.-i l\u00e1togat\u00e1sai [&hellip;]<\/p>\n","protected":false},"featured_media":0,"comment_status":"open","ping_status":"closed","template":"","meta":[],"product_brand":[],"product_cat":[137],"product_tag":[],"class_list":{"0":"post-9195","1":"product","2":"type-product","3":"status-publish","5":"product_cat-maros-megyei-eletrajzi-lexikon","7":"first","8":"instock","9":"shipping-taxable","10":"product-type-simple"},"_links":{"self":[{"href":"https:\/\/uj.adatbank.ro\/lexikon\/wp-json\/wp\/v2\/product\/9195","targetHints":{"allow":["GET"]}}],"collection":[{"href":"https:\/\/uj.adatbank.ro\/lexikon\/wp-json\/wp\/v2\/product"}],"about":[{"href":"https:\/\/uj.adatbank.ro\/lexikon\/wp-json\/wp\/v2\/types\/product"}],"replies":[{"embeddable":true,"href":"https:\/\/uj.adatbank.ro\/lexikon\/wp-json\/wp\/v2\/comments?post=9195"}],"wp:attachment":[{"href":"https:\/\/uj.adatbank.ro\/lexikon\/wp-json\/wp\/v2\/media?parent=9195"}],"wp:term":[{"taxonomy":"product_brand","embeddable":true,"href":"https:\/\/uj.adatbank.ro\/lexikon\/wp-json\/wp\/v2\/product_brand?post=9195"},{"taxonomy":"product_cat","embeddable":true,"href":"https:\/\/uj.adatbank.ro\/lexikon\/wp-json\/wp\/v2\/product_cat?post=9195"},{"taxonomy":"product_tag","embeddable":true,"href":"https:\/\/uj.adatbank.ro\/lexikon\/wp-json\/wp\/v2\/product_tag?post=9195"}],"curies":[{"name":"wp","href":"https:\/\/api.w.org\/{rel}","templated":true}]}}

GULYÁS Károly, §

<p>Debrecen, 1873. dec. 15., † Dévaványa, 1948. jan. 26.: tanár, író, könyvtáros, festőművész. – Középiskolai tanulmányait a ref. koll.-ban végezte, ott érettségizett (1891); rajztanári oklevelét Bp.-en a Mintarajziskolában szerezte (1896). Pályáját a kisújszállási ref. gimn. -nál kezdte (1896–1901), ahol rövid ideig tanította Móricz Zsigmondot is, akivel baráti kapcsolatban maradtak késöbb is és aki mv.-i látogatásai alkalmával mindig meglátogatta volt tanárát, valószínű a Forr a bor c. regényében Csordás tanárát róla mintázta. Nagyváradon katonai szolgálatát töltötte (1897–98). A mv.-i Ref. Koll.-hoz került tanárnak (1902–35. okt.), ahol rajzot és szépírást, mértani rajzot, m. nyelvet és mennyiségtant tanított. A koll. könyvtárának őre (1912. aug. – 14. aug.) és a két Bolyai hagyatékának gondozója, a múzeum megalakítása előtt. A Koll. könyvtárában a Bolyai hagyatékban megtalálta Bolyai Farkas rajzait, festményeit (1913). Részt vett az I. vh.-ban (1914–18), a 22 h. gy. e. -el a szerb fronton harcolt, főhadnagyként a Károly Csapatkereszt kitüntetéssel szerelt le. Festő – és rajztanfolyamot indított (1919). Visszatért a tanári katedrájához nyugalombavonulásáig (–1935. okt.), összesen 39 évet tanított. Az általa felfedezett tehetséges tanítványai: Dósa Géza, Vida Árpád, Bordy András, Dabóczy Mihály és József, Mátyás András, Sipos László, Barcsay Jenő, Vásárhelyi Z. Emil, Andrássy Zoltán, még Medgyessy Ferenc szobrászt is irányította. Évről-évre kiállítás keretében mutatta be tanítványainak munkáit. Részt vett a Bolyaiak exhumálásán (1911. jún. 7). A Teleki Téka könyvtárosa (1907. nov. 10. – 1942. máj. 1.), a Téka épületben volt a szolgálati lakása is. Teleki Károly romboló gondnoksága után Teleki Domokos foglalkozott a Téka ügyeivel (1935–), útmútatásai alapján javították az épületet: a tetőt, új kéményeket állítottak, páncélszekrényt, tárlókat vásároltak. Ebben az időben dr. Biró Józseffel, majd Nemess Károllyal elvégezték a könyvtár általános nagy ellenőrzését (1936), összeállította a Teleki Károly útján elveszett könyvek és kéziratok listáját. Teleki Domokossal és Nemes Károllyal kiválogatták és páncélszekrénybe helyezték a legnagyobb könyvtári értékeket. A könyvtáralapító Teleki Sámuelről írt nagyobb lélegzetű tanulmányt, előkészítette a Teleki Sámuel emlékkiállítás anyagát, ami a M. Nemzeti Múzeum dísztermében nyílt meg a kancellár születésének 200. évfordulójára (1939. nov. 17.). Nyugalomba vonulása után Magyaro.-ra költözött (1942). Több cikkben és tanulmányban népszerűsítette és mutatta be a Teleki Tékát és ő volt Teleki Sámuel kultuszának elindítója is. A bp.-i Mahematikai és Physikai Lapokban ismertette Bolyai Farkas zenészeti dolgozatait és Teleki Sámuel levelezését külföldi matematikusokkal; kiadta Földi János m. grammatikája-t (Bp., 1912), a Teleki tékában őrzött kézirat alapján. Nevéhez fűződik a Téka kéziratos könyvei között felfigyelt Lencsés Györgynek tulajdonított 16. sz.-i orvosi könyvre az Ars Medicara. Illusztrált mese és más könyveket, valamint a kv.-i Pásztortűz c. folyóiratot és Benedek Elek Cimbora c. gyermeklapját (1920–29). Mv.-en képzőművészeti tárlatokon állított ki (1920, 1921). Fellépett a KZST összejövetelein. Cikkei és adatközlései: Itk, Ref. Szemle, Természettudományi Közlemények, Matematikai és Fizikai Lapok, Uránia, M. Ny., M. Könyvtári Szemle, Bp. Hírlap, Pásztortűz, Vasárnap, Művészet, a KZST emlékkönyve, Erdélyi Szemle, Ifjú Erdély, Marosmenti Élet, Zord Idő, Székelyföld, Tükör, Vasárnapi Újság, Színházi Világ, Ellenzék, Székely Napló. A KZST (1914–), a Mathematikai és Physikai Társulat (1915–), ESZC, a M. Könyvtárosok és Levéltárosok Egyesületének t. (1943–) tagja. – <strong>F. m.:</strong> Földi János magyar Bolyai Farkas zenészeti dolgozatai (Bp., 1914); Bagoly Bandi lakodalma: Madármese négy részben (saját rajzaival; verses gyermek reg; Tg-M., 1922); Utmutató a növendékeinek 1902. – 1930. évi kiállításán… (Tg. M., 1930.); Az ismeretlen gróf Teleki Sámuel (Bp., 1944); <strong>antológ.:</strong> Teleki Sámuel Marosvásárhelyi könyvtáralapítása = Emlékkönyv a Székely Nemzeti Múzeum ötvenéves jubileumán (Sepsiszentgyörgy, 1929); Halkuló szólamok építészetünkben: Mv. igazán szép épületei körül = Ünnepi könyv; : KZST (Mv., 1930); Székelyföld írásban és képben (Bp., 1941); Zord Idő antológia (Mv., 1998); <strong>szerk.:</strong> a Teleki Tékában őrzött kézirat alapján Földi János 1789-es nyelvtankönyvének első fele: Földi János m. grammatikája (Bp., 1912); Teleki Sámuel levelezése külföldi mathematikusokkal. (Kiad.; Bp., 1912). <br /><strong>Irod.:</strong> 20. sz.-i képzőművészet; Banner; Bányai Réka: G. K. [kézirat]; Bányai Réka: Egy könyvtár mindennapjai = Könyvek által …; Bányai Réka: Kötéltánc a könyv és a kép között = Pál-Antal – Simon 2011; Deé; EM; Erdélyi ezredek; Gulyás; György 1926; Időtár 2, Időtár 3; Kiss Pál: Emlékbeszédek (Mv., 1942); Kiss Pál: Mv. története (Mv., 1942); KZST1930; Lázár Szini Karola: „Érdemes a szóra”. G. K. emlékére (Új Élet, 14. sz. 1983); Lázár Színi Karola: „Akik előttünk jártak”: G. K. (1873–1948) a könyvtáros (Nú., Múzsa, 148. sz., 1994. máj. 20.); Libraria (5., 2006); Marosi Péter: G. K. halálára (Szabad Szó, 1948. febr. 14.); Molnár; Molter 1; Murádin Jenő: Mv.-i műhely (Új Élet 18. sz. 1987); Mv. tört. 2.; Oláh-Gál; Ökrös; RMIL; Sebestyén; Todea 2013; ÚIL; ÚMÉL; Ünnepi könyv; Vita Zsigmond: G. K. és Barcsay Jenő kapcsolata (Nú., Múzsa, 152. sz., 1994. jún. 16.); Zord Idő</br></p>

<p>Debrecen, 1873. dec. 15., † Dévaványa, 1948. jan. 26.: tanár, író, könyvtáros, festőművész. – Középiskolai tanulmányait a ref. koll.-ban végezte, ott érettségizett (1891); rajztanári oklevelét Bp.-en a Mintarajziskolában szerezte (1896). Pályáját a kisújszállási ref. gimn. -nál kezdte (1896–1901), ahol rövid ideig tanította Móricz Zsigmondot is, akivel baráti kapcsolatban maradtak késöbb is és aki mv.-i látogatásai [&hellip;]</p>
