{"id":9197,"date":"2025-06-29T10:52:31","date_gmt":"2025-06-29T08:52:31","guid":{"rendered":"https:\/\/uj.adatbank.ro\/lexikon\/termek\/gunesch-gustav-von-bar\/"},"modified":"2025-06-29T10:52:31","modified_gmt":"2025-06-29T08:52:31","slug":"gunesch-gustav-von-bar","status":"publish","type":"product","link":"https:\/\/uj.adatbank.ro\/lexikon\/termek\/gunesch-gustav-von-bar\/","title":{"rendered":"GUNESCH Gustav, von B\u00e1r"},"content":{"rendered":"<p>Sz\u00e1szr\u00e9gen, 1837. nov. 9. \u2020 Bp., 1903.: katonatiszt. \u2013 A kv.-i 62. gyalogezredhez sorozt\u00e1k be (1858. m\u00e1rc. 13.). \u0150rmesterk\u00e9nt r\u00e9szt vett az Olaszo. \u00e9s Poroszo. elleni hadj\u00e1ratokban (1859 \u00e9s 1866), k\u00f6zben Beszterc\u00e9n a 63. gyalogezredbe helyezt\u00e9k (1860\u2013). Ezut\u00e1n a katonai p\u00e1ly\u00e1ja felfel\u00e9 \u00edvelt: kad\u00e9t (1861\u2013), hadnagy (1861\u2013), V\u00e1radon az Erzherzog Joseph Gyalogezred\u00e9ben f\u0151hadnagy(1866\u2013), mint ilyen r\u00e9szt vett az olaszo.-i hadj\u00e1ratban (1866), \u00e1tker\u00fclt a m. kir.-i gyalogezredbe, ahol honv\u00e9df\u0151hadnagy (1869), kapit\u00e1ny (1872\u2013), \u0151rnagy (1880\u2013), alezredes (1886\u2013). A Mv.-en \u00e1llom\u00e1soz\u00f3 k\u00f6z\u00f6s hadsereg 62. gyalogezrede, a kv.-i sz\u00e9khely\u0171 VI. honv\u00e9d ker\u00fclet 75. gyalogdand\u00e1rj\u00e1nak 22. f\u00e9ldand\u00e1rja 1. z\u00e1szl\u00f3alja parancsnoka mint alezredes (1887), majd ezredesi rangot \u00e9rt el (1889\u2013). Parancsnokk\u00e9nt kinevezt\u00e9k Treschinbe a gyalogezredhez (1891\u2013), majd a m. kir. hadsereg arzen\u00e1lj\u00e1nak parancsnoka lett Bp.-en (1894\u2013). Nyugd\u00edjba vonult (1903. jan. 1. \u2013). <strong>Kit\u00fcntet\u00e9sei:<\/strong> Vaskoronarend I. oszt.; H\u00e1bor\u00fas \u00e9rem; Katonai \u00e9rdemrend III. fokozata; A hadsereg jubileumi aranykeresztje; Katonai ad honores jubileumi \u00e9rem (Bp.). <br \/><strong>Irod.:<\/strong> Id\u0151t\u00e1r 5 \/1.; Reghin, militari<\/br><\/p>\n","protected":false},"excerpt":{"rendered":"<p>Sz\u00e1szr\u00e9gen, 1837. nov. 9. \u2020 Bp., 1903.: katonatiszt. \u2013 A kv.-i 62. gyalogezredhez sorozt\u00e1k be (1858. m\u00e1rc. 13.). \u0150rmesterk\u00e9nt r\u00e9szt vett az Olaszo. \u00e9s Poroszo. elleni hadj\u00e1ratokban (1859 \u00e9s 1866), k\u00f6zben Beszterc\u00e9n a 63. gyalogezredbe helyezt\u00e9k (1860\u2013). Ezut\u00e1n a katonai p\u00e1ly\u00e1ja felfel\u00e9 \u00edvelt: kad\u00e9t (1861\u2013), hadnagy (1861\u2013), V\u00e1radon az Erzherzog Joseph Gyalogezred\u00e9ben f\u0151hadnagy(1866\u2013), mint ilyen [&hellip;]<\/p>\n","protected":false},"featured_media":0,"comment_status":"open","ping_status":"closed","template":"","meta":[],"product_brand":[],"product_cat":[137],"product_tag":[],"class_list":{"0":"post-9197","1":"product","2":"type-product","3":"status-publish","5":"product_cat-maros-megyei-eletrajzi-lexikon","7":"first","8":"instock","9":"shipping-taxable","10":"product-type-simple"},"_links":{"self":[{"href":"https:\/\/uj.adatbank.ro\/lexikon\/wp-json\/wp\/v2\/product\/9197","targetHints":{"allow":["GET"]}}],"collection":[{"href":"https:\/\/uj.adatbank.ro\/lexikon\/wp-json\/wp\/v2\/product"}],"about":[{"href":"https:\/\/uj.adatbank.ro\/lexikon\/wp-json\/wp\/v2\/types\/product"}],"replies":[{"embeddable":true,"href":"https:\/\/uj.adatbank.ro\/lexikon\/wp-json\/wp\/v2\/comments?post=9197"}],"wp:attachment":[{"href":"https:\/\/uj.adatbank.ro\/lexikon\/wp-json\/wp\/v2\/media?parent=9197"}],"wp:term":[{"taxonomy":"product_brand","embeddable":true,"href":"https:\/\/uj.adatbank.ro\/lexikon\/wp-json\/wp\/v2\/product_brand?post=9197"},{"taxonomy":"product_cat","embeddable":true,"href":"https:\/\/uj.adatbank.ro\/lexikon\/wp-json\/wp\/v2\/product_cat?post=9197"},{"taxonomy":"product_tag","embeddable":true,"href":"https:\/\/uj.adatbank.ro\/lexikon\/wp-json\/wp\/v2\/product_tag?post=9197"}],"curies":[{"name":"wp","href":"https:\/\/api.w.org\/{rel}","templated":true}]}}

GUNESCH Gustav, von Bár

<p>Szászrégen, 1837. nov. 9. † Bp., 1903.: katonatiszt. – A kv.-i 62. gyalogezredhez sorozták be (1858. márc. 13.). Őrmesterként részt vett az Olaszo. és Poroszo. elleni hadjáratokban (1859 és 1866), közben Besztercén a 63. gyalogezredbe helyezték (1860–). Ezután a katonai pályája felfelé ívelt: kadét (1861–), hadnagy (1861–), Váradon az Erzherzog Joseph Gyalogezredében főhadnagy(1866–), mint ilyen részt vett az olaszo.-i hadjáratban (1866), átkerült a m. kir.-i gyalogezredbe, ahol honvédfőhadnagy (1869), kapitány (1872–), őrnagy (1880–), alezredes (1886–). A Mv.-en állomásozó közös hadsereg 62. gyalogezrede, a kv.-i székhelyű VI. honvéd kerület 75. gyalogdandárjának 22. féldandárja 1. zászlóalja parancsnoka mint alezredes (1887), majd ezredesi rangot ért el (1889–). Parancsnokként kinevezték Treschinbe a gyalogezredhez (1891–), majd a m. kir. hadsereg arzenáljának parancsnoka lett Bp.-en (1894–). Nyugdíjba vonult (1903. jan. 1. –). <strong>Kitüntetései:</strong> Vaskoronarend I. oszt.; Háborús érem; Katonai érdemrend III. fokozata; A hadsereg jubileumi aranykeresztje; Katonai ad honores jubileumi érem (Bp.). <br /><strong>Irod.:</strong> Időtár 5 /1.; Reghin, militari</br></p>

<p>Szászrégen, 1837. nov. 9. † Bp., 1903.: katonatiszt. – A kv.-i 62. gyalogezredhez sorozták be (1858. márc. 13.). Őrmesterként részt vett az Olaszo. és Poroszo. elleni hadjáratokban (1859 és 1866), közben Besztercén a 63. gyalogezredbe helyezték (1860–). Ezután a katonai pályája felfelé ívelt: kadét (1861–), hadnagy (1861–), Váradon az Erzherzog Joseph Gyalogezredében főhadnagy(1866–), mint ilyen [&hellip;]</p>
