{"id":9198,"date":"2025-06-29T10:52:33","date_gmt":"2025-06-29T08:52:33","guid":{"rendered":"https:\/\/uj.adatbank.ro\/lexikon\/termek\/gunesch-martin\/"},"modified":"2025-06-29T10:52:33","modified_gmt":"2025-06-29T08:52:33","slug":"gunesch-martin","status":"publish","type":"product","link":"https:\/\/uj.adatbank.ro\/lexikon\/termek\/gunesch-martin\/","title":{"rendered":"GUNESCH Martin"},"content":{"rendered":"<p>? \u2020 Vajdaszentiv\u00e1ny, 1848. okt.?: parancsnok. \u2013 A sz\u00e1szr\u00e9geni V\u00e1rosi Civil G\u00e1rda parancsnoka az 1848-as esem\u00e9nyek idej\u00e9n. Vajdaszentiv\u00e1nyon esett el egy felder\u00edt\u0151 akci\u00f3 alkalm\u00e1val (1848. okt). <br \/><strong>Irod.:<\/strong> Reghin, militari<\/br><\/p>\n","protected":false},"excerpt":{"rendered":"<p>? \u2020 Vajdaszentiv\u00e1ny, 1848. okt.?: parancsnok. \u2013 A sz\u00e1szr\u00e9geni V\u00e1rosi Civil G\u00e1rda parancsnoka az 1848-as esem\u00e9nyek idej\u00e9n. Vajdaszentiv\u00e1nyon esett el egy felder\u00edt\u0151 akci\u00f3 alkalm\u00e1val (1848. okt). Irod.: Reghin, militari<\/p>\n","protected":false},"featured_media":0,"comment_status":"open","ping_status":"closed","template":"","meta":[],"product_brand":[],"product_cat":[137],"product_tag":[],"class_list":{"0":"post-9198","1":"product","2":"type-product","3":"status-publish","5":"product_cat-maros-megyei-eletrajzi-lexikon","7":"first","8":"instock","9":"shipping-taxable","10":"product-type-simple"},"_links":{"self":[{"href":"https:\/\/uj.adatbank.ro\/lexikon\/wp-json\/wp\/v2\/product\/9198","targetHints":{"allow":["GET"]}}],"collection":[{"href":"https:\/\/uj.adatbank.ro\/lexikon\/wp-json\/wp\/v2\/product"}],"about":[{"href":"https:\/\/uj.adatbank.ro\/lexikon\/wp-json\/wp\/v2\/types\/product"}],"replies":[{"embeddable":true,"href":"https:\/\/uj.adatbank.ro\/lexikon\/wp-json\/wp\/v2\/comments?post=9198"}],"wp:attachment":[{"href":"https:\/\/uj.adatbank.ro\/lexikon\/wp-json\/wp\/v2\/media?parent=9198"}],"wp:term":[{"taxonomy":"product_brand","embeddable":true,"href":"https:\/\/uj.adatbank.ro\/lexikon\/wp-json\/wp\/v2\/product_brand?post=9198"},{"taxonomy":"product_cat","embeddable":true,"href":"https:\/\/uj.adatbank.ro\/lexikon\/wp-json\/wp\/v2\/product_cat?post=9198"},{"taxonomy":"product_tag","embeddable":true,"href":"https:\/\/uj.adatbank.ro\/lexikon\/wp-json\/wp\/v2\/product_tag?post=9198"}],"curies":[{"name":"wp","href":"https:\/\/api.w.org\/{rel}","templated":true}]}}