{"id":9202,"date":"2025-06-29T10:52:43","date_gmt":"2025-06-29T08:52:43","guid":{"rendered":"https:\/\/uj.adatbank.ro\/lexikon\/termek\/gurzo-gyorgy-anaklet\/"},"modified":"2025-06-29T10:52:43","modified_gmt":"2025-06-29T08:52:43","slug":"gurzo-gyorgy-anaklet","status":"publish","type":"product","link":"https:\/\/uj.adatbank.ro\/lexikon\/termek\/gurzo-gyorgy-anaklet\/","title":{"rendered":"GURZ\u00d3 Gy\u00f6rgy Anakl\u00e9t"},"content":{"rendered":"<p>Sz\u00e1rhegy, 1912. \u00e1pr. 25., \u2020 Esztelnek, 1989. m\u00e1rc. 30.: Ferenc-rendi szerzetes, teol. tan\u00e1r. \u2013 Az erd\u00e9lyi ferencesek rendj\u00e9be l\u00e9pett (1927\u2013), ideiglenes (1928), \u00f6r\u00f6k fogadalmat tett (1934). Cs\u00edksomly\u00f3n filoz\u00f3fi\u00e1t, a vajdahunyadi ferences f\u0151isk. -n teol\u00f3gi\u00e1t tanult, papp\u00e1 szentelt\u00e9k (1935). Vajdahunyadon seg\u00e9dlelk\u00e9sz \u00e9s hitoktat\u00f3 (1936\u201338). A r\u00f3mai Antonianum ferences f\u0151isk. -n folytatott tanulm\u00e1nyokat (1938\u2013), k\u00e1nonjogi doktori fokozatot szerzett (1941). Kv. -ott k\u00e1pl\u00e1n (1941\u2013), a mikh\u00e1zi \u00fajonch\u00e1zban nov\u00edciusmester (1942\u201349), Mv.-en hittan\u00e1r (1945\u2013), a vajdahunyadi rendi f\u0151isk. tan\u00e1ra (1946\u201349). Szatm\u00e1rn\u00e9metiben lelk\u00e9sz (1949\u2013). Rendt\u00e1rsaival egy\u00fctt M\u00e1riaradn\u00e1ra intern\u00e1lt\u00e1k (1951. aug. \u2013). A k\u00e9nyszerlakhely\u00e9\u00fcl kijel\u00f6lt D\u00e9sen \u00e9lt (1952\u2013), D\u00e9sen titkos teol. f\u0151isk. -t is vezetett. letart\u00f3ztatt\u00e1k (1955. m\u00e1rc. \u2013). A kv.-i katonai t\u00f6rv\u00e9nysz\u00e9k \u00e1llamellenes izgat\u00e1s, haza\u00e1rul\u00e1s, \u00f6sszeesk\u00fcv\u00e9s, tiltott iratok terjeszt\u00e9s\u00e9nek hamis v\u00e1dj\u00e1val 7 \u00e9vi b\u00f6rt\u00f6nb\u00fcntet\u00e9sre \u00edt\u00e9lte (1956. m\u00e1rc. \u2013). Kv.-on, 5 \u00e9vig a szamos\u00fajv\u00e1ri b\u00f6rt\u00f6nben, majd a Duna-delt\u00e1ban (Brail\u00e1, Ostrov) raboskodott, megrokkant eg\u00e9szs\u00e9ggel, f\u00e9l szem\u00e9re megvakulva szabadult (1962). D\u00e9sen, majd Csics\u00f3kereszt\u00faron lelk\u00e9sz (1962\u2013), Gyulafeh\u00e9rv\u00e1rott a r. k. teol. f\u0151isk. spiritu\u00e1lisa (1969\u2013), a Iit\u00e1nia tan\u00e1ra, M\u00e1rton \u00c1ron p\u00fcsp\u00f6k tan\u00e1csad\u00f3ja. Az \u00e1llam nyom\u00e1sra elhelyezt\u00e9k, hal\u00e1l\u00e1ig Sz\u00e9kelyudvarhelyen a ferences templom ig. lelk\u00e9sze volt (1978\u2013). Legt\u00f6bb m\u0171ve k\u00e9ziratban maradt. <br \/><strong>Irod.:<\/strong> Maros-k\u00fck\u00fcll\u0151i f\u0151esp.; \u00daM\u00c9L<\/br><\/p>\n","protected":false},"excerpt":{"rendered":"<p>Sz\u00e1rhegy, 1912. \u00e1pr. 25., \u2020 Esztelnek, 1989. m\u00e1rc. 30.: Ferenc-rendi szerzetes, teol. tan\u00e1r. \u2013 Az erd\u00e9lyi ferencesek rendj\u00e9be l\u00e9pett (1927\u2013), ideiglenes (1928), \u00f6r\u00f6k fogadalmat tett (1934). Cs\u00edksomly\u00f3n filoz\u00f3fi\u00e1t, a vajdahunyadi ferences f\u0151isk. -n teol\u00f3gi\u00e1t tanult, papp\u00e1 szentelt\u00e9k (1935). Vajdahunyadon seg\u00e9dlelk\u00e9sz \u00e9s hitoktat\u00f3 (1936\u201338). A r\u00f3mai Antonianum ferences f\u0151isk. -n folytatott tanulm\u00e1nyokat (1938\u2013), k\u00e1nonjogi doktori fokozatot [&hellip;]<\/p>\n","protected":false},"featured_media":0,"comment_status":"open","ping_status":"closed","template":"","meta":[],"product_brand":[],"product_cat":[137],"product_tag":[],"class_list":{"0":"post-9202","1":"product","2":"type-product","3":"status-publish","5":"product_cat-maros-megyei-eletrajzi-lexikon","7":"first","8":"instock","9":"shipping-taxable","10":"product-type-simple"},"_links":{"self":[{"href":"https:\/\/uj.adatbank.ro\/lexikon\/wp-json\/wp\/v2\/product\/9202","targetHints":{"allow":["GET"]}}],"collection":[{"href":"https:\/\/uj.adatbank.ro\/lexikon\/wp-json\/wp\/v2\/product"}],"about":[{"href":"https:\/\/uj.adatbank.ro\/lexikon\/wp-json\/wp\/v2\/types\/product"}],"replies":[{"embeddable":true,"href":"https:\/\/uj.adatbank.ro\/lexikon\/wp-json\/wp\/v2\/comments?post=9202"}],"wp:attachment":[{"href":"https:\/\/uj.adatbank.ro\/lexikon\/wp-json\/wp\/v2\/media?parent=9202"}],"wp:term":[{"taxonomy":"product_brand","embeddable":true,"href":"https:\/\/uj.adatbank.ro\/lexikon\/wp-json\/wp\/v2\/product_brand?post=9202"},{"taxonomy":"product_cat","embeddable":true,"href":"https:\/\/uj.adatbank.ro\/lexikon\/wp-json\/wp\/v2\/product_cat?post=9202"},{"taxonomy":"product_tag","embeddable":true,"href":"https:\/\/uj.adatbank.ro\/lexikon\/wp-json\/wp\/v2\/product_tag?post=9202"}],"curies":[{"name":"wp","href":"https:\/\/api.w.org\/{rel}","templated":true}]}}

GURZÓ György Anaklét

<p>Szárhegy, 1912. ápr. 25., † Esztelnek, 1989. márc. 30.: Ferenc-rendi szerzetes, teol. tanár. – Az erdélyi ferencesek rendjébe lépett (1927–), ideiglenes (1928), örök fogadalmat tett (1934). Csíksomlyón filozófiát, a vajdahunyadi ferences főisk. -n teológiát tanult, pappá szentelték (1935). Vajdahunyadon segédlelkész és hitoktató (1936–38). A római Antonianum ferences főisk. -n folytatott tanulmányokat (1938–), kánonjogi doktori fokozatot szerzett (1941). Kv. -ott káplán (1941–), a mikházi újoncházban novíciusmester (1942–49), Mv.-en hittanár (1945–), a vajdahunyadi rendi főisk. tanára (1946–49). Szatmárnémetiben lelkész (1949–). Rendtársaival együtt Máriaradnára internálták (1951. aug. –). A kényszerlakhelyéül kijelölt Désen élt (1952–), Désen titkos teol. főisk. -t is vezetett. letartóztatták (1955. márc. –). A kv.-i katonai törvényszék államellenes izgatás, hazaárulás, összeesküvés, tiltott iratok terjesztésének hamis vádjával 7 évi börtönbüntetésre ítélte (1956. márc. –). Kv.-on, 5 évig a szamosújvári börtönben, majd a Duna-deltában (Brailá, Ostrov) raboskodott, megrokkant egészséggel, fél szemére megvakulva szabadult (1962). Désen, majd Csicsókeresztúron lelkész (1962–), Gyulafehérvárott a r. k. teol. főisk. spirituálisa (1969–), a Iitánia tanára, Márton Áron püspök tanácsadója. Az állam nyomásra elhelyezték, haláláig Székelyudvarhelyen a ferences templom ig. lelkésze volt (1978–). Legtöbb műve kéziratban maradt. <br /><strong>Irod.:</strong> Maros-küküllői főesp.; ÚMÉL</br></p>

<p>Szárhegy, 1912. ápr. 25., † Esztelnek, 1989. márc. 30.: Ferenc-rendi szerzetes, teol. tanár. – Az erdélyi ferencesek rendjébe lépett (1927–), ideiglenes (1928), örök fogadalmat tett (1934). Csíksomlyón filozófiát, a vajdahunyadi ferences főisk. -n teológiát tanult, pappá szentelték (1935). Vajdahunyadon segédlelkész és hitoktató (1936–38). A római Antonianum ferences főisk. -n folytatott tanulmányokat (1938–), kánonjogi doktori fokozatot [&hellip;]</p>
