{"id":9203,"date":"2025-06-29T10:52:44","date_gmt":"2025-06-29T08:52:44","guid":{"rendered":"https:\/\/uj.adatbank.ro\/lexikon\/termek\/gusa-stefan-%c2%a7\/"},"modified":"2025-06-29T10:52:44","modified_gmt":"2025-06-29T08:52:44","slug":"gusa-stefan-%c2%a7","status":"publish","type":"product","link":"https:\/\/uj.adatbank.ro\/lexikon\/termek\/gusa-stefan-%c2%a7\/","title":{"rendered":"GU\u015e\u0102 \u015etefan, \u00a7"},"content":{"rendered":"<p>Sp\u0103tarru, 1940. \u0163pr. 17., \u2020 Buk., 1994. \u00e1pr. 17.: katonam\u00e9rn\u00f6k, tankm\u00e9rn\u00f6k. \u2013 Buz\u0103uban v\u00e9gzett k\u00f6z\u00e9piskol\u00e1t (1957), katonatiszti tank-aut\u00f3 szakos f\u0151iskol\u00e1t Pite\u015ftiben (1957\u201360), ebben a szakban katonai akad. -\u00e1t (1966\u201372), majd tov\u00e1bbk\u00e9pz\u0151ket a hadtudom\u00e1ny, had\u00e1szat, hadvezet\u00e9s ter\u00e9n (1982\u201383). A RKP tagja (1962). F\u0151hadnagy (1963. dec. 30.), sz\u00e1zados (1965. dec. 30.), \u0151rnagy (1971. dec. 30.), Ioan Buteanu p\u00e1nc\u00e9losezred parancsnoka (1972. okt. 7. \u201376. aug. 13.), alezredes (1974. aug. 23.), a Horia, Clo\u015fca \u00e9s Ci\u015fan 6. P\u00e1nc\u00e9los hadoszt\u00e1ly vez\u00e9rkari f\u0151n\u00f6ke (1976. aug. 13. \u201381), m\u00e9rn\u00f6kezredes (1979. aug. 23.), a 4. hadtest \u00e9s a 6. P\u00e1nc\u00e9los hadoszt\u00e1ly parancsnoka (1981. nov. 10. \u201386. szept. 19.), vez\u00e9r\u0151rnagy (1984. aug. 22.). A Maros megyei p\u00e1rtvizotts\u00e1g p\u00f3ttagja (1984. nov.), a Nemzetv\u00e9delmi miniszter els\u0151 helyettese \u00e9s vez\u00e9rkari f\u0151n\u00f6k (1986. szept. 25. \u201389. dec. 28.), a Vez\u00e9rkarf\u0151n\u00f6ke \u00e9s a 4. Hadtest els\u0151 parancsnok helyettese (1989. febr. 28. \u2013 1990. febr. 26). A RKP KB p\u00f3ttagja (1984. nov. 22. \u201389. nov. 24.), tagja (1989. nov. 24. \u201389. dec. 22.). <br \/><strong>Irod.:<\/strong> Membrii C. C. al P. C. R.<\/br><\/p>\n","protected":false},"excerpt":{"rendered":"<p>Sp\u0103tarru, 1940. \u0163pr. 17., \u2020 Buk., 1994. \u00e1pr. 17.: katonam\u00e9rn\u00f6k, tankm\u00e9rn\u00f6k. \u2013 Buz\u0103uban v\u00e9gzett k\u00f6z\u00e9piskol\u00e1t (1957), katonatiszti tank-aut\u00f3 szakos f\u0151iskol\u00e1t Pite\u015ftiben (1957\u201360), ebben a szakban katonai akad. -\u00e1t (1966\u201372), majd tov\u00e1bbk\u00e9pz\u0151ket a hadtudom\u00e1ny, had\u00e1szat, hadvezet\u00e9s ter\u00e9n (1982\u201383). A RKP tagja (1962). F\u0151hadnagy (1963. dec. 30.), sz\u00e1zados (1965. dec. 30.), \u0151rnagy (1971. dec. 30.), Ioan Buteanu [&hellip;]<\/p>\n","protected":false},"featured_media":0,"comment_status":"open","ping_status":"closed","template":"","meta":[],"product_brand":[],"product_cat":[137],"product_tag":[],"class_list":{"0":"post-9203","1":"product","2":"type-product","3":"status-publish","5":"product_cat-maros-megyei-eletrajzi-lexikon","7":"first","8":"instock","9":"shipping-taxable","10":"product-type-simple"},"_links":{"self":[{"href":"https:\/\/uj.adatbank.ro\/lexikon\/wp-json\/wp\/v2\/product\/9203","targetHints":{"allow":["GET"]}}],"collection":[{"href":"https:\/\/uj.adatbank.ro\/lexikon\/wp-json\/wp\/v2\/product"}],"about":[{"href":"https:\/\/uj.adatbank.ro\/lexikon\/wp-json\/wp\/v2\/types\/product"}],"replies":[{"embeddable":true,"href":"https:\/\/uj.adatbank.ro\/lexikon\/wp-json\/wp\/v2\/comments?post=9203"}],"wp:attachment":[{"href":"https:\/\/uj.adatbank.ro\/lexikon\/wp-json\/wp\/v2\/media?parent=9203"}],"wp:term":[{"taxonomy":"product_brand","embeddable":true,"href":"https:\/\/uj.adatbank.ro\/lexikon\/wp-json\/wp\/v2\/product_brand?post=9203"},{"taxonomy":"product_cat","embeddable":true,"href":"https:\/\/uj.adatbank.ro\/lexikon\/wp-json\/wp\/v2\/product_cat?post=9203"},{"taxonomy":"product_tag","embeddable":true,"href":"https:\/\/uj.adatbank.ro\/lexikon\/wp-json\/wp\/v2\/product_tag?post=9203"}],"curies":[{"name":"wp","href":"https:\/\/api.w.org\/{rel}","templated":true}]}}

GUŞĂ Ştefan, §

<p>Spătarru, 1940. ţpr. 17., † Buk., 1994. ápr. 17.: katonamérnök, tankmérnök. – Buzăuban végzett középiskolát (1957), katonatiszti tank-autó szakos főiskolát Piteştiben (1957–60), ebben a szakban katonai akad. -át (1966–72), majd továbbképzőket a hadtudomány, hadászat, hadvezetés terén (1982–83). A RKP tagja (1962). Főhadnagy (1963. dec. 30.), százados (1965. dec. 30.), őrnagy (1971. dec. 30.), Ioan Buteanu páncélosezred parancsnoka (1972. okt. 7. –76. aug. 13.), alezredes (1974. aug. 23.), a Horia, Cloşca és Cişan 6. Páncélos hadosztály vezérkari főnöke (1976. aug. 13. –81), mérnökezredes (1979. aug. 23.), a 4. hadtest és a 6. Páncélos hadosztály parancsnoka (1981. nov. 10. –86. szept. 19.), vezérőrnagy (1984. aug. 22.). A Maros megyei pártvizottság póttagja (1984. nov.), a Nemzetvédelmi miniszter első helyettese és vezérkari főnök (1986. szept. 25. –89. dec. 28.), a Vezérkarfőnöke és a 4. Hadtest első parancsnok helyettese (1989. febr. 28. – 1990. febr. 26). A RKP KB póttagja (1984. nov. 22. –89. nov. 24.), tagja (1989. nov. 24. –89. dec. 22.). <br /><strong>Irod.:</strong> Membrii C. C. al P. C. R.</br></p>

<p>Spătarru, 1940. ţpr. 17., † Buk., 1994. ápr. 17.: katonamérnök, tankmérnök. – Buzăuban végzett középiskolát (1957), katonatiszti tank-autó szakos főiskolát Piteştiben (1957–60), ebben a szakban katonai akad. -át (1966–72), majd továbbképzőket a hadtudomány, hadászat, hadvezetés terén (1982–83). A RKP tagja (1962). Főhadnagy (1963. dec. 30.), százados (1965. dec. 30.), őrnagy (1971. dec. 30.), Ioan Buteanu [&hellip;]</p>
