{"id":9205,"date":"2025-06-29T10:52:47","date_gmt":"2025-06-29T08:52:47","guid":{"rendered":"https:\/\/uj.adatbank.ro\/lexikon\/termek\/gusath-gyorgy\/"},"modified":"2025-06-29T10:52:47","modified_gmt":"2025-06-29T08:52:47","slug":"gusath-gyorgy","status":"publish","type":"product","link":"https:\/\/uj.adatbank.ro\/lexikon\/termek\/gusath-gyorgy\/","title":{"rendered":"GUS\u00c1TH Gy\u00f6rgy"},"content":{"rendered":"<p>1841.? \u2020\u00a0Mv., 1911. jan. 29.: tisztvisel\u0151. \u2013 Feles\u00e9ge: sz\u00fcletett Gus\u00e1th Katalin. Fi\u00fak: G. Gy\u00f6rgy. \u2013 Mv. sz. kir. v\u00e1ros t\u00f6rv\u00e9nyhat\u00f3s\u00e1gi bizotts\u00e1g\u00e1nak tagja, a m\u00e1sodik, Szentkir\u00e1ly-Szentgy\u00f6rgy v\u00e1laszt\u00f3ker\u00fcletben (1895. dec. 14 \u2013ig, a r\u00e9szleges meg\u00faj\u00edt\u00e1sig. \u201340 \u00e9vig), ref. egyh\u00e1zi k\u00e9pvisel\u0151, az \u00fajraalakult v\u00e1rosi iskolasz\u00e9k tagja (1898. okt. 5\u2013), b\u00e9rkocsi-tulajdonos. <br \/><strong>Irod.:<\/strong> Gy\u00e1szjelent\u0151; Id\u0151t\u00e1r 5 \/1.<\/br><\/p>\n","protected":false},"excerpt":{"rendered":"<p>1841.? \u2020\u00a0Mv., 1911. jan. 29.: tisztvisel\u0151. \u2013 Feles\u00e9ge: sz\u00fcletett Gus\u00e1th Katalin. Fi\u00fak: G. Gy\u00f6rgy. \u2013 Mv. sz. kir. v\u00e1ros t\u00f6rv\u00e9nyhat\u00f3s\u00e1gi bizotts\u00e1g\u00e1nak tagja, a m\u00e1sodik, Szentkir\u00e1ly-Szentgy\u00f6rgy v\u00e1laszt\u00f3ker\u00fcletben (1895. dec. 14 \u2013ig, a r\u00e9szleges meg\u00faj\u00edt\u00e1sig. \u201340 \u00e9vig), ref. egyh\u00e1zi k\u00e9pvisel\u0151, az \u00fajraalakult v\u00e1rosi iskolasz\u00e9k tagja (1898. okt. 5\u2013), b\u00e9rkocsi-tulajdonos. Irod.: Gy\u00e1szjelent\u0151; Id\u0151t\u00e1r 5 \/1.<\/p>\n","protected":false},"featured_media":0,"comment_status":"open","ping_status":"closed","template":"","meta":[],"product_brand":[],"product_cat":[137],"product_tag":[],"class_list":{"0":"post-9205","1":"product","2":"type-product","3":"status-publish","5":"product_cat-maros-megyei-eletrajzi-lexikon","7":"first","8":"instock","9":"shipping-taxable","10":"product-type-simple"},"_links":{"self":[{"href":"https:\/\/uj.adatbank.ro\/lexikon\/wp-json\/wp\/v2\/product\/9205","targetHints":{"allow":["GET"]}}],"collection":[{"href":"https:\/\/uj.adatbank.ro\/lexikon\/wp-json\/wp\/v2\/product"}],"about":[{"href":"https:\/\/uj.adatbank.ro\/lexikon\/wp-json\/wp\/v2\/types\/product"}],"replies":[{"embeddable":true,"href":"https:\/\/uj.adatbank.ro\/lexikon\/wp-json\/wp\/v2\/comments?post=9205"}],"wp:attachment":[{"href":"https:\/\/uj.adatbank.ro\/lexikon\/wp-json\/wp\/v2\/media?parent=9205"}],"wp:term":[{"taxonomy":"product_brand","embeddable":true,"href":"https:\/\/uj.adatbank.ro\/lexikon\/wp-json\/wp\/v2\/product_brand?post=9205"},{"taxonomy":"product_cat","embeddable":true,"href":"https:\/\/uj.adatbank.ro\/lexikon\/wp-json\/wp\/v2\/product_cat?post=9205"},{"taxonomy":"product_tag","embeddable":true,"href":"https:\/\/uj.adatbank.ro\/lexikon\/wp-json\/wp\/v2\/product_tag?post=9205"}],"curies":[{"name":"wp","href":"https:\/\/api.w.org\/{rel}","templated":true}]}}

GUSÁTH György

<p>1841.? † Mv., 1911. jan. 29.: tisztviselő. – Felesége: született Gusáth Katalin. Fiúk: G. György. – Mv. sz. kir. város törvényhatósági bizottságának tagja, a második, Szentkirály-Szentgyörgy választókerületben (1895. dec. 14 –ig, a részleges megújításig. –40 évig), ref. egyházi képviselő, az újraalakult városi iskolaszék tagja (1898. okt. 5–), bérkocsi-tulajdonos. <br /><strong>Irod.:</strong> Gyászjelentő; Időtár 5 /1.</br></p>

<p>1841.? † Mv., 1911. jan. 29.: tisztviselő. – Felesége: született Gusáth Katalin. Fiúk: G. György. – Mv. sz. kir. város törvényhatósági bizottságának tagja, a második, Szentkirály-Szentgyörgy választókerületben (1895. dec. 14 –ig, a részleges megújításig. –40 évig), ref. egyházi képviselő, az újraalakult városi iskolaszék tagja (1898. okt. 5–), bérkocsi-tulajdonos. Irod.: Gyászjelentő; Időtár 5 /1.</p>
