{"id":9210,"date":"2025-06-29T10:52:55","date_gmt":"2025-06-29T08:52:55","guid":{"rendered":"https:\/\/uj.adatbank.ro\/lexikon\/termek\/guthfreid-andras\/"},"modified":"2025-06-29T10:52:55","modified_gmt":"2025-06-29T08:52:55","slug":"guthfreid-andras","status":"publish","type":"product","link":"https:\/\/uj.adatbank.ro\/lexikon\/termek\/guthfreid-andras\/","title":{"rendered":"GUTHFREID Andr\u00e1s"},"content":{"rendered":"<p>Mv., 1913., \u2020 ? : f\u00e9mk\u00f6sz\u00f6r\u0171s, munk\u00e1sigazgat\u00f3. \u2013 K\u00e9t gimn.-i oszt. v\u00e9gzett. H\u00e1rom \u00e9ve dolgozott a Perjessy J\u00e1nos tulajdon\u00e1ban lev\u0151 Transilvania J\u00e9ggy\u00e1rban (1945\u2013), amely l\u00e9nyeg\u00e9ben azonos volt a Transilvania Sz\u00f6vetkezettel -vajgy\u00e1rral. Ez ut\u00f3bbit nem \u00e1llamos\u00edtott\u00e1k, mert sz\u00f6vetkezetk\u00e9nt szerepelt a v\u00e1llalatok list\u00e1j\u00e1n. Mindk\u00e9t egys\u00e9g ugyanabban az \u00e9p\u00fcletben m\u0171k\u0151d\u00f6tt, igazgat\u00f3ja a tulajdonos, Perjessy J\u00e1nos volt. Guthfreid \u2013 ot munk\u00e1sigazgat\u00f3k\u00e9nt nevezt\u00e9k ki az \u00faj vajgy\u00e1r \u00e9s j\u00e9ggy\u00e1r \u00e9l\u00e9re (1948. j\u00fan. 15). A RKP \u00e9s a F\u00e9mmegmunk\u00e1l\u00f3 \u00e9s Vegy\u00e9sz Szakszervezet tagja volt (1946\u2013). <br \/><strong>Irod.:<\/strong> Bartos Zolt\u00e1n<\/br><\/p>\n","protected":false},"excerpt":{"rendered":"<p>Mv., 1913., \u2020 ? : f\u00e9mk\u00f6sz\u00f6r\u0171s, munk\u00e1sigazgat\u00f3. \u2013 K\u00e9t gimn.-i oszt. v\u00e9gzett. H\u00e1rom \u00e9ve dolgozott a Perjessy J\u00e1nos tulajdon\u00e1ban lev\u0151 Transilvania J\u00e9ggy\u00e1rban (1945\u2013), amely l\u00e9nyeg\u00e9ben azonos volt a Transilvania Sz\u00f6vetkezettel -vajgy\u00e1rral. Ez ut\u00f3bbit nem \u00e1llamos\u00edtott\u00e1k, mert sz\u00f6vetkezetk\u00e9nt szerepelt a v\u00e1llalatok list\u00e1j\u00e1n. Mindk\u00e9t egys\u00e9g ugyanabban az \u00e9p\u00fcletben m\u0171k\u0151d\u00f6tt, igazgat\u00f3ja a tulajdonos, Perjessy J\u00e1nos volt. Guthfreid \u2013 [&hellip;]<\/p>\n","protected":false},"featured_media":0,"comment_status":"open","ping_status":"closed","template":"","meta":[],"product_brand":[],"product_cat":[137],"product_tag":[],"class_list":{"0":"post-9210","1":"product","2":"type-product","3":"status-publish","5":"product_cat-maros-megyei-eletrajzi-lexikon","7":"first","8":"instock","9":"shipping-taxable","10":"product-type-simple"},"_links":{"self":[{"href":"https:\/\/uj.adatbank.ro\/lexikon\/wp-json\/wp\/v2\/product\/9210","targetHints":{"allow":["GET"]}}],"collection":[{"href":"https:\/\/uj.adatbank.ro\/lexikon\/wp-json\/wp\/v2\/product"}],"about":[{"href":"https:\/\/uj.adatbank.ro\/lexikon\/wp-json\/wp\/v2\/types\/product"}],"replies":[{"embeddable":true,"href":"https:\/\/uj.adatbank.ro\/lexikon\/wp-json\/wp\/v2\/comments?post=9210"}],"wp:attachment":[{"href":"https:\/\/uj.adatbank.ro\/lexikon\/wp-json\/wp\/v2\/media?parent=9210"}],"wp:term":[{"taxonomy":"product_brand","embeddable":true,"href":"https:\/\/uj.adatbank.ro\/lexikon\/wp-json\/wp\/v2\/product_brand?post=9210"},{"taxonomy":"product_cat","embeddable":true,"href":"https:\/\/uj.adatbank.ro\/lexikon\/wp-json\/wp\/v2\/product_cat?post=9210"},{"taxonomy":"product_tag","embeddable":true,"href":"https:\/\/uj.adatbank.ro\/lexikon\/wp-json\/wp\/v2\/product_tag?post=9210"}],"curies":[{"name":"wp","href":"https:\/\/api.w.org\/{rel}","templated":true}]}}

GUTHFREID András

<p>Mv., 1913., † ? : fémköszörűs, munkásigazgató. – Két gimn.-i oszt. végzett. Három éve dolgozott a Perjessy János tulajdonában levő Transilvania Jéggyárban (1945–), amely lényegében azonos volt a Transilvania Szövetkezettel -vajgyárral. Ez utóbbit nem államosították, mert szövetkezetként szerepelt a vállalatok listáján. Mindkét egység ugyanabban az épületben műkődött, igazgatója a tulajdonos, Perjessy János volt. Guthfreid – ot munkásigazgatóként nevezték ki az új vajgyár és jéggyár élére (1948. jún. 15). A RKP és a Fémmegmunkáló és Vegyész Szakszervezet tagja volt (1946–). <br /><strong>Irod.:</strong> Bartos Zoltán</br></p>

<p>Mv., 1913., † ? : fémköszörűs, munkásigazgató. – Két gimn.-i oszt. végzett. Három éve dolgozott a Perjessy János tulajdonában levő Transilvania Jéggyárban (1945–), amely lényegében azonos volt a Transilvania Szövetkezettel -vajgyárral. Ez utóbbit nem államosították, mert szövetkezetként szerepelt a vállalatok listáján. Mindkét egység ugyanabban az épületben műkődött, igazgatója a tulajdonos, Perjessy János volt. Guthfreid – [&hellip;]</p>
