{"id":9211,"date":"2025-06-29T10:52:57","date_gmt":"2025-06-29T08:52:57","guid":{"rendered":"https:\/\/uj.adatbank.ro\/lexikon\/termek\/guthi-istvan-kis-es-nagyguthi-guthy-istvan\/"},"modified":"2025-06-29T10:52:57","modified_gmt":"2025-06-29T08:52:57","slug":"guthi-istvan-kis-es-nagyguthi-guthy-istvan","status":"publish","type":"product","link":"https:\/\/uj.adatbank.ro\/lexikon\/termek\/guthi-istvan-kis-es-nagyguthi-guthy-istvan\/","title":{"rendered":"GUTHI Istv\u00e1n, kis \u2013 \u00e9s nagyguthi; Guthy Istv\u00e1n"},"content":{"rendered":"<p>? \u2020\u00a0? : alisp\u00e1n, kuruc kapit\u00e1ny. \u2013 Az egyes\u00edtett K\u00fcls\u0151szolnok, Kraszna \u00e9s K\u0151v\u00e1r vm. -\u00e9k alisp\u00e1nja, II. R\u00e1k\u00f3czi Ferenc h\u0171 embere \u00e9s egyik erd\u00e9lyi hadoszt\u00e1ly\u00e1nak vez\u00e9re, kapit\u00e1nya. A Maros ment\u00e9n szervezte meg csapatait, fell\u00e1z\u00edtotta Marossz\u00e9ket, megh\u00f3dol\u00e1sra b\u00edrta Udvarhelysz\u00e9ket (1703. v\u00e9g\u00e9n). Vezet\u00e9se alatt a kurucok bevett\u00e9k Mv. -et, pedig Rabutin t\u00e1bornok el\u0151z\u0151leg meger\u0151s\u00edtette a v\u00e1rost, a v\u00e1rba cs\u00e1sz\u00e1ri \u0151rs\u00e9get telep\u00edtett Botos Imre vezet\u00e9s\u00e9vel. A Guthi kurucai elfoglalt\u00e1k a v\u00e1rost (1704. jan. 3.), a jezsuita aty\u00e1k k\u00f6zbenj\u00e1r\u00e1s\u00e1ra v\u00e9g\u00fcl is visszavonultak, megk\u00edm\u00e9lt\u00e9k a v\u00e1rost a tov\u00e1bbi d\u00fal\u00e1st\u00f3l. Holdvil\u00e1gn\u00e1l s\u00falyos veres\u00e9get szenvedett a cs\u00e1sz\u00e1riakt\u00f3l (1704. jan. 28). Hosszabb ostrommal Mv.-en a v\u00e1r\u0151rs\u00e9g megadta mag\u00e1t, elfoglalta a v\u00e1rat (1704. \u00e1pr.) \u00e9s az a kurucok kez\u00e9n maradt (1705 \u0151sz\u00e9ig). A szatm\u00e1ri b\u00e9ke ut\u00e1n (1711) k\u00e9nytelen volt elb\u00fajdosni, birtokait elkobozt\u00e1k. Farkas nev\u0171 fi\u00e1nak, aki befoly\u00e1sos lett az udvarn\u00e1l, siker\u00fclt apj\u00e1nak kegyelmet szerezni. <br \/><strong>Irod.:<\/strong> Id\u0151t\u00e1r 1., 5 \/1.; Kr\u00f3n. F\u00fcz. (1940. 4\/10); Magyari Andr\u00e1s: A sz\u00e9kelys\u00e9g a II. R\u00e1k\u00f3czi Ferenc vezette szabads\u00e1gharcban  =  A sz\u00e9kelys\u00e9g t\u00f6rt\u00e9nete a 17\u201319 sz.-ban (Cs\u00edkszereda, 2001)<\/br><\/p>\n","protected":false},"excerpt":{"rendered":"<p>? \u2020\u00a0? : alisp\u00e1n, kuruc kapit\u00e1ny. \u2013 Az egyes\u00edtett K\u00fcls\u0151szolnok, Kraszna \u00e9s K\u0151v\u00e1r vm. -\u00e9k alisp\u00e1nja, II. R\u00e1k\u00f3czi Ferenc h\u0171 embere \u00e9s egyik erd\u00e9lyi hadoszt\u00e1ly\u00e1nak vez\u00e9re, kapit\u00e1nya. A Maros ment\u00e9n szervezte meg csapatait, fell\u00e1z\u00edtotta Marossz\u00e9ket, megh\u00f3dol\u00e1sra b\u00edrta Udvarhelysz\u00e9ket (1703. v\u00e9g\u00e9n). Vezet\u00e9se alatt a kurucok bevett\u00e9k Mv. -et, pedig Rabutin t\u00e1bornok el\u0151z\u0151leg meger\u0151s\u00edtette a v\u00e1rost, a [&hellip;]<\/p>\n","protected":false},"featured_media":0,"comment_status":"open","ping_status":"closed","template":"","meta":[],"product_brand":[],"product_cat":[137],"product_tag":[],"class_list":{"0":"post-9211","1":"product","2":"type-product","3":"status-publish","5":"product_cat-maros-megyei-eletrajzi-lexikon","7":"first","8":"instock","9":"shipping-taxable","10":"product-type-simple"},"_links":{"self":[{"href":"https:\/\/uj.adatbank.ro\/lexikon\/wp-json\/wp\/v2\/product\/9211","targetHints":{"allow":["GET"]}}],"collection":[{"href":"https:\/\/uj.adatbank.ro\/lexikon\/wp-json\/wp\/v2\/product"}],"about":[{"href":"https:\/\/uj.adatbank.ro\/lexikon\/wp-json\/wp\/v2\/types\/product"}],"replies":[{"embeddable":true,"href":"https:\/\/uj.adatbank.ro\/lexikon\/wp-json\/wp\/v2\/comments?post=9211"}],"wp:attachment":[{"href":"https:\/\/uj.adatbank.ro\/lexikon\/wp-json\/wp\/v2\/media?parent=9211"}],"wp:term":[{"taxonomy":"product_brand","embeddable":true,"href":"https:\/\/uj.adatbank.ro\/lexikon\/wp-json\/wp\/v2\/product_brand?post=9211"},{"taxonomy":"product_cat","embeddable":true,"href":"https:\/\/uj.adatbank.ro\/lexikon\/wp-json\/wp\/v2\/product_cat?post=9211"},{"taxonomy":"product_tag","embeddable":true,"href":"https:\/\/uj.adatbank.ro\/lexikon\/wp-json\/wp\/v2\/product_tag?post=9211"}],"curies":[{"name":"wp","href":"https:\/\/api.w.org\/{rel}","templated":true}]}}

GUTHI István, kis – és nagyguthi; Guthy István

<p>? † ? : alispán, kuruc kapitány. – Az egyesített Külsőszolnok, Kraszna és Kővár vm. -ék alispánja, II. Rákóczi Ferenc hű embere és egyik erdélyi hadosztályának vezére, kapitánya. A Maros mentén szervezte meg csapatait, fellázította Marosszéket, meghódolásra bírta Udvarhelyszéket (1703. végén). Vezetése alatt a kurucok bevették Mv. -et, pedig Rabutin tábornok előzőleg megerősítette a várost, a várba császári őrséget telepített Botos Imre vezetésével. A Guthi kurucai elfoglalták a várost (1704. jan. 3.), a jezsuita atyák közbenjárására végül is visszavonultak, megkímélték a várost a további dúlástól. Holdvilágnál súlyos vereséget szenvedett a császáriaktól (1704. jan. 28). Hosszabb ostrommal Mv.-en a várőrség megadta magát, elfoglalta a várat (1704. ápr.) és az a kurucok kezén maradt (1705 őszéig). A szatmári béke után (1711) kénytelen volt elbújdosni, birtokait elkobozták. Farkas nevű fiának, aki befolyásos lett az udvarnál, sikerült apjának kegyelmet szerezni. <br /><strong>Irod.:</strong> Időtár 1., 5 /1.; Krón. Füz. (1940. 4/10); Magyari András: A székelység a II. Rákóczi Ferenc vezette szabadságharcban  =  A székelység története a 17–19 sz.-ban (Csíkszereda, 2001)</br></p>

<p>? † ? : alispán, kuruc kapitány. – Az egyesített Külsőszolnok, Kraszna és Kővár vm. -ék alispánja, II. Rákóczi Ferenc hű embere és egyik erdélyi hadosztályának vezére, kapitánya. A Maros mentén szervezte meg csapatait, fellázította Marosszéket, meghódolásra bírta Udvarhelyszéket (1703. végén). Vezetése alatt a kurucok bevették Mv. -et, pedig Rabutin tábornok előzőleg megerősítette a várost, a [&hellip;]</p>
