{"id":9218,"date":"2025-06-29T10:53:11","date_gmt":"2025-06-29T08:53:11","guid":{"rendered":"https:\/\/uj.adatbank.ro\/lexikon\/termek\/guzner-miklos-%c2%a7\/"},"modified":"2025-06-29T10:53:11","modified_gmt":"2025-06-29T08:53:11","slug":"guzner-miklos-%c2%a7","status":"publish","type":"product","link":"https:\/\/uj.adatbank.ro\/lexikon\/termek\/guzner-miklos-%c2%a7\/","title":{"rendered":"GUZNER Mikl\u00f3s, \u00a7"},"content":{"rendered":"<p>Kv., 1905. j\u00fal. 9., \u2020 Mv., 1972. okt. 18.: orvos, fogorvos, egyetemi tan\u00e1r. \u2013 A k\u00f6z\u00e9piskol\u00e1t (1922) \u00e9s az egyetemet Kv.-on v\u00e9gezte, a kv.-i egy.-en orvosi oklevelet szerzett (1930), fogorvosi szakk\u00e9pes\u00edt\u00e9st Bp.-en nyert, amit t\u00f6bb k\u00fclf\u00f6ldi tanulm\u00e1ny sor\u00e1n gazdag\u00edtott. Mag\u00e1nfogorvos Kv.-on (1930\u201349), a v\u00e1rosi tan\u00e1cs eg\u00e9szs\u00e9g\u00fcgyi oszt\u00e1ly\u00e1nak f\u0151orvosa (1945\u201349), majd \u00fczemorvos. Bar\u00e1ti kapcsolatok f\u0171zt\u00e9k Ga\u00e1l G\u00e1borhoz, angol nyelvtud\u00e1s\u00e1val t\u00e1mogatta a Korunk szerkeszteset; r\u00e9szt vett a V\u00e1s\u00e1rhelyi Tal\u00e1lkoz\u00f3n (1937), majd a B\u00e9kep\u00e1rt antifasiszta akci\u00f3iban. Egyetemmel egy\u00fctt k\u00f6lt\u00f6z\u00f6tt Mv. -re, p\u00e1ly\u00e1j\u00e1t a MOGYI, a fogorvosi kar fogp\u00f3tl\u00e1stani tansz\u00e9k\u00e9n kezdte: el\u0151ad\u00f3tan\u00e1r (1949\u2013). Az ir\u00e1ny\u00edt\u00e1s\u00e1val kezdte el munk\u00e1j\u00e1t az \u00fajonnan alakult Sztomatol\u00f3giai szakon a Fogp\u00f3tl\u00e1stani Tansz\u00e9k (1962\u201369) \u00e9s Klinika. Elnyerte a professzori c\u00edmet (1968), egyetemi nyilv\u00e1nos rendes tan\u00e1r (1968\u201371) \u00e9s a gyermekfog\u00e1szati klinika igazgat\u00f3ja. Megkapta a doktor\u00e1tus vezet\u0151i jogot (1970), csak Ieremia Lucian v\u00e9dte meg n\u00e1la a doktori \u00e9rtekez\u00e9s\u00e9t (1970), a t\u00f6bbi doktorandusza Cs\u0151g\u00f6r prof. -n\u00e1l doktor\u00e1lt. Nyugd\u00edjaz\u00e1s\u00e1ig tartotta a m. nyelv\u0171 fogp\u00f3tl\u00e1stani el\u0151ad\u00e1sokat (1960\u201370), majd konzult\u00e1ns tan\u00e1rk\u00e9nt is v\u00e1llalt m\u00e9g hetente n\u00e9h\u00e1ny \u00f3ra el\u0151ad\u00e1st hal\u00e1l\u00e1ig (1972). Szakmunk\u00e1ss\u00e1g\u00e1ban a funkcion\u00e1lis \u00e9s biol\u00f3giai szeml\u00e9letet \u00e9rv\u00e9nyes\u00edtette, \u00fatt\u00f6r\u0151munk\u00e1t v\u00e9gzett a fogszuvasod\u00e1s megel\u0151z\u00e9s\u00e9nek tanulm\u00e1nyoz\u00e1s\u00e1ban. Orsz\u00e1gos els\u0151k\u00e9nt kezdem\u00e9nyezte a fogsz\u00favasod\u00e1s megel\u0151z\u00e9s\u00e9t az iv\u00f3v\u00edz fluoriz\u00e1l\u00e1s\u00e1nak m\u00f3dszer\u00e9vel. <strong>Cikkei:<\/strong> az EME Orvostudom\u00e1nyi Szakoszt\u00e1ly\u00e1nak \u00c9rtes\u00edt\u0151je, a Revista Dentistic\u0103 Rom\u00e2n\u0103, Orvosi Szemle-Revista Medical\u0103, Stomatologie. Sz\u00e1mos elismer\u00e9sben \u00e9s kit\u00fcntet\u00e9sben r\u00e9szes\u00fclt. \u2013 <strong>F. m.:<\/strong> Fog\u00e1szati anyagok (egy. jegyzet; Mv., 1951); <strong>t\u00e1rssz.:<\/strong> Sztomatologiai jegyzet (M\u00e9sz\u00e1ros G\u00e9z\u00e1val; Mv., 1954); Fog\u00e1szat Cs\u00f6g\u00f6r Lajossal, M\u00e9sz\u00e1ros G\u00e9z\u00e1val (egy. jegyzet; Mv., 1958). <br \/><strong>Irod.:<\/strong> Aranykorszak; Barab\u00e1s-P\u00e9ter M.\u2013P\u00e9ter H. M.; Genersich; Katona Szab\u00f3; Kiss-P. \u2013 P; P\u00e9ter Mih\u00e1ly 2006; Prof. dr. G. M. [Nekrol\u00f3g] (V. Z., 1972. okt. 20.); RMIL; Sz\u00f6ll\u0151si 2009; T\u00f3falvi Zolt\u00e1n: Az \u00e9rmih\u00e1lyfalvi csoport pere (II. r\u00e9sz) (Sz\u00e9kelyf\u00f6ld, 7. sz., 2007. j\u00fal.); \u00daM\u00c9L.<\/br><\/p>\n","protected":false},"excerpt":{"rendered":"<p>Kv., 1905. j\u00fal. 9., \u2020 Mv., 1972. okt. 18.: orvos, fogorvos, egyetemi tan\u00e1r. \u2013 A k\u00f6z\u00e9piskol\u00e1t (1922) \u00e9s az egyetemet Kv.-on v\u00e9gezte, a kv.-i egy.-en orvosi oklevelet szerzett (1930), fogorvosi szakk\u00e9pes\u00edt\u00e9st Bp.-en nyert, amit t\u00f6bb k\u00fclf\u00f6ldi tanulm\u00e1ny sor\u00e1n gazdag\u00edtott. Mag\u00e1nfogorvos Kv.-on (1930\u201349), a v\u00e1rosi tan\u00e1cs eg\u00e9szs\u00e9g\u00fcgyi oszt\u00e1ly\u00e1nak f\u0151orvosa (1945\u201349), majd \u00fczemorvos. Bar\u00e1ti kapcsolatok f\u0171zt\u00e9k Ga\u00e1l [&hellip;]<\/p>\n","protected":false},"featured_media":0,"comment_status":"open","ping_status":"closed","template":"","meta":[],"product_brand":[],"product_cat":[137],"product_tag":[],"class_list":{"0":"post-9218","1":"product","2":"type-product","3":"status-publish","5":"product_cat-maros-megyei-eletrajzi-lexikon","7":"first","8":"instock","9":"shipping-taxable","10":"product-type-simple"},"_links":{"self":[{"href":"https:\/\/uj.adatbank.ro\/lexikon\/wp-json\/wp\/v2\/product\/9218","targetHints":{"allow":["GET"]}}],"collection":[{"href":"https:\/\/uj.adatbank.ro\/lexikon\/wp-json\/wp\/v2\/product"}],"about":[{"href":"https:\/\/uj.adatbank.ro\/lexikon\/wp-json\/wp\/v2\/types\/product"}],"replies":[{"embeddable":true,"href":"https:\/\/uj.adatbank.ro\/lexikon\/wp-json\/wp\/v2\/comments?post=9218"}],"wp:attachment":[{"href":"https:\/\/uj.adatbank.ro\/lexikon\/wp-json\/wp\/v2\/media?parent=9218"}],"wp:term":[{"taxonomy":"product_brand","embeddable":true,"href":"https:\/\/uj.adatbank.ro\/lexikon\/wp-json\/wp\/v2\/product_brand?post=9218"},{"taxonomy":"product_cat","embeddable":true,"href":"https:\/\/uj.adatbank.ro\/lexikon\/wp-json\/wp\/v2\/product_cat?post=9218"},{"taxonomy":"product_tag","embeddable":true,"href":"https:\/\/uj.adatbank.ro\/lexikon\/wp-json\/wp\/v2\/product_tag?post=9218"}],"curies":[{"name":"wp","href":"https:\/\/api.w.org\/{rel}","templated":true}]}}

GUZNER Miklós, §

<p>Kv., 1905. júl. 9., † Mv., 1972. okt. 18.: orvos, fogorvos, egyetemi tanár. – A középiskolát (1922) és az egyetemet Kv.-on végezte, a kv.-i egy.-en orvosi oklevelet szerzett (1930), fogorvosi szakképesítést Bp.-en nyert, amit több külföldi tanulmány során gazdagított. Magánfogorvos Kv.-on (1930–49), a városi tanács egészségügyi osztályának főorvosa (1945–49), majd üzemorvos. Baráti kapcsolatok fűzték Gaál Gáborhoz, angol nyelvtudásával támogatta a Korunk szerkeszteset; részt vett a Vásárhelyi Találkozón (1937), majd a Békepárt antifasiszta akcióiban. Egyetemmel együtt költözött Mv. -re, pályáját a MOGYI, a fogorvosi kar fogpótlástani tanszékén kezdte: előadótanár (1949–). Az irányításával kezdte el munkáját az újonnan alakult Sztomatológiai szakon a Fogpótlástani Tanszék (1962–69) és Klinika. Elnyerte a professzori címet (1968), egyetemi nyilvános rendes tanár (1968–71) és a gyermekfogászati klinika igazgatója. Megkapta a doktorátus vezetői jogot (1970), csak Ieremia Lucian védte meg nála a doktori értekezését (1970), a többi doktorandusza Csőgör prof. -nál doktorált. Nyugdíjazásáig tartotta a m. nyelvű fogpótlástani előadásokat (1960–70), majd konzultáns tanárként is vállalt még hetente néhány óra előadást haláláig (1972). Szakmunkásságában a funkcionális és biológiai szemléletet érvényesítette, úttörőmunkát végzett a fogszuvasodás megelőzésének tanulmányozásában. Országos elsőként kezdeményezte a fogszúvasodás megelőzését az ivóvíz fluorizálásának módszerével. <strong>Cikkei:</strong> az EME Orvostudományi Szakosztályának Értesítője, a Revista Dentistică Română, Orvosi Szemle-Revista Medicală, Stomatologie. Számos elismerésben és kitüntetésben részesült. – <strong>F. m.:</strong> Fogászati anyagok (egy. jegyzet; Mv., 1951); <strong>társsz.:</strong> Sztomatologiai jegyzet (Mészáros Gézával; Mv., 1954); Fogászat Csögör Lajossal, Mészáros Gézával (egy. jegyzet; Mv., 1958). <br /><strong>Irod.:</strong> Aranykorszak; Barabás-Péter M.–Péter H. M.; Genersich; Katona Szabó; Kiss-P. – P; Péter Mihály 2006; Prof. dr. G. M. [Nekrológ] (V. Z., 1972. okt. 20.); RMIL; Szöllősi 2009; Tófalvi Zoltán: Az érmihályfalvi csoport pere (II. rész) (Székelyföld, 7. sz., 2007. júl.); ÚMÉL.</br></p>

<p>Kv., 1905. júl. 9., † Mv., 1972. okt. 18.: orvos, fogorvos, egyetemi tanár. – A középiskolát (1922) és az egyetemet Kv.-on végezte, a kv.-i egy.-en orvosi oklevelet szerzett (1930), fogorvosi szakképesítést Bp.-en nyert, amit több külföldi tanulmány során gazdagított. Magánfogorvos Kv.-on (1930–49), a városi tanács egészségügyi osztályának főorvosa (1945–49), majd üzemorvos. Baráti kapcsolatok fűzték Gaál [&hellip;]</p>
