{"id":9229,"date":"2025-06-29T10:53:32","date_gmt":"2025-06-29T08:53:32","guid":{"rendered":"https:\/\/uj.adatbank.ro\/lexikon\/termek\/gyalogi-janos-gyalogy-johannes\/"},"modified":"2025-06-29T10:53:32","modified_gmt":"2025-06-29T08:53:32","slug":"gyalogi-janos-gyalogy-johannes","status":"publish","type":"product","link":"https:\/\/uj.adatbank.ro\/lexikon\/termek\/gyalogi-janos-gyalogy-johannes\/","title":{"rendered":"GYALOGI J\u00e1nos, Gyalogy Johannes"},"content":{"rendered":"<p>Gy\u00f6ngy\u00f6s, 1685. jan. 6., \u2020 Buda, 1761. m\u00e1j. 29 : k\u00f6lt\u0151, jezsuita hitsz\u00f3nok, b\u00f6lcs\u00e9sztan\u00e1r, t\u00f6rt\u00e9n\u00e9sz. \u2013 A trencs\u00e9nyi jezsuita gimn.-ban volt nov\u00edcius \u00e9s l\u00e9pett a jezsuita rendbe (1701); a b\u00f6lcselet tanulm\u00e1nyoz\u00e1sa ut\u00e1n h\u00e1rom \u00e9vig tan\u00edtott K\u0151szegen. Kv.-on hallgattott a k\u00f6lt\u00e9szetet \u00e9s sz\u00f3noklatot; Nagyszombaton Szent Tam\u00e1s tanait hallgatta; b\u00f6lcsletb\u0151l doktori szigorlatot tett (1715). Beszterceb\u00e1ny\u00e1n majd Kv.-on tan\u00edtott. Mv.-en pr\u00e9dik\u00e1tor (1716\u201324). A ref. t\u00falsuly\u00fa v\u00e1rosban hat\u00e1sos sz\u00f3noklataival \u00e9s egy\u00e9b eszk\u00f6z\u00f6kkel terjesztette a katolikus hitet, m. Ciceronak is nevezt\u00e9k. A sz\u00e9kelyudvarhelyi rendh\u00e1z f\u0151n\u00f6ke (1724\u2013), Nagyszombatban hitsz\u00f3nok \u00e9s a papnevel\u0151 int. vezet\u0151je (1725\u2013), a kv.-i rendh\u00e1z f\u0151n\u00f6ke (1728\u2013), Nagyszombatban hitsz\u00f3nok ism\u00e9t (1730\u2013). \u00dajb\u00f3l Mv. -re rendelt\u00e9k, mint egyh\u00e1zi fel\u00fcgyel\u0151 vigy\u00e1zta a megkezdett jezsuita templom, a mai pl\u00e9b\u00e1nia \u00e9p\u00edtkez\u00e9s\u00e9t (melynek alapk\u00f6v\u00e9t m\u00e9g annakidej\u00e9n az \u0151 jelenl\u00e9t\u00e9ben tett\u00e9k le, 1728. aug. 12). R. kat. pap a r. k. tanoda \u00e9s nevelde igazgat\u00f3ja volt (1735\u201337). Sz\u00e9kelyudvarhelyre helyezt\u00e9k (1738\u201340; 1742\u201343), a szatm\u00e1ri rendh\u00e1z el\u00f6lj\u00e1r\u00f3ja (1740\u201341), Kv.-on, Egerben, Bud\u00e1n, P\u00e9csett, Kass\u00e1n, \u00fajb\u00f3l Sz\u00e9kelyudvarhelyen tev\u00e9kenykedett mint rendh\u00e1zf\u0151n\u00f6k, egyh\u00e1zi sz\u00f3nok. Bud\u00e1n vonult nyugd\u00edjba (1760). \u00cdrt latin \u00e9s m. verseket, szat\u00edr\u00e1kat, alkalmi k\u00f6ltem\u00e9nyeket. \u2013 <strong>F. m.:<\/strong> Maria augusta gemino Majestatis. (Tyrnaviae, 1712); Prima Jesu Societas Claudiopolitana. (Claudiopoli, 1715); Corona Joannaea. (Claudiopoli, 1715); Carmen augurale (Kv., 1719); Iter ad Templum. (Cibinii, 1719); Theophili romanocatolici, hungari. (Tyrnaviae, 1726); Keresztes vit\u00e9z. gr. v\u00e1rhegyi Keresztes M\u00e1rton halotti d\u00edcs\u00e9rete, 1728. febr. 19. (Kv., 1728); Opus Epigrannaticum. (Kv., 1728); Daciae spes, et deliciae, in Antonio e Toparchis Lazariis ostensae terris, et in ipso aetatis flore praeraeptae. (Tyrnaviae, 1730); Opusculum ortographicum. (Tyrnaviae, 1730); Sylvae (Kv., 1737); Inclytae et antiquissimae Siculorum Transylvaniae, magno Atilae Hunnorum duci (1738); Halotti praedikatzio. ifj, K\u00e1szoni b\u00e1r\u00f3 Bornemissza J\u00e1nos. felett. (Kv., 1747); Ad tumulum Pyladis. (Tyrnaviae, 1749); Emblemata et variae inscriptiones anno jubilaeo missionis S. J. Marosv\u00e1s\u00e1rhelyiensis (Claudiopoli, 1750); Reverendi Patris Stephani Csete. (Claudiopoli, 1750); Az orsolit\u00e1kn\u00e1l. (Kass\u00e1n, 1752); Ad Cassovienses collegii academici scholasticos. (Kassa, 1753); Panegyrici sanctorum. (Kassa, 1754); A II. R\u00e1k\u00f3czi Ferenc tisztelet\u00e9re emelt kolozsv\u00e1ri diadalkapur\u00f3l. Gy. J. korabeli k\u00f6lt\u0151, \u00edr\u00f3 feljegyz\u00e9se. Kiad. Varga Imre (Vigilia, 1965). <br \/><strong>Irod.:<\/strong> F\u00fcl\u00f6p\u2013Ferencz; Halotti besz\u00e9dek; Id\u0151t\u00e1r 1; Incze; Jezsuita \u00e9vk.; Kr\u00f3n. F\u00fcz. (1940. 4\/10); Millenniumi ki\u00e1ll.; Mv.-i R. K. okt.; OSZK katal\u00f3gus; R. k. okt. \u2013 1; R. k. okt. \u20132; R\u00e1cz 2009; Szinnyei; \u00daM\u00c9L<\/br><\/p>\n","protected":false},"excerpt":{"rendered":"<p>Gy\u00f6ngy\u00f6s, 1685. jan. 6., \u2020 Buda, 1761. m\u00e1j. 29 : k\u00f6lt\u0151, jezsuita hitsz\u00f3nok, b\u00f6lcs\u00e9sztan\u00e1r, t\u00f6rt\u00e9n\u00e9sz. \u2013 A trencs\u00e9nyi jezsuita gimn.-ban volt nov\u00edcius \u00e9s l\u00e9pett a jezsuita rendbe (1701); a b\u00f6lcselet tanulm\u00e1nyoz\u00e1sa ut\u00e1n h\u00e1rom \u00e9vig tan\u00edtott K\u0151szegen. Kv.-on hallgattott a k\u00f6lt\u00e9szetet \u00e9s sz\u00f3noklatot; Nagyszombaton Szent Tam\u00e1s tanait hallgatta; b\u00f6lcsletb\u0151l doktori szigorlatot tett (1715). Beszterceb\u00e1ny\u00e1n majd Kv.-on [&hellip;]<\/p>\n","protected":false},"featured_media":0,"comment_status":"open","ping_status":"closed","template":"","meta":[],"product_brand":[],"product_cat":[137],"product_tag":[],"class_list":{"0":"post-9229","1":"product","2":"type-product","3":"status-publish","5":"product_cat-maros-megyei-eletrajzi-lexikon","7":"first","8":"instock","9":"shipping-taxable","10":"product-type-simple"},"_links":{"self":[{"href":"https:\/\/uj.adatbank.ro\/lexikon\/wp-json\/wp\/v2\/product\/9229","targetHints":{"allow":["GET"]}}],"collection":[{"href":"https:\/\/uj.adatbank.ro\/lexikon\/wp-json\/wp\/v2\/product"}],"about":[{"href":"https:\/\/uj.adatbank.ro\/lexikon\/wp-json\/wp\/v2\/types\/product"}],"replies":[{"embeddable":true,"href":"https:\/\/uj.adatbank.ro\/lexikon\/wp-json\/wp\/v2\/comments?post=9229"}],"wp:attachment":[{"href":"https:\/\/uj.adatbank.ro\/lexikon\/wp-json\/wp\/v2\/media?parent=9229"}],"wp:term":[{"taxonomy":"product_brand","embeddable":true,"href":"https:\/\/uj.adatbank.ro\/lexikon\/wp-json\/wp\/v2\/product_brand?post=9229"},{"taxonomy":"product_cat","embeddable":true,"href":"https:\/\/uj.adatbank.ro\/lexikon\/wp-json\/wp\/v2\/product_cat?post=9229"},{"taxonomy":"product_tag","embeddable":true,"href":"https:\/\/uj.adatbank.ro\/lexikon\/wp-json\/wp\/v2\/product_tag?post=9229"}],"curies":[{"name":"wp","href":"https:\/\/api.w.org\/{rel}","templated":true}]}}

GYALOGI János, Gyalogy Johannes

<p>Gyöngyös, 1685. jan. 6., † Buda, 1761. máj. 29 : költő, jezsuita hitszónok, bölcsésztanár, történész. – A trencsényi jezsuita gimn.-ban volt novícius és lépett a jezsuita rendbe (1701); a bölcselet tanulmányozása után három évig tanított Kőszegen. Kv.-on hallgattott a költészetet és szónoklatot; Nagyszombaton Szent Tamás tanait hallgatta; bölcsletből doktori szigorlatot tett (1715). Besztercebányán majd Kv.-on tanított. Mv.-en prédikátor (1716–24). A ref. túlsulyú városban hatásos szónoklataival és egyéb eszközökkel terjesztette a katolikus hitet, m. Ciceronak is nevezték. A székelyudvarhelyi rendház főnöke (1724–), Nagyszombatban hitszónok és a papnevelő int. vezetője (1725–), a kv.-i rendház főnöke (1728–), Nagyszombatban hitszónok ismét (1730–). Újból Mv. -re rendelték, mint egyházi felügyelő vigyázta a megkezdett jezsuita templom, a mai plébánia építkezését (melynek alapkövét még annakidején az ő jelenlétében tették le, 1728. aug. 12). R. kat. pap a r. k. tanoda és nevelde igazgatója volt (1735–37). Székelyudvarhelyre helyezték (1738–40; 1742–43), a szatmári rendház elöljárója (1740–41), Kv.-on, Egerben, Budán, Pécsett, Kassán, újból Székelyudvarhelyen tevékenykedett mint rendházfőnök, egyházi szónok. Budán vonult nyugdíjba (1760). Írt latin és m. verseket, szatírákat, alkalmi költeményeket. – <strong>F. m.:</strong> Maria augusta gemino Majestatis. (Tyrnaviae, 1712); Prima Jesu Societas Claudiopolitana. (Claudiopoli, 1715); Corona Joannaea. (Claudiopoli, 1715); Carmen augurale (Kv., 1719); Iter ad Templum. (Cibinii, 1719); Theophili romanocatolici, hungari. (Tyrnaviae, 1726); Keresztes vitéz. gr. várhegyi Keresztes Márton halotti dícsérete, 1728. febr. 19. (Kv., 1728); Opus Epigrannaticum. (Kv., 1728); Daciae spes, et deliciae, in Antonio e Toparchis Lazariis ostensae terris, et in ipso aetatis flore praeraeptae. (Tyrnaviae, 1730); Opusculum ortographicum. (Tyrnaviae, 1730); Sylvae (Kv., 1737); Inclytae et antiquissimae Siculorum Transylvaniae, magno Atilae Hunnorum duci (1738); Halotti praedikatzio. ifj, Kászoni báró Bornemissza János. felett. (Kv., 1747); Ad tumulum Pyladis. (Tyrnaviae, 1749); Emblemata et variae inscriptiones anno jubilaeo missionis S. J. Marosvásárhelyiensis (Claudiopoli, 1750); Reverendi Patris Stephani Csete. (Claudiopoli, 1750); Az orsolitáknál. (Kassán, 1752); Ad Cassovienses collegii academici scholasticos. (Kassa, 1753); Panegyrici sanctorum. (Kassa, 1754); A II. Rákóczi Ferenc tiszteletére emelt kolozsvári diadalkapuról. Gy. J. korabeli költő, író feljegyzése. Kiad. Varga Imre (Vigilia, 1965). <br /><strong>Irod.:</strong> Fülöp–Ferencz; Halotti beszédek; Időtár 1; Incze; Jezsuita évk.; Krón. Füz. (1940. 4/10); Millenniumi kiáll.; Mv.-i R. K. okt.; OSZK katalógus; R. k. okt. – 1; R. k. okt. –2; Rácz 2009; Szinnyei; ÚMÉL</br></p>

<p>Gyöngyös, 1685. jan. 6., † Buda, 1761. máj. 29 : költő, jezsuita hitszónok, bölcsésztanár, történész. – A trencsényi jezsuita gimn.-ban volt novícius és lépett a jezsuita rendbe (1701); a bölcselet tanulmányozása után három évig tanított Kőszegen. Kv.-on hallgattott a költészetet és szónoklatot; Nagyszombaton Szent Tamás tanait hallgatta; bölcsletből doktori szigorlatot tett (1715). Besztercebányán majd Kv.-on [&hellip;]</p>
