{"id":9230,"date":"2025-06-29T10:53:35","date_gmt":"2025-06-29T08:53:35","guid":{"rendered":"https:\/\/uj.adatbank.ro\/lexikon\/termek\/gyalokay-lajos\/"},"modified":"2025-06-29T10:53:35","modified_gmt":"2025-06-29T08:53:35","slug":"gyalokay-lajos","status":"publish","type":"product","link":"https:\/\/uj.adatbank.ro\/lexikon\/termek\/gyalokay-lajos\/","title":{"rendered":"GYAL\u00d3KAY Lajos"},"content":{"rendered":"<p>Szalacs, 1825. nov. 13., \u2020\u00a01899: \u00fcgyv\u00e9d, honv\u00e9dhadnagy. \u2013 Mint Bem hadseg\u00e9de r\u00e9szt vett a besztercei, sepsiszentgy\u00fcrgyi, segesv\u00e1ri, b\u00e1nfihunyadi csat\u00e1kban. Pet\u0151fi mv. -r\u00f3l Segesv\u00e1rig egy kocsin utazott vele s az \u00fctk\u00f6zet alatt mellette \u00e1llott. A segesv\u00e1ri csat\u00e1ban szemtan\u00faja volt Pet\u0151fi menek\u00fcl\u00e9s\u00e9nek. Megyei szolg\u00e1latba \u00e1llt (1860), \u00fcgyv\u00e9d, k\u00e9pvisel\u0151, t\u00f6rv\u00e9nysz\u00e9ki eln\u00f6k. A biharmegyei R\u00e9g\u00e9szeti \u00e9s T\u00f6rt\u00e9nelmi Egylet \u00c9vk\u00f6nyv\u00e9ben jelent meg: Segesv\u00e1r \u00e9s Pet\u0151fi c. eml\u00e9kez\u00e9se. <br \/><strong>Irod.:<\/strong> Szinnyei; \u00daIL<\/br><\/p>\n","protected":false},"excerpt":{"rendered":"<p>Szalacs, 1825. nov. 13., \u2020\u00a01899: \u00fcgyv\u00e9d, honv\u00e9dhadnagy. \u2013 Mint Bem hadseg\u00e9de r\u00e9szt vett a besztercei, sepsiszentgy\u00fcrgyi, segesv\u00e1ri, b\u00e1nfihunyadi csat\u00e1kban. Pet\u0151fi mv. -r\u00f3l Segesv\u00e1rig egy kocsin utazott vele s az \u00fctk\u00f6zet alatt mellette \u00e1llott. A segesv\u00e1ri csat\u00e1ban szemtan\u00faja volt Pet\u0151fi menek\u00fcl\u00e9s\u00e9nek. Megyei szolg\u00e1latba \u00e1llt (1860), \u00fcgyv\u00e9d, k\u00e9pvisel\u0151, t\u00f6rv\u00e9nysz\u00e9ki eln\u00f6k. A biharmegyei R\u00e9g\u00e9szeti \u00e9s T\u00f6rt\u00e9nelmi Egylet \u00c9vk\u00f6nyv\u00e9ben [&hellip;]<\/p>\n","protected":false},"featured_media":0,"comment_status":"open","ping_status":"closed","template":"","meta":[],"product_brand":[],"product_cat":[137],"product_tag":[],"class_list":{"0":"post-9230","1":"product","2":"type-product","3":"status-publish","5":"product_cat-maros-megyei-eletrajzi-lexikon","7":"first","8":"instock","9":"shipping-taxable","10":"product-type-simple"},"_links":{"self":[{"href":"https:\/\/uj.adatbank.ro\/lexikon\/wp-json\/wp\/v2\/product\/9230","targetHints":{"allow":["GET"]}}],"collection":[{"href":"https:\/\/uj.adatbank.ro\/lexikon\/wp-json\/wp\/v2\/product"}],"about":[{"href":"https:\/\/uj.adatbank.ro\/lexikon\/wp-json\/wp\/v2\/types\/product"}],"replies":[{"embeddable":true,"href":"https:\/\/uj.adatbank.ro\/lexikon\/wp-json\/wp\/v2\/comments?post=9230"}],"wp:attachment":[{"href":"https:\/\/uj.adatbank.ro\/lexikon\/wp-json\/wp\/v2\/media?parent=9230"}],"wp:term":[{"taxonomy":"product_brand","embeddable":true,"href":"https:\/\/uj.adatbank.ro\/lexikon\/wp-json\/wp\/v2\/product_brand?post=9230"},{"taxonomy":"product_cat","embeddable":true,"href":"https:\/\/uj.adatbank.ro\/lexikon\/wp-json\/wp\/v2\/product_cat?post=9230"},{"taxonomy":"product_tag","embeddable":true,"href":"https:\/\/uj.adatbank.ro\/lexikon\/wp-json\/wp\/v2\/product_tag?post=9230"}],"curies":[{"name":"wp","href":"https:\/\/api.w.org\/{rel}","templated":true}]}}

GYALÓKAY Lajos

<p>Szalacs, 1825. nov. 13., † 1899: ügyvéd, honvédhadnagy. – Mint Bem hadsegéde részt vett a besztercei, sepsiszentgyürgyi, segesvári, bánfihunyadi csatákban. Petőfi mv. -ról Segesvárig egy kocsin utazott vele s az ütközet alatt mellette állott. A segesvári csatában szemtanúja volt Petőfi menekülésének. Megyei szolgálatba állt (1860), ügyvéd, képviselő, törvényszéki elnök. A biharmegyei Régészeti és Történelmi Egylet Évkönyvében jelent meg: Segesvár és Petőfi c. emlékezése. <br /><strong>Irod.:</strong> Szinnyei; ÚIL</br></p>

<p>Szalacs, 1825. nov. 13., † 1899: ügyvéd, honvédhadnagy. – Mint Bem hadsegéde részt vett a besztercei, sepsiszentgyürgyi, segesvári, bánfihunyadi csatákban. Petőfi mv. -ról Segesvárig egy kocsin utazott vele s az ütközet alatt mellette állott. A segesvári csatában szemtanúja volt Petőfi menekülésének. Megyei szolgálatba állt (1860), ügyvéd, képviselő, törvényszéki elnök. A biharmegyei Régészeti és Történelmi Egylet Évkönyvében [&hellip;]</p>
