{"id":9231,"date":"2025-06-29T10:53:39","date_gmt":"2025-06-29T08:53:39","guid":{"rendered":"https:\/\/uj.adatbank.ro\/lexikon\/termek\/gyalui-denes-beatus-dionysios-beatus-dyonysius-dionysius-de-gyalo\/"},"modified":"2025-06-29T10:53:39","modified_gmt":"2025-06-29T08:53:39","slug":"gyalui-denes-beatus-dionysios-beatus-dyonysius-dionysius-de-gyalo","status":"publish","type":"product","link":"https:\/\/uj.adatbank.ro\/lexikon\/termek\/gyalui-denes-beatus-dionysios-beatus-dyonysius-dionysius-de-gyalo\/","title":{"rendered":"GYALUI D\u00e9nes, Beatus Dionysios, Beatus Dyonysius, Dionysius de Gyalo"},"content":{"rendered":"<p>? \u2020 Sz\u00e9kelyh\u00e1za ma Marosszentkir\u00e1ly, 1526. A kolostor kript\u00e1j\u00e1ba temett\u00e9k: r. k. p\u00fcsp\u00f6k, seg\u00e9dp\u00fcsp\u00f6k, perjel. \u2013 Fenesi pl\u00e9b\u00e1nos. Sz\u00e9kesegyh\u00e1zi kanonok (1508. m\u00e1rc. 26). Argyasi c. p\u00fcsp\u00f6k (1512. okt. 29.) \u00e9s erd\u00e9lyi seg\u00e9dp\u00fcsp\u00f6k volt (1514\u201319). Lemondott a gyulafeh\u00e9rv\u00e1ri kanonoki rangj\u00e1r\u00f3l (1520), bel\u00e9pett a p\u00e1losok szerzetesrendj\u00e9be, \u00e9s a marosszentkir\u00e1lyi p\u00e1loskolostor perjele lett. A romos kolostort megjav\u00edtotta, kijav\u00edtatta. \u00dagy tisztelt\u00e9k, mint a boldogg\u00e1 avatottakat. A kr\u00f3nik\u00e1k Beatus Dionysios n\u00e9ven \u00edrtak r\u00f3la. A lalu hat\u00e1r\u00e1ban, Egerszegen, Sz\u00e9kesen, Udvarfalv\u00e1n, Szentann\u00e1n, F\u0171z\u00e9ren, T\u00f3falv\u00e1n, Szentgy\u00f6rgy\u00f6n, Csejden, Erny\u00e9n, Sz\u00e9kesen, Bergeny\u00e9ben kapott f\u00f6ldeket, h\u00e1zakat, malmokat \u00e9s m\u00e9g k\u00f6nyveket is a monostornak. <br \/><strong>Irod.:<\/strong> Darvas-Kozma J\u00f3zsef: A p\u00e1losok Erd\u00e9lyben (N\u00fa., Sz\u00ednes Vil\u00e1g, 2011. m\u00e1j. 7.); Ferenczi S\u00e1ndor 2009; L\u00e9sty\u00e1n Ferenc: Erd\u00e9ly egykori szent \u00e9let\u0171 seg\u00e9dp\u00fcsp\u00f6ke Marosszentkir\u00e1lyon (N\u00fa., 1997. m\u00e1j. 6.); L\u00e9sty\u00e1n \u2013 templomok 1.<\/br><\/p>\n","protected":false},"excerpt":{"rendered":"<p>? \u2020 Sz\u00e9kelyh\u00e1za ma Marosszentkir\u00e1ly, 1526. A kolostor kript\u00e1j\u00e1ba temett\u00e9k: r. k. p\u00fcsp\u00f6k, seg\u00e9dp\u00fcsp\u00f6k, perjel. \u2013 Fenesi pl\u00e9b\u00e1nos. Sz\u00e9kesegyh\u00e1zi kanonok (1508. m\u00e1rc. 26). Argyasi c. p\u00fcsp\u00f6k (1512. okt. 29.) \u00e9s erd\u00e9lyi seg\u00e9dp\u00fcsp\u00f6k volt (1514\u201319). Lemondott a gyulafeh\u00e9rv\u00e1ri kanonoki rangj\u00e1r\u00f3l (1520), bel\u00e9pett a p\u00e1losok szerzetesrendj\u00e9be, \u00e9s a marosszentkir\u00e1lyi p\u00e1loskolostor perjele lett. A romos kolostort megjav\u00edtotta, kijav\u00edtatta. [&hellip;]<\/p>\n","protected":false},"featured_media":0,"comment_status":"open","ping_status":"closed","template":"","meta":[],"product_brand":[],"product_cat":[137],"product_tag":[],"class_list":{"0":"post-9231","1":"product","2":"type-product","3":"status-publish","5":"product_cat-maros-megyei-eletrajzi-lexikon","7":"first","8":"instock","9":"shipping-taxable","10":"product-type-simple"},"_links":{"self":[{"href":"https:\/\/uj.adatbank.ro\/lexikon\/wp-json\/wp\/v2\/product\/9231","targetHints":{"allow":["GET"]}}],"collection":[{"href":"https:\/\/uj.adatbank.ro\/lexikon\/wp-json\/wp\/v2\/product"}],"about":[{"href":"https:\/\/uj.adatbank.ro\/lexikon\/wp-json\/wp\/v2\/types\/product"}],"replies":[{"embeddable":true,"href":"https:\/\/uj.adatbank.ro\/lexikon\/wp-json\/wp\/v2\/comments?post=9231"}],"wp:attachment":[{"href":"https:\/\/uj.adatbank.ro\/lexikon\/wp-json\/wp\/v2\/media?parent=9231"}],"wp:term":[{"taxonomy":"product_brand","embeddable":true,"href":"https:\/\/uj.adatbank.ro\/lexikon\/wp-json\/wp\/v2\/product_brand?post=9231"},{"taxonomy":"product_cat","embeddable":true,"href":"https:\/\/uj.adatbank.ro\/lexikon\/wp-json\/wp\/v2\/product_cat?post=9231"},{"taxonomy":"product_tag","embeddable":true,"href":"https:\/\/uj.adatbank.ro\/lexikon\/wp-json\/wp\/v2\/product_tag?post=9231"}],"curies":[{"name":"wp","href":"https:\/\/api.w.org\/{rel}","templated":true}]}}

GYALUI Dénes, Beatus Dionysios, Beatus Dyonysius, Dionysius de Gyalo

<p>? † Székelyháza ma Marosszentkirály, 1526. A kolostor kriptájába temették: r. k. püspök, segédpüspök, perjel. – Fenesi plébános. Székesegyházi kanonok (1508. márc. 26). Argyasi c. püspök (1512. okt. 29.) és erdélyi segédpüspök volt (1514–19). Lemondott a gyulafehérvári kanonoki rangjáról (1520), belépett a pálosok szerzetesrendjébe, és a marosszentkirályi páloskolostor perjele lett. A romos kolostort megjavította, kijavítatta. Úgy tisztelték, mint a boldoggá avatottakat. A krónikák Beatus Dionysios néven írtak róla. A lalu határában, Egerszegen, Székesen, Udvarfalván, Szentannán, Fűzéren, Tófalván, Szentgyörgyön, Csejden, Ernyén, Székesen, Bergenyében kapott földeket, házakat, malmokat és még könyveket is a monostornak. <br /><strong>Irod.:</strong> Darvas-Kozma József: A pálosok Erdélyben (Nú., Színes Világ, 2011. máj. 7.); Ferenczi Sándor 2009; Léstyán Ferenc: Erdély egykori szent életű segédpüspöke Marosszentkirályon (Nú., 1997. máj. 6.); Léstyán – templomok 1.</br></p>

<p>? † Székelyháza ma Marosszentkirály, 1526. A kolostor kriptájába temették: r. k. püspök, segédpüspök, perjel. – Fenesi plébános. Székesegyházi kanonok (1508. márc. 26). Argyasi c. püspök (1512. okt. 29.) és erdélyi segédpüspök volt (1514–19). Lemondott a gyulafehérvári kanonoki rangjáról (1520), belépett a pálosok szerzetesrendjébe, és a marosszentkirályi páloskolostor perjele lett. A romos kolostort megjavította, kijavítatta. [&hellip;]</p>
