{"id":9232,"date":"2025-06-29T10:53:42","date_gmt":"2025-06-29T08:53:42","guid":{"rendered":"https:\/\/uj.adatbank.ro\/lexikon\/termek\/gyalui-istvan\/"},"modified":"2025-06-29T10:53:42","modified_gmt":"2025-06-29T08:53:42","slug":"gyalui-istvan","status":"publish","type":"product","link":"https:\/\/uj.adatbank.ro\/lexikon\/termek\/gyalui-istvan\/","title":{"rendered":"GYALUI Istv\u00e1n"},"content":{"rendered":"<p>Mv., 1922. j\u00fal. 31., \u2020 Mv., 2010. jan. 7.: gy\u00f3gyszer\u00e9sz. \u2013 Gy. P\u00e1l fia. \u2013 Gyakornok apja gy\u00f3gyszert\u00e1r\u00e1ban, majd Ny\u00e1r\u00e1dszered\u00e1ban Kov\u00e1ts D\u00e9nes gy\u00f3gyszer\u00e9szn\u00e1l a Feh\u00e9r Kereszt gy\u00f3gyszert\u00e1rban. Szegeden kapott gy\u00f3gyszer\u00e9sz diplom\u00e1t a FJTE-en (1945. j\u00fan. 30). Mv.-en gy\u00f3gyszer\u00e9sz a csal\u00e1di M. Korona gy\u00f3gyszert\u00e1rban az \u00e1llamos\u00edt\u00e1sig. Tartom\u00e1nyi f\u0151gy\u00f3gyszer\u00e9ssz\u00e9 nevezt\u00e9k ki (1950. j\u00fal. 1. \u2013). A mv.-i Centrofarm gy\u00f3gyszerrakt\u00e1r f\u0151n\u00f6ke nyugd\u00edjaz\u00e1s\u00e1ig (1952. j\u00fal. 1. \u2013 1983. jan. 10.). a szegedi Gy\u00f3gyszertudom\u00e1nyi Kar gy\u00e9m\u00e1ntdiplom\u00e1val t\u00fcntette ki 60 \u00e9ves gy\u00f3gyszer\u00e9szeti tev\u00e9kenys\u00e9ge elismer\u00e9s\u00e9\u00fcl (2005. nov. 17.). <br \/><strong>Irod.:<\/strong> [Nekrol\u00f3g] (N\u00fa., 2010. jan. 10.); P\u00e9ter H. M.; P\u00e9ter H. M. 2013; P\u00e9ter H. M\u00e1ria: A gy\u00f3gyszer\u00e9szet metamorf\u00f3zisa (N\u00fa. 2006. febr. 7)<\/br><\/p>\n","protected":false},"excerpt":{"rendered":"<p>Mv., 1922. j\u00fal. 31., \u2020 Mv., 2010. jan. 7.: gy\u00f3gyszer\u00e9sz. \u2013 Gy. P\u00e1l fia. \u2013 Gyakornok apja gy\u00f3gyszert\u00e1r\u00e1ban, majd Ny\u00e1r\u00e1dszered\u00e1ban Kov\u00e1ts D\u00e9nes gy\u00f3gyszer\u00e9szn\u00e1l a Feh\u00e9r Kereszt gy\u00f3gyszert\u00e1rban. Szegeden kapott gy\u00f3gyszer\u00e9sz diplom\u00e1t a FJTE-en (1945. j\u00fan. 30). Mv.-en gy\u00f3gyszer\u00e9sz a csal\u00e1di M. Korona gy\u00f3gyszert\u00e1rban az \u00e1llamos\u00edt\u00e1sig. Tartom\u00e1nyi f\u0151gy\u00f3gyszer\u00e9ssz\u00e9 nevezt\u00e9k ki (1950. j\u00fal. 1. \u2013). A mv.-i [&hellip;]<\/p>\n","protected":false},"featured_media":0,"comment_status":"open","ping_status":"closed","template":"","meta":[],"product_brand":[],"product_cat":[137],"product_tag":[],"class_list":{"0":"post-9232","1":"product","2":"type-product","3":"status-publish","5":"product_cat-maros-megyei-eletrajzi-lexikon","7":"first","8":"instock","9":"shipping-taxable","10":"product-type-simple"},"_links":{"self":[{"href":"https:\/\/uj.adatbank.ro\/lexikon\/wp-json\/wp\/v2\/product\/9232","targetHints":{"allow":["GET"]}}],"collection":[{"href":"https:\/\/uj.adatbank.ro\/lexikon\/wp-json\/wp\/v2\/product"}],"about":[{"href":"https:\/\/uj.adatbank.ro\/lexikon\/wp-json\/wp\/v2\/types\/product"}],"replies":[{"embeddable":true,"href":"https:\/\/uj.adatbank.ro\/lexikon\/wp-json\/wp\/v2\/comments?post=9232"}],"wp:attachment":[{"href":"https:\/\/uj.adatbank.ro\/lexikon\/wp-json\/wp\/v2\/media?parent=9232"}],"wp:term":[{"taxonomy":"product_brand","embeddable":true,"href":"https:\/\/uj.adatbank.ro\/lexikon\/wp-json\/wp\/v2\/product_brand?post=9232"},{"taxonomy":"product_cat","embeddable":true,"href":"https:\/\/uj.adatbank.ro\/lexikon\/wp-json\/wp\/v2\/product_cat?post=9232"},{"taxonomy":"product_tag","embeddable":true,"href":"https:\/\/uj.adatbank.ro\/lexikon\/wp-json\/wp\/v2\/product_tag?post=9232"}],"curies":[{"name":"wp","href":"https:\/\/api.w.org\/{rel}","templated":true}]}}

GYALUI István

<p>Mv., 1922. júl. 31., † Mv., 2010. jan. 7.: gyógyszerész. – Gy. Pál fia. – Gyakornok apja gyógyszertárában, majd Nyárádszeredában Kováts Dénes gyógyszerésznál a Fehér Kereszt gyógyszertárban. Szegeden kapott gyógyszerész diplomát a FJTE-en (1945. jún. 30). Mv.-en gyógyszerész a családi M. Korona gyógyszertárban az államosításig. Tartományi főgyógyszerésszé nevezték ki (1950. júl. 1. –). A mv.-i Centrofarm gyógyszerraktár főnöke nyugdíjazásáig (1952. júl. 1. – 1983. jan. 10.). a szegedi Gyógyszertudományi Kar gyémántdiplomával tüntette ki 60 éves gyógyszerészeti tevékenysége elismeréséül (2005. nov. 17.). <br /><strong>Irod.:</strong> [Nekrológ] (Nú., 2010. jan. 10.); Péter H. M.; Péter H. M. 2013; Péter H. Mária: A gyógyszerészet metamorfózisa (Nú. 2006. febr. 7)</br></p>

<p>Mv., 1922. júl. 31., † Mv., 2010. jan. 7.: gyógyszerész. – Gy. Pál fia. – Gyakornok apja gyógyszertárában, majd Nyárádszeredában Kováts Dénes gyógyszerésznál a Fehér Kereszt gyógyszertárban. Szegeden kapott gyógyszerész diplomát a FJTE-en (1945. jún. 30). Mv.-en gyógyszerész a családi M. Korona gyógyszertárban az államosításig. Tartományi főgyógyszerésszé nevezték ki (1950. júl. 1. –). A mv.-i [&hellip;]</p>
