{"id":9233,"date":"2025-06-29T10:53:43","date_gmt":"2025-06-29T08:53:43","guid":{"rendered":"https:\/\/uj.adatbank.ro\/lexikon\/termek\/gyalui-pal\/"},"modified":"2025-06-29T10:53:43","modified_gmt":"2025-06-29T08:53:43","slug":"gyalui-pal","status":"publish","type":"product","link":"https:\/\/uj.adatbank.ro\/lexikon\/termek\/gyalui-pal\/","title":{"rendered":"GYALUI P\u00e1l"},"content":{"rendered":"<p>Gyalu, 1886. okt. 15., \u2020 Mv., 1970. m\u00e1j. 20. : gy\u00f3gyszer\u00e9sz. \u2013 Gy. Rosenberg Ign\u00e1c \u00e9s Krausz Berta. fia. Fi\u00fak: Istv\u00e1n. \u2013 Kv.-on tanult az Unit. F\u0151gimn.-ban \u00e9s a FJTE-en, ahol gy\u00f3gyszer\u00e9sz oklevelet kapott (1908). Gy\u00f3gyszer\u00e9sz volt Debrecenben, Szombathelyen, M\u00e1ramarosszigeten, Nagyv\u00e1radon, Kv.-on, Gyaluban. Mv.-en Korona gy\u00f3gyszert\u00e1r tulajdonosa \u00e9s vezet\u0151je, amit a Bindre-\u00f6r\u00f6k\u00f6s\u00f6kt\u0151l vett meg (1911. dec. 13. \u2013). Az 1760 \u2013ban nyilt mv.-i M. Korona gy\u00f3gyszert\u00e1r (Szentkir\u00e1ly \/ Kossuth Lajos u. 1., ) utols\u00f3 tulajdonosa (1915\u201349), ahol alkalmazott volt L\u00e1z\u00e1r Istv\u00e1n (1937\u201344), Illy\u00e9s Lajos (1944. j\u00fal. \u2013 aug.), Cs\u00facs K\u00e1roly (1944. nov. \u2013dec.), D\u00f3sa Istv\u00e1nn\u00e9 (1945\u201346), M\u00f3sa Roz\u00e1lia (1947\u201348). Fl\u00f3ra-kr\u00e9met, Fl\u00f3ra-h\u00f6lgyport, \u00e9s Fl\u00f3ra-szappant hirdetett. R\u00e9szt vett az I. vh.-ban (1915\u201316) a 62. gyalogezred hadnagyak\u00e9nt Mv.-en \u00e9s Nagyszebenben teljes\u00edtett szolg\u00e1latot, a forradalom ut\u00e1n szerelt le. \u00c1llami gy\u00f3gyszert\u00e1rak alkalmazottja lett az \u00e1llamos\u00edt\u00e1s ut\u00e1n nyugd\u00edjaz\u00e1s\u00e1ig (1949. \u00e1pr. 2. \u2013 1967). Bekapcsol\u00f3dott a v\u00e1ros \u00e9s a gy\u00f3gyszer\u00e9szek egyes\u00fcleti \u00e9let\u00e9be, a gy\u00f3gyszer\u00e9sz Kamara vezet\u0151s\u00e9gi tagja (1931), az MSE \u00fcgyvezet\u0151 alen\u00f6ke, a Nimr\u00f3d Vad\u00e1sz Egyes\u00fclet \u00fcgyvezet\u0151je. A Mv.-i Kaszin\u00f3 v\u00e1lasztm\u00e1nyi tagja (1932\u201348). <br \/><strong>Irod.:<\/strong> Bi\u00e1s Istv\u00e1n; De\u00e9 Nagy Anik\u00f3 2007; Erd\u00e9lyi ezredek; Id\u0151t\u00e1r 3; P\u00e9ter H. M.; P\u00e9ter H. M. 2013; P\u00e9ter H. M\u00e1ria: A gy\u00f3gyszer\u00e9szet metamorf\u00f3zisa (N\u00fa. 2006. febr. 7), Sipos; Szentgy\u00f6rgyi<\/br><\/p>\n","protected":false},"excerpt":{"rendered":"<p>Gyalu, 1886. okt. 15., \u2020 Mv., 1970. m\u00e1j. 20. : gy\u00f3gyszer\u00e9sz. \u2013 Gy. Rosenberg Ign\u00e1c \u00e9s Krausz Berta. fia. Fi\u00fak: Istv\u00e1n. \u2013 Kv.-on tanult az Unit. F\u0151gimn.-ban \u00e9s a FJTE-en, ahol gy\u00f3gyszer\u00e9sz oklevelet kapott (1908). Gy\u00f3gyszer\u00e9sz volt Debrecenben, Szombathelyen, M\u00e1ramarosszigeten, Nagyv\u00e1radon, Kv.-on, Gyaluban. Mv.-en Korona gy\u00f3gyszert\u00e1r tulajdonosa \u00e9s vezet\u0151je, amit a Bindre-\u00f6r\u00f6k\u00f6s\u00f6kt\u0151l vett meg (1911. [&hellip;]<\/p>\n","protected":false},"featured_media":0,"comment_status":"open","ping_status":"closed","template":"","meta":[],"product_brand":[],"product_cat":[137],"product_tag":[],"class_list":{"0":"post-9233","1":"product","2":"type-product","3":"status-publish","5":"product_cat-maros-megyei-eletrajzi-lexikon","7":"first","8":"instock","9":"shipping-taxable","10":"product-type-simple"},"_links":{"self":[{"href":"https:\/\/uj.adatbank.ro\/lexikon\/wp-json\/wp\/v2\/product\/9233","targetHints":{"allow":["GET"]}}],"collection":[{"href":"https:\/\/uj.adatbank.ro\/lexikon\/wp-json\/wp\/v2\/product"}],"about":[{"href":"https:\/\/uj.adatbank.ro\/lexikon\/wp-json\/wp\/v2\/types\/product"}],"replies":[{"embeddable":true,"href":"https:\/\/uj.adatbank.ro\/lexikon\/wp-json\/wp\/v2\/comments?post=9233"}],"wp:attachment":[{"href":"https:\/\/uj.adatbank.ro\/lexikon\/wp-json\/wp\/v2\/media?parent=9233"}],"wp:term":[{"taxonomy":"product_brand","embeddable":true,"href":"https:\/\/uj.adatbank.ro\/lexikon\/wp-json\/wp\/v2\/product_brand?post=9233"},{"taxonomy":"product_cat","embeddable":true,"href":"https:\/\/uj.adatbank.ro\/lexikon\/wp-json\/wp\/v2\/product_cat?post=9233"},{"taxonomy":"product_tag","embeddable":true,"href":"https:\/\/uj.adatbank.ro\/lexikon\/wp-json\/wp\/v2\/product_tag?post=9233"}],"curies":[{"name":"wp","href":"https:\/\/api.w.org\/{rel}","templated":true}]}}

GYALUI Pál

<p>Gyalu, 1886. okt. 15., † Mv., 1970. máj. 20. : gyógyszerész. – Gy. Rosenberg Ignác és Krausz Berta. fia. Fiúk: István. – Kv.-on tanult az Unit. Főgimn.-ban és a FJTE-en, ahol gyógyszerész oklevelet kapott (1908). Gyógyszerész volt Debrecenben, Szombathelyen, Máramarosszigeten, Nagyváradon, Kv.-on, Gyaluban. Mv.-en Korona gyógyszertár tulajdonosa és vezetője, amit a Bindre-örökösöktől vett meg (1911. dec. 13. –). Az 1760 –ban nyilt mv.-i M. Korona gyógyszertár (Szentkirály / Kossuth Lajos u. 1., ) utolsó tulajdonosa (1915–49), ahol alkalmazott volt Lázár István (1937–44), Illyés Lajos (1944. júl. – aug.), Csúcs Károly (1944. nov. –dec.), Dósa Istvánné (1945–46), Mósa Rozália (1947–48). Flóra-krémet, Flóra-hölgyport, és Flóra-szappant hirdetett. Részt vett az I. vh.-ban (1915–16) a 62. gyalogezred hadnagyaként Mv.-en és Nagyszebenben teljesített szolgálatot, a forradalom után szerelt le. Állami gyógyszertárak alkalmazottja lett az államosítás után nyugdíjazásáig (1949. ápr. 2. – 1967). Bekapcsolódott a város és a gyógyszerészek egyesületi életébe, a gyógyszerész Kamara vezetőségi tagja (1931), az MSE ügyvezető alenöke, a Nimród Vadász Egyesület ügyvezetője. A Mv.-i Kaszinó választmányi tagja (1932–48). <br /><strong>Irod.:</strong> Biás István; Deé Nagy Anikó 2007; Erdélyi ezredek; Időtár 3; Péter H. M.; Péter H. M. 2013; Péter H. Mária: A gyógyszerészet metamorfózisa (Nú. 2006. febr. 7), Sipos; Szentgyörgyi</br></p>

<p>Gyalu, 1886. okt. 15., † Mv., 1970. máj. 20. : gyógyszerész. – Gy. Rosenberg Ignác és Krausz Berta. fia. Fiúk: István. – Kv.-on tanult az Unit. Főgimn.-ban és a FJTE-en, ahol gyógyszerész oklevelet kapott (1908). Gyógyszerész volt Debrecenben, Szombathelyen, Máramarosszigeten, Nagyváradon, Kv.-on, Gyaluban. Mv.-en Korona gyógyszertár tulajdonosa és vezetője, amit a Bindre-örökösöktől vett meg (1911. [&hellip;]</p>
