{"id":9237,"date":"2025-06-29T10:53:52","date_gmt":"2025-06-29T08:53:52","guid":{"rendered":"https:\/\/uj.adatbank.ro\/lexikon\/termek\/gyarfas-domokos-leczfalvi\/"},"modified":"2025-06-29T10:53:52","modified_gmt":"2025-06-29T08:53:52","slug":"gyarfas-domokos-leczfalvi","status":"publish","type":"product","link":"https:\/\/uj.adatbank.ro\/lexikon\/termek\/gyarfas-domokos-leczfalvi\/","title":{"rendered":"GY\u00c1RF\u00c1S Domokos, l\u00e9czfalvi"},"content":{"rendered":"<p>Mv., 1814. m\u00e1j. 10., \u2020 Segesv\u00e1r, 1895. j\u00fan. 6. Sz\u00e9kelykereszt\u00faron a csal\u00e1di s\u00edrkertben temett\u00e9k: f\u00f6ldbirtokos. \u2013 A ref. koll. f\u0151gondnok \u2013 Gy. J\u00f3zsef (1769\u20131829) \u00e9s br. Zeyk Katalin fia. Testv\u00e9re: Anna br. B\u00e1nffy D\u00e1nieln\u00e9. Feles\u00e9ge br. Kem\u00e9ny Polix\u00e9nia (1821\u20131886). Gyermekeik: Endre, feles\u00e9ge s\u00e1ros-magyarberkeszi Katona Ilona; Malvin; Anna, losonczi br. B\u00e1nffy D\u00e1nieln\u00e9. \u2013 Tanulm\u00e1nyait Kv.-on kezdte, B\u00e9csben folytatta majd Mv.-en fejezte be. Joggyakornok a mv.-i Kir\u00e1lyi T\u00e1bl\u00e1n\u00e1l (1833\u2013), majd Felfaluban szer\u00e9ny birtok\u00e1n gazd\u00e1lkodott. A Mv.-i Kaszin\u00f3 alap\u00edt\u00f3tagja (1832). Mint nemzet\u0151r\u0151rnagy szolg\u00e1lt a 48-as forradalomban, k\u00f6zrem\u0171k\u00f6d\u00f6tt a honv\u00e9ds\u00e9g megszervez\u00e9s\u00e9ben. Egy ideig az osztr\u00e1kok t\u00faszak\u00e9nt Nagyszebenben fogoly, innen kiszabadulva Kv.-ra k\u00f6lt\u00f6z\u00f6tt, ahol a ref. egyh\u00e1zban \u00e9s az EGE-ben tev\u00e9kenykedett. Sz\u00e9kelykereszt\u00faron telepedett le (1862). Mint az udvarhelyi \u00e9s g\u00f6rg\u00e9nyi egyh\u00e1zmegy\u00e9k, az udvarhelyi Ref. Koll. f\u0151gondnoka, Udvarhelysz\u00e9k biz. tagja, l\u00f3teny\u00e9szt\u00e9si egyes\u00fclet\u00e9nek eln\u00f6ke m\u0171k\u00f6d\u00f6tt. R\u00e9szt vett az Erd\u00e9lyi Ref. Egyh\u00e1zker\u00fclet k\u00f6zgy\u0171l\u00e9s\u00e9n Kv.-on (1888) a g\u00f6rg\u00e9nyi egyh\u00e1zker\u00fclet r\u00e9sz\u00e9r\u0151l. Megkapta a 3. o. vaskorona rendet (1882). \u00c9lete utols\u00f3 \u00e9veit Segesv\u00e1ron t\u00f6lt\u00f6tte le\u00e1ny\u00e1n\u00e1l. \u2013 <strong>F. m.:<\/strong> Tan\u00e1r beiktat\u00f3 besz\u00e9dje: Paal Ferenc \u00e9s Jenei Viktor beiktat\u00e1sakor, ezeknek bek\u00f6sz\u00f6nt\u0151 \u00e9rtekez\u00e9seivel (Mv., 1867). <br \/><strong>Irod.:<\/strong> Bi\u00e1s Istv\u00e1n; Az Erd\u00e9lyi Ref. Egyh\u00e1zker\u00fclet k\u00f6zgy\u0171l\u00e9s\u00e9nek jegyz\u0151k\u00f6nyve (Kv, 1888); Guly\u00e1s; Gy\u00e1szjelent\u0151; Szinnyei<\/br><\/p>\n","protected":false},"excerpt":{"rendered":"<p>Mv., 1814. m\u00e1j. 10., \u2020 Segesv\u00e1r, 1895. j\u00fan. 6. Sz\u00e9kelykereszt\u00faron a csal\u00e1di s\u00edrkertben temett\u00e9k: f\u00f6ldbirtokos. \u2013 A ref. koll. f\u0151gondnok \u2013 Gy. J\u00f3zsef (1769\u20131829) \u00e9s br. Zeyk Katalin fia. Testv\u00e9re: Anna br. B\u00e1nffy D\u00e1nieln\u00e9. Feles\u00e9ge br. Kem\u00e9ny Polix\u00e9nia (1821\u20131886). Gyermekeik: Endre, feles\u00e9ge s\u00e1ros-magyarberkeszi Katona Ilona; Malvin; Anna, losonczi br. B\u00e1nffy D\u00e1nieln\u00e9. \u2013 Tanulm\u00e1nyait Kv.-on kezdte, [&hellip;]<\/p>\n","protected":false},"featured_media":0,"comment_status":"open","ping_status":"closed","template":"","meta":[],"product_brand":[],"product_cat":[137],"product_tag":[],"class_list":{"0":"post-9237","1":"product","2":"type-product","3":"status-publish","5":"product_cat-maros-megyei-eletrajzi-lexikon","7":"first","8":"instock","9":"shipping-taxable","10":"product-type-simple"},"_links":{"self":[{"href":"https:\/\/uj.adatbank.ro\/lexikon\/wp-json\/wp\/v2\/product\/9237","targetHints":{"allow":["GET"]}}],"collection":[{"href":"https:\/\/uj.adatbank.ro\/lexikon\/wp-json\/wp\/v2\/product"}],"about":[{"href":"https:\/\/uj.adatbank.ro\/lexikon\/wp-json\/wp\/v2\/types\/product"}],"replies":[{"embeddable":true,"href":"https:\/\/uj.adatbank.ro\/lexikon\/wp-json\/wp\/v2\/comments?post=9237"}],"wp:attachment":[{"href":"https:\/\/uj.adatbank.ro\/lexikon\/wp-json\/wp\/v2\/media?parent=9237"}],"wp:term":[{"taxonomy":"product_brand","embeddable":true,"href":"https:\/\/uj.adatbank.ro\/lexikon\/wp-json\/wp\/v2\/product_brand?post=9237"},{"taxonomy":"product_cat","embeddable":true,"href":"https:\/\/uj.adatbank.ro\/lexikon\/wp-json\/wp\/v2\/product_cat?post=9237"},{"taxonomy":"product_tag","embeddable":true,"href":"https:\/\/uj.adatbank.ro\/lexikon\/wp-json\/wp\/v2\/product_tag?post=9237"}],"curies":[{"name":"wp","href":"https:\/\/api.w.org\/{rel}","templated":true}]}}