{"id":9238,"date":"2025-06-29T10:53:53","date_gmt":"2025-06-29T08:53:53","guid":{"rendered":"https:\/\/uj.adatbank.ro\/lexikon\/termek\/gyarfas-elek-lecfalvi\/"},"modified":"2025-06-29T10:53:53","modified_gmt":"2025-06-29T08:53:53","slug":"gyarfas-elek-lecfalvi","status":"publish","type":"product","link":"https:\/\/uj.adatbank.ro\/lexikon\/termek\/gyarfas-elek-lecfalvi\/","title":{"rendered":"GY\u00c1RF\u00c1S Elek, l\u00e9cfalvi"},"content":{"rendered":"<p>? \u2020\u00a0Szancsal, 1848. okt. 13.: szolgab\u00edr\u00f3. \u2013 Gy. Ferenc fia. \u2013 Kir. t\u00f6rv\u00e9nysz\u00e9ki t\u00e1bla t. sz\u00e1mfeletti b\u00edr\u00e1ja. Az abosfalvi Fels\u0151 Sz\u0151l\u0151hegyen volt \u201er\u00e9szecsk\u00e9je\u201d (Pesty). Kir. hivatalos az erd\u00e9lyi 1848. \u00e9vi utols\u00f3 rendi ogy. -sen (Kv., 1848. m\u00e1j. 29. -j\u00fal. 18.). Szolgab\u00edr\u00f3, a fell\u00e1zadt rom\u00e1n parasztok Szancsalban meggyilkolt\u00e1k (1848. okt. 13). \u2013 <strong>F. m.:<\/strong> <strong>antol\u00f3g.:<\/strong> Sz\u00edve ki\u00f6ml\u00e9se a\u2019 Maros V\u00e1s\u00e1rhelyi Ref. Koll\u00e9gyomb\u00e9li ifi\u00fas\u00e1g\u00e1nak egy kedves attya hal\u00e1l\u00e1n [Gr. Kem\u00e9ny Mikl\u00f3s]. (Mv., 1829). <br \/><strong>Irod.:<\/strong> Breit J\u00f3zsef: Mo. 1848\u201349 \u00e9vi f\u00fcggetlens\u00e9gi harc\u00e1nak katonai t\u00f6rt\u00e9nete 1. (Bp., 1897\u201398); Egyed \u00c1.: Erd\u00e9ly 1848. ogy.; Egyed \u00c1kos: Erd\u00e9ly metamorf\u00f3zisa a hossz\u00fa 19. sz.-ban (Cs\u00edkszereda, 2004); F\u00fcl\u00f6p\u2013Ferencz; Gy\u00e1szjelent\u0151; Pesty 2014<\/br><\/p>\n","protected":false},"excerpt":{"rendered":"<p>? \u2020\u00a0Szancsal, 1848. okt. 13.: szolgab\u00edr\u00f3. \u2013 Gy. Ferenc fia. \u2013 Kir. t\u00f6rv\u00e9nysz\u00e9ki t\u00e1bla t. sz\u00e1mfeletti b\u00edr\u00e1ja. Az abosfalvi Fels\u0151 Sz\u0151l\u0151hegyen volt \u201er\u00e9szecsk\u00e9je\u201d (Pesty). Kir. hivatalos az erd\u00e9lyi 1848. \u00e9vi utols\u00f3 rendi ogy. -sen (Kv., 1848. m\u00e1j. 29. -j\u00fal. 18.). Szolgab\u00edr\u00f3, a fell\u00e1zadt rom\u00e1n parasztok Szancsalban meggyilkolt\u00e1k (1848. okt. 13). \u2013 F. m.: antol\u00f3g.: Sz\u00edve [&hellip;]<\/p>\n","protected":false},"featured_media":0,"comment_status":"open","ping_status":"closed","template":"","meta":[],"product_brand":[],"product_cat":[137],"product_tag":[],"class_list":{"0":"post-9238","1":"product","2":"type-product","3":"status-publish","5":"product_cat-maros-megyei-eletrajzi-lexikon","7":"first","8":"instock","9":"shipping-taxable","10":"product-type-simple"},"_links":{"self":[{"href":"https:\/\/uj.adatbank.ro\/lexikon\/wp-json\/wp\/v2\/product\/9238","targetHints":{"allow":["GET"]}}],"collection":[{"href":"https:\/\/uj.adatbank.ro\/lexikon\/wp-json\/wp\/v2\/product"}],"about":[{"href":"https:\/\/uj.adatbank.ro\/lexikon\/wp-json\/wp\/v2\/types\/product"}],"replies":[{"embeddable":true,"href":"https:\/\/uj.adatbank.ro\/lexikon\/wp-json\/wp\/v2\/comments?post=9238"}],"wp:attachment":[{"href":"https:\/\/uj.adatbank.ro\/lexikon\/wp-json\/wp\/v2\/media?parent=9238"}],"wp:term":[{"taxonomy":"product_brand","embeddable":true,"href":"https:\/\/uj.adatbank.ro\/lexikon\/wp-json\/wp\/v2\/product_brand?post=9238"},{"taxonomy":"product_cat","embeddable":true,"href":"https:\/\/uj.adatbank.ro\/lexikon\/wp-json\/wp\/v2\/product_cat?post=9238"},{"taxonomy":"product_tag","embeddable":true,"href":"https:\/\/uj.adatbank.ro\/lexikon\/wp-json\/wp\/v2\/product_tag?post=9238"}],"curies":[{"name":"wp","href":"https:\/\/api.w.org\/{rel}","templated":true}]}}

GYÁRFÁS Elek, lécfalvi

<p>? † Szancsal, 1848. okt. 13.: szolgabíró. – Gy. Ferenc fia. – Kir. törvényszéki tábla t. számfeletti bírája. Az abosfalvi Felső Szőlőhegyen volt „részecskéje” (Pesty). Kir. hivatalos az erdélyi 1848. évi utolsó rendi ogy. -sen (Kv., 1848. máj. 29. -júl. 18.). Szolgabíró, a fellázadt román parasztok Szancsalban meggyilkolták (1848. okt. 13). – <strong>F. m.:</strong> <strong>antológ.:</strong> Szíve kiömlése a’ Maros Vásárhelyi Ref. Kollégyombéli ifiúságának egy kedves attya halálán [Gr. Kemény Miklós]. (Mv., 1829). <br /><strong>Irod.:</strong> Breit József: Mo. 1848–49 évi függetlenségi harcának katonai története 1. (Bp., 1897–98); Egyed Á.: Erdély 1848. ogy.; Egyed Ákos: Erdély metamorfózisa a hosszú 19. sz.-ban (Csíkszereda, 2004); Fülöp–Ferencz; Gyászjelentő; Pesty 2014</br></p>

<p>? † Szancsal, 1848. okt. 13.: szolgabíró. – Gy. Ferenc fia. – Kir. törvényszéki tábla t. számfeletti bírája. Az abosfalvi Felső Szőlőhegyen volt „részecskéje” (Pesty). Kir. hivatalos az erdélyi 1848. évi utolsó rendi ogy. -sen (Kv., 1848. máj. 29. -júl. 18.). Szolgabíró, a fellázadt román parasztok Szancsalban meggyilkolták (1848. okt. 13). – F. m.: antológ.: Szíve [&hellip;]</p>
