{"id":9246,"date":"2025-06-29T10:54:08","date_gmt":"2025-06-29T08:54:08","guid":{"rendered":"https:\/\/uj.adatbank.ro\/lexikon\/termek\/gyarfas-lajos-miklos-gyarfas-l-miklos\/"},"modified":"2025-06-29T10:54:08","modified_gmt":"2025-06-29T08:54:08","slug":"gyarfas-lajos-miklos-gyarfas-l-miklos","status":"publish","type":"product","link":"https:\/\/uj.adatbank.ro\/lexikon\/termek\/gyarfas-lajos-miklos-gyarfas-l-miklos\/","title":{"rendered":"GY\u00c1RF\u00c1S Lajos Mikl\u00f3s, Gy\u00e1rf\u00e1s L. Mikl\u00f3s"},"content":{"rendered":"<p>Sz\u00e9kelyudvarhely, 1939. szept. 29., \u2020\u00a0Mv., 2017. m\u00e1j.: jog\u00e1sz, \u00fajs\u00e1g\u00edr\u00f3, m\u0171kedvel\u0151 k\u00e9pz\u0151m\u0171v\u00e9sz. \u2013 Feles\u00e9ge: Katalin-k\u00f6nyvel\u0151 (1964). \u2013 Kv.-on BBTE jogi kar\u00e1n v\u00e9gzett (1969). Tisztvisel\u0151 a T\u00f6rv\u00e9nysz\u00e9ken, k\u00f6zgazd\u00e1sz, jogtan\u00e1csos. a Mv.-i Higi\u00e9na Sz\u00f6vetkezett\u0151l vonult nyugd\u00edjba. A N\u00fa., k\u00fcls\u0151 munkat\u00e1rsa. K\u00f6z\u00f6lt humoros \u00edr\u00e1sokat, karikatur\u00e1kat, m\u0171v\u00e9szekr\u0151l, \u00edr\u00f3kr\u00f3l, tud\u00f3sokr\u00f3l. \u2013 <strong>F. m.:<\/strong> K\u00e9p a keretben c. interj\u00fa sorozata a V. Z.-ban, ki\u00e1ll\u00edt\u00e1sa Mv.-en, Kv.-on a Korunk gal\u00e9ri\u00e1ban; G\u00f6rbe pantheon (Mv., 2013). <br \/><strong>Irod.:<\/strong> EMKK 2010; Gy\u00e1rf\u00e1s 2013<\/br><\/p>\n","protected":false},"excerpt":{"rendered":"<p>Sz\u00e9kelyudvarhely, 1939. szept. 29., \u2020\u00a0Mv., 2017. m\u00e1j.: jog\u00e1sz, \u00fajs\u00e1g\u00edr\u00f3, m\u0171kedvel\u0151 k\u00e9pz\u0151m\u0171v\u00e9sz. \u2013 Feles\u00e9ge: Katalin-k\u00f6nyvel\u0151 (1964). \u2013 Kv.-on BBTE jogi kar\u00e1n v\u00e9gzett (1969). Tisztvisel\u0151 a T\u00f6rv\u00e9nysz\u00e9ken, k\u00f6zgazd\u00e1sz, jogtan\u00e1csos. a Mv.-i Higi\u00e9na Sz\u00f6vetkezett\u0151l vonult nyugd\u00edjba. A N\u00fa., k\u00fcls\u0151 munkat\u00e1rsa. K\u00f6z\u00f6lt humoros \u00edr\u00e1sokat, karikatur\u00e1kat, m\u0171v\u00e9szekr\u0151l, \u00edr\u00f3kr\u00f3l, tud\u00f3sokr\u00f3l. \u2013 F. m.: K\u00e9p a keretben c. interj\u00fa sorozata a V. [&hellip;]<\/p>\n","protected":false},"featured_media":0,"comment_status":"open","ping_status":"closed","template":"","meta":[],"product_brand":[],"product_cat":[137],"product_tag":[],"class_list":{"0":"post-9246","1":"product","2":"type-product","3":"status-publish","5":"product_cat-maros-megyei-eletrajzi-lexikon","7":"first","8":"instock","9":"shipping-taxable","10":"product-type-simple"},"_links":{"self":[{"href":"https:\/\/uj.adatbank.ro\/lexikon\/wp-json\/wp\/v2\/product\/9246","targetHints":{"allow":["GET"]}}],"collection":[{"href":"https:\/\/uj.adatbank.ro\/lexikon\/wp-json\/wp\/v2\/product"}],"about":[{"href":"https:\/\/uj.adatbank.ro\/lexikon\/wp-json\/wp\/v2\/types\/product"}],"replies":[{"embeddable":true,"href":"https:\/\/uj.adatbank.ro\/lexikon\/wp-json\/wp\/v2\/comments?post=9246"}],"wp:attachment":[{"href":"https:\/\/uj.adatbank.ro\/lexikon\/wp-json\/wp\/v2\/media?parent=9246"}],"wp:term":[{"taxonomy":"product_brand","embeddable":true,"href":"https:\/\/uj.adatbank.ro\/lexikon\/wp-json\/wp\/v2\/product_brand?post=9246"},{"taxonomy":"product_cat","embeddable":true,"href":"https:\/\/uj.adatbank.ro\/lexikon\/wp-json\/wp\/v2\/product_cat?post=9246"},{"taxonomy":"product_tag","embeddable":true,"href":"https:\/\/uj.adatbank.ro\/lexikon\/wp-json\/wp\/v2\/product_tag?post=9246"}],"curies":[{"name":"wp","href":"https:\/\/api.w.org\/{rel}","templated":true}]}}

GYÁRFÁS Lajos Miklós, Gyárfás L. Miklós

<p>Székelyudvarhely, 1939. szept. 29., † Mv., 2017. máj.: jogász, újságíró, műkedvelő képzőművész. – Felesége: Katalin-könyvelő (1964). – Kv.-on BBTE jogi karán végzett (1969). Tisztviselő a Törvényszéken, közgazdász, jogtanácsos. a Mv.-i Higiéna Szövetkezettől vonult nyugdíjba. A Nú., külső munkatársa. Közölt humoros írásokat, karikaturákat, művészekről, írókról, tudósokról. – <strong>F. m.:</strong> Kép a keretben c. interjú sorozata a V. Z.-ban, kiállítása Mv.-en, Kv.-on a Korunk galériában; Görbe pantheon (Mv., 2013). <br /><strong>Irod.:</strong> EMKK 2010; Gyárfás 2013</br></p>

<p>Székelyudvarhely, 1939. szept. 29., † Mv., 2017. máj.: jogász, újságíró, műkedvelő képzőművész. – Felesége: Katalin-könyvelő (1964). – Kv.-on BBTE jogi karán végzett (1969). Tisztviselő a Törvényszéken, közgazdász, jogtanácsos. a Mv.-i Higiéna Szövetkezettől vonult nyugdíjba. A Nú., külső munkatársa. Közölt humoros írásokat, karikaturákat, művészekről, írókról, tudósokról. – F. m.: Kép a keretben c. interjú sorozata a V. [&hellip;]</p>
