{"id":9247,"date":"2025-06-29T10:54:11","date_gmt":"2025-06-29T08:54:11","guid":{"rendered":"https:\/\/uj.adatbank.ro\/lexikon\/termek\/gyarfas-lajos-lecfalvi\/"},"modified":"2025-06-29T10:54:11","modified_gmt":"2025-06-29T08:54:11","slug":"gyarfas-lajos-lecfalvi","status":"publish","type":"product","link":"https:\/\/uj.adatbank.ro\/lexikon\/termek\/gyarfas-lajos-lecfalvi\/","title":{"rendered":"GY\u00c1RF\u00c1S Lajos, l\u00e9cfalvi"},"content":{"rendered":"<p>Balav\u00e1s\u00e1r, 1906., \u2020\u00a0Mv., 1983. \u00e1pr. 13.: ref. lelk\u00e9sz, tan\u00e1r. \u2013 Feles\u00e9ge: Veress Margit tan\u00e1rn\u0151 (1908\u20131998. j\u00fal.). \u2013 Kv.-on v\u00e9gezte a teol\u00f3gi\u00e1t (1934), majd a p\u00e1rizsi Ref. Teol\u00f3gi\u00e1n a keleti tudom\u00e1nyokb\u00f3l vizsg\u00e1zott, a Comedie Francaise tagja volt. Kultur\u00e1lis munk\u00e1t fejtett ki \u00fagy P\u00e1rizsban, mint k\u00e9s\u0151bbi m\u0171k\u00f6d\u00e9se hely\u00e9n. Balav\u00e1s\u00e1ron pap volt (1941\u2013). Mv.-en tan\u00e1r. Sokat f\u00e1radozott a m. kult\u00fara \u00e9rdek\u00e9ben. Tagja volt az MNSZ K\u00f6zponti Int\u00e9z\u0151bizotts\u00e1g\u00e1nak (1947\u2013). A Mv.-i Kaszin\u00f3 v\u00e1lasztm\u00e1nyi tagja (1947). A Mv.-i \u00c1llami Filharmonia m\u0171v\u00e9szeti titk\u00e1ra (1958). <br \/><strong>Irod.:<\/strong> De\u00e9 Nagy Anik\u00f3 2007; [Nekrol\u00f3g] (V. Z., 1983. \u00e1pr. 14.); Ref. egyetemes n\u00e9vt\u00e1r; Sz\u00e9kelyf\u00f6ld \u00ed. k.; T\u00f6tt\u00f6sy<\/br><\/p>\n","protected":false},"excerpt":{"rendered":"<p>Balav\u00e1s\u00e1r, 1906., \u2020\u00a0Mv., 1983. \u00e1pr. 13.: ref. lelk\u00e9sz, tan\u00e1r. \u2013 Feles\u00e9ge: Veress Margit tan\u00e1rn\u0151 (1908\u20131998. j\u00fal.). \u2013 Kv.-on v\u00e9gezte a teol\u00f3gi\u00e1t (1934), majd a p\u00e1rizsi Ref. Teol\u00f3gi\u00e1n a keleti tudom\u00e1nyokb\u00f3l vizsg\u00e1zott, a Comedie Francaise tagja volt. Kultur\u00e1lis munk\u00e1t fejtett ki \u00fagy P\u00e1rizsban, mint k\u00e9s\u0151bbi m\u0171k\u00f6d\u00e9se hely\u00e9n. Balav\u00e1s\u00e1ron pap volt (1941\u2013). Mv.-en tan\u00e1r. Sokat f\u00e1radozott a [&hellip;]<\/p>\n","protected":false},"featured_media":0,"comment_status":"open","ping_status":"closed","template":"","meta":[],"product_brand":[],"product_cat":[137],"product_tag":[],"class_list":{"0":"post-9247","1":"product","2":"type-product","3":"status-publish","5":"product_cat-maros-megyei-eletrajzi-lexikon","7":"first","8":"instock","9":"shipping-taxable","10":"product-type-simple"},"_links":{"self":[{"href":"https:\/\/uj.adatbank.ro\/lexikon\/wp-json\/wp\/v2\/product\/9247","targetHints":{"allow":["GET"]}}],"collection":[{"href":"https:\/\/uj.adatbank.ro\/lexikon\/wp-json\/wp\/v2\/product"}],"about":[{"href":"https:\/\/uj.adatbank.ro\/lexikon\/wp-json\/wp\/v2\/types\/product"}],"replies":[{"embeddable":true,"href":"https:\/\/uj.adatbank.ro\/lexikon\/wp-json\/wp\/v2\/comments?post=9247"}],"wp:attachment":[{"href":"https:\/\/uj.adatbank.ro\/lexikon\/wp-json\/wp\/v2\/media?parent=9247"}],"wp:term":[{"taxonomy":"product_brand","embeddable":true,"href":"https:\/\/uj.adatbank.ro\/lexikon\/wp-json\/wp\/v2\/product_brand?post=9247"},{"taxonomy":"product_cat","embeddable":true,"href":"https:\/\/uj.adatbank.ro\/lexikon\/wp-json\/wp\/v2\/product_cat?post=9247"},{"taxonomy":"product_tag","embeddable":true,"href":"https:\/\/uj.adatbank.ro\/lexikon\/wp-json\/wp\/v2\/product_tag?post=9247"}],"curies":[{"name":"wp","href":"https:\/\/api.w.org\/{rel}","templated":true}]}}

GYÁRFÁS Lajos, lécfalvi

<p>Balavásár, 1906., † Mv., 1983. ápr. 13.: ref. lelkész, tanár. – Felesége: Veress Margit tanárnő (1908–1998. júl.). – Kv.-on végezte a teológiát (1934), majd a párizsi Ref. Teológián a keleti tudományokból vizsgázott, a Comedie Francaise tagja volt. Kulturális munkát fejtett ki úgy Párizsban, mint későbbi működése helyén. Balavásáron pap volt (1941–). Mv.-en tanár. Sokat fáradozott a m. kultúra érdekében. Tagja volt az MNSZ Központi Intézőbizottságának (1947–). A Mv.-i Kaszinó választmányi tagja (1947). A Mv.-i Állami Filharmonia művészeti titkára (1958). <br /><strong>Irod.:</strong> Deé Nagy Anikó 2007; [Nekrológ] (V. Z., 1983. ápr. 14.); Ref. egyetemes névtár; Székelyföld í. k.; Töttösy</br></p>

<p>Balavásár, 1906., † Mv., 1983. ápr. 13.: ref. lelkész, tanár. – Felesége: Veress Margit tanárnő (1908–1998. júl.). – Kv.-on végezte a teológiát (1934), majd a párizsi Ref. Teológián a keleti tudományokból vizsgázott, a Comedie Francaise tagja volt. Kulturális munkát fejtett ki úgy Párizsban, mint későbbi működése helyén. Balavásáron pap volt (1941–). Mv.-en tanár. Sokat fáradozott a [&hellip;]</p>
