{"id":9267,"date":"2025-06-29T10:54:52","date_gmt":"2025-06-29T08:54:52","guid":{"rendered":"https:\/\/uj.adatbank.ro\/lexikon\/termek\/gyergyay-arpad\/"},"modified":"2025-06-29T10:54:52","modified_gmt":"2025-06-29T08:54:52","slug":"gyergyay-arpad","status":"publish","type":"product","link":"https:\/\/uj.adatbank.ro\/lexikon\/termek\/gyergyay-arpad\/","title":{"rendered":"GYERGYAY \u00c1rp\u00e1d"},"content":{"rendered":"<p>Kissolymosi (1881\u20131952): orvos. \u2013 Feles\u00e9ge: Engel Korn\u00e9lia\u00a0: : : : : Kv.-on seb\u00e9sz, majd f\u00fcl-orr \u2013 g\u00e9g\u00e9sz mag\u00e1ntan\u00e1r, a Ferenc J\u00f3zsef TE tan\u00e1ra. A korm\u00e1nyz\u00f3 Corvin-l\u00e1nccal t\u00fcntetett ki.<\/br><\/p>\n","protected":false},"excerpt":{"rendered":"<p>Kissolymosi (1881\u20131952): orvos. \u2013 Feles\u00e9ge: Engel Korn\u00e9lia\u00a0: : : : : Kv.-on seb\u00e9sz, majd f\u00fcl-orr \u2013 g\u00e9g\u00e9sz mag\u00e1ntan\u00e1r, a Ferenc J\u00f3zsef TE tan\u00e1ra. A korm\u00e1nyz\u00f3 Corvin-l\u00e1nccal t\u00fcntetett ki.<\/p>\n","protected":false},"featured_media":0,"comment_status":"open","ping_status":"closed","template":"","meta":[],"product_brand":[],"product_cat":[137],"product_tag":[],"class_list":{"0":"post-9267","1":"product","2":"type-product","3":"status-publish","5":"product_cat-maros-megyei-eletrajzi-lexikon","7":"first","8":"instock","9":"shipping-taxable","10":"product-type-simple"},"_links":{"self":[{"href":"https:\/\/uj.adatbank.ro\/lexikon\/wp-json\/wp\/v2\/product\/9267","targetHints":{"allow":["GET"]}}],"collection":[{"href":"https:\/\/uj.adatbank.ro\/lexikon\/wp-json\/wp\/v2\/product"}],"about":[{"href":"https:\/\/uj.adatbank.ro\/lexikon\/wp-json\/wp\/v2\/types\/product"}],"replies":[{"embeddable":true,"href":"https:\/\/uj.adatbank.ro\/lexikon\/wp-json\/wp\/v2\/comments?post=9267"}],"wp:attachment":[{"href":"https:\/\/uj.adatbank.ro\/lexikon\/wp-json\/wp\/v2\/media?parent=9267"}],"wp:term":[{"taxonomy":"product_brand","embeddable":true,"href":"https:\/\/uj.adatbank.ro\/lexikon\/wp-json\/wp\/v2\/product_brand?post=9267"},{"taxonomy":"product_cat","embeddable":true,"href":"https:\/\/uj.adatbank.ro\/lexikon\/wp-json\/wp\/v2\/product_cat?post=9267"},{"taxonomy":"product_tag","embeddable":true,"href":"https:\/\/uj.adatbank.ro\/lexikon\/wp-json\/wp\/v2\/product_tag?post=9267"}],"curies":[{"name":"wp","href":"https:\/\/api.w.org\/{rel}","templated":true}]}}