{"id":9269,"date":"2025-06-29T10:54:55","date_gmt":"2025-06-29T08:54:55","guid":{"rendered":"https:\/\/uj.adatbank.ro\/lexikon\/termek\/gyeroffi-borbala-gr-gyulaffi-laszlone-gr-kornis-istvanne\/"},"modified":"2025-06-29T10:54:55","modified_gmt":"2025-06-29T08:54:55","slug":"gyeroffi-borbala-gr-gyulaffi-laszlone-gr-kornis-istvanne","status":"publish","type":"product","link":"https:\/\/uj.adatbank.ro\/lexikon\/termek\/gyeroffi-borbala-gr-gyulaffi-laszlone-gr-kornis-istvanne\/","title":{"rendered":"GYER\u0150FFI Borb\u00e1la, gr. Gyulaffi L\u00e1szl\u00f3n\u00e9, gr. Kornis Istv\u00e1nn\u00e9"},"content":{"rendered":"<p>1684 \u2020\u00a01727: f\u00f6ldbirtokos. \u2013 Gy. Gy\u00f6rgy \u00e9s Kem\u00e9ny Kata le\u00e1nya. F\u00e9rje: 1. Gyulaffi L\u00e1szl\u00f3, 2. gr. Kornis Istv\u00e1n, k\u00fck\u00fcll\u0151i f\u0151isp\u00e1n. Esk. 1701. Gyermekei: Kata, M\u00e1ria, Krisztina, Abosfalv\u00e1n sz\u00fclettek, feln\u0151ttkort meg\u00e9rte: \u00c9va (1708\u201334), Antal (1709\u201359), Krisztina (1715\u20131776 m\u00e9g \u00e9lt). \u2013 Anyj\u00e1t\u00f3l \u00f6r\u00f6k\u00f6lte Abosfalv\u00e1t \u00e9s az unit. vall\u00e1st. A kv.-i unit. iskola j\u00f3ttev\u0151je. M\u00e1sodik f\u00e9rje unszol\u00e1s\u00e1ra t\u00e9rt \u00e1t a katolikus vall\u00e1sra. <br \/><strong>Irod.:<\/strong> \u00c1rva Bethlen K.; Kelemen Lajos 1982, 2006; K\u00e9nosi-Uzoni 2., Veress Endre 1917<\/br><\/p>\n","protected":false},"excerpt":{"rendered":"<p>1684 \u2020\u00a01727: f\u00f6ldbirtokos. \u2013 Gy. Gy\u00f6rgy \u00e9s Kem\u00e9ny Kata le\u00e1nya. F\u00e9rje: 1. Gyulaffi L\u00e1szl\u00f3, 2. gr. Kornis Istv\u00e1n, k\u00fck\u00fcll\u0151i f\u0151isp\u00e1n. Esk. 1701. Gyermekei: Kata, M\u00e1ria, Krisztina, Abosfalv\u00e1n sz\u00fclettek, feln\u0151ttkort meg\u00e9rte: \u00c9va (1708\u201334), Antal (1709\u201359), Krisztina (1715\u20131776 m\u00e9g \u00e9lt). \u2013 Anyj\u00e1t\u00f3l \u00f6r\u00f6k\u00f6lte Abosfalv\u00e1t \u00e9s az unit. vall\u00e1st. A kv.-i unit. iskola j\u00f3ttev\u0151je. M\u00e1sodik f\u00e9rje unszol\u00e1s\u00e1ra t\u00e9rt [&hellip;]<\/p>\n","protected":false},"featured_media":0,"comment_status":"open","ping_status":"closed","template":"","meta":[],"product_brand":[],"product_cat":[137],"product_tag":[],"class_list":{"0":"post-9269","1":"product","2":"type-product","3":"status-publish","5":"product_cat-maros-megyei-eletrajzi-lexikon","7":"first","8":"instock","9":"shipping-taxable","10":"product-type-simple"},"_links":{"self":[{"href":"https:\/\/uj.adatbank.ro\/lexikon\/wp-json\/wp\/v2\/product\/9269","targetHints":{"allow":["GET"]}}],"collection":[{"href":"https:\/\/uj.adatbank.ro\/lexikon\/wp-json\/wp\/v2\/product"}],"about":[{"href":"https:\/\/uj.adatbank.ro\/lexikon\/wp-json\/wp\/v2\/types\/product"}],"replies":[{"embeddable":true,"href":"https:\/\/uj.adatbank.ro\/lexikon\/wp-json\/wp\/v2\/comments?post=9269"}],"wp:attachment":[{"href":"https:\/\/uj.adatbank.ro\/lexikon\/wp-json\/wp\/v2\/media?parent=9269"}],"wp:term":[{"taxonomy":"product_brand","embeddable":true,"href":"https:\/\/uj.adatbank.ro\/lexikon\/wp-json\/wp\/v2\/product_brand?post=9269"},{"taxonomy":"product_cat","embeddable":true,"href":"https:\/\/uj.adatbank.ro\/lexikon\/wp-json\/wp\/v2\/product_cat?post=9269"},{"taxonomy":"product_tag","embeddable":true,"href":"https:\/\/uj.adatbank.ro\/lexikon\/wp-json\/wp\/v2\/product_tag?post=9269"}],"curies":[{"name":"wp","href":"https:\/\/api.w.org\/{rel}","templated":true}]}}

GYERŐFFI Borbála, gr. Gyulaffi Lászlóné, gr. Kornis Istvánné

<p>1684 † 1727: földbirtokos. – Gy. György és Kemény Kata leánya. Férje: 1. Gyulaffi László, 2. gr. Kornis István, küküllői főispán. Esk. 1701. Gyermekei: Kata, Mária, Krisztina, Abosfalván születtek, felnőttkort megérte: Éva (1708–34), Antal (1709–59), Krisztina (1715–1776 még élt). – Anyjától örökölte Abosfalvát és az unit. vallást. A kv.-i unit. iskola jóttevője. Második férje unszolására tért át a katolikus vallásra. <br /><strong>Irod.:</strong> Árva Bethlen K.; Kelemen Lajos 1982, 2006; Kénosi-Uzoni 2., Veress Endre 1917</br></p>

<p>1684 † 1727: földbirtokos. – Gy. György és Kemény Kata leánya. Férje: 1. Gyulaffi László, 2. gr. Kornis István, küküllői főispán. Esk. 1701. Gyermekei: Kata, Mária, Krisztina, Abosfalván születtek, felnőttkort megérte: Éva (1708–34), Antal (1709–59), Krisztina (1715–1776 még élt). – Anyjától örökölte Abosfalvát és az unit. vallást. A kv.-i unit. iskola jóttevője. Második férje unszolására tért [&hellip;]</p>
