{"id":9270,"date":"2025-06-29T10:54:57","date_gmt":"2025-06-29T08:54:57","guid":{"rendered":"https:\/\/uj.adatbank.ro\/lexikon\/termek\/gyertyanffy-kalman\/"},"modified":"2025-06-29T10:54:57","modified_gmt":"2025-06-29T08:54:57","slug":"gyertyanffy-kalman","status":"publish","type":"product","link":"https:\/\/uj.adatbank.ro\/lexikon\/termek\/gyertyanffy-kalman\/","title":{"rendered":"GYERTY\u00c1NFFY K\u00e1lm\u00e1n"},"content":{"rendered":"<p>? \u2020\u00a0? : alezredes. \u2013 A mv.-i 9. honv\u00e9d husz\u00e1rezred \u00faj parancsnoka, akit P\u00e1p\u00e1r\u00f3l helyeztek \u00e1t a v\u00e1rosba (1894. nov. 1.). <br \/><strong>Irod.:<\/strong> Id\u0151t\u00e1r 5 \/1.<\/br><\/p>\n","protected":false},"excerpt":{"rendered":"<p>? \u2020\u00a0? : alezredes. \u2013 A mv.-i 9. honv\u00e9d husz\u00e1rezred \u00faj parancsnoka, akit P\u00e1p\u00e1r\u00f3l helyeztek \u00e1t a v\u00e1rosba (1894. nov. 1.). Irod.: Id\u0151t\u00e1r 5 \/1.<\/p>\n","protected":false},"featured_media":0,"comment_status":"open","ping_status":"closed","template":"","meta":[],"product_brand":[],"product_cat":[137],"product_tag":[],"class_list":{"0":"post-9270","1":"product","2":"type-product","3":"status-publish","5":"product_cat-maros-megyei-eletrajzi-lexikon","7":"first","8":"instock","9":"shipping-taxable","10":"product-type-simple"},"_links":{"self":[{"href":"https:\/\/uj.adatbank.ro\/lexikon\/wp-json\/wp\/v2\/product\/9270","targetHints":{"allow":["GET"]}}],"collection":[{"href":"https:\/\/uj.adatbank.ro\/lexikon\/wp-json\/wp\/v2\/product"}],"about":[{"href":"https:\/\/uj.adatbank.ro\/lexikon\/wp-json\/wp\/v2\/types\/product"}],"replies":[{"embeddable":true,"href":"https:\/\/uj.adatbank.ro\/lexikon\/wp-json\/wp\/v2\/comments?post=9270"}],"wp:attachment":[{"href":"https:\/\/uj.adatbank.ro\/lexikon\/wp-json\/wp\/v2\/media?parent=9270"}],"wp:term":[{"taxonomy":"product_brand","embeddable":true,"href":"https:\/\/uj.adatbank.ro\/lexikon\/wp-json\/wp\/v2\/product_brand?post=9270"},{"taxonomy":"product_cat","embeddable":true,"href":"https:\/\/uj.adatbank.ro\/lexikon\/wp-json\/wp\/v2\/product_cat?post=9270"},{"taxonomy":"product_tag","embeddable":true,"href":"https:\/\/uj.adatbank.ro\/lexikon\/wp-json\/wp\/v2\/product_tag?post=9270"}],"curies":[{"name":"wp","href":"https:\/\/api.w.org\/{rel}","templated":true}]}}