{"id":9278,"date":"2025-06-29T10:55:13","date_gmt":"2025-06-29T08:55:13","guid":{"rendered":"https:\/\/uj.adatbank.ro\/lexikon\/termek\/gyongyosi-jozsef\/"},"modified":"2025-06-29T10:55:13","modified_gmt":"2025-06-29T08:55:13","slug":"gyongyosi-jozsef","status":"publish","type":"product","link":"https:\/\/uj.adatbank.ro\/lexikon\/termek\/gyongyosi-jozsef\/","title":{"rendered":"GY\u00d6NGY\u00d6SI J\u00f3zsef"},"content":{"rendered":"<p>1762.? \u2020 Mv., 1819. jan. 13.: v\u00e1rosi f\u0151b\u00edr\u00f3. A mv.-i Keresztel\u0151 Szent J\u00e1nos-pl\u00e9b\u00e1nia kript\u00e1j\u00e1ba temett\u00e9k. \u2013 Feles\u00e9ge vadadi Filep R\u00e1chel, Filep S\u00e1muel le\u00e1nya (1777. \u2013 Mv., 1836. j\u00fal. 27.). Fi\u00fak: Lajos. \u2013 V\u00e1rosi tan\u00e1csos (1790). Mv. f\u0151b\u00edr\u00e1j\u00e1v\u00e1 v\u00e1lasztott\u00e1k a kat. szen\u00e1torok k\u00f6z\u00fcl (1798). Az els\u0151 mv.-i sz\u00ednj\u00e1tsz\u00e1s \u00e9rdek\u00e9ben tev\u00e9kenykedett, \u0151 jel\u00f6lte ki a v\u00e1r mellett \u00e9p\u00edtend\u0151 fasz\u00ednh\u00e1z hely\u00e9t (1803. \u00e1pr. 30). A mv.-i v\u00e1rosi tan\u00e1cs tagjak\u00e9nt t\u00e1mogatta Szotyory J\u00f3zsefet a k\u00f3rh\u00e1z fel\u00e1ll\u00edt\u00e1s\u00e1ban (1807), a v\u00e1ros f\u0151b\u00edr\u00e1ja (1815). <br \/><strong>Irod.:<\/strong> Erd\u00e9ly orsz\u00e1g\u00e1nak h\u00e1rom k\u00f6nyvekre osztatott t\u00f6rv\u00e9nyes k\u00f6nyve. (Kv., 1816); Filep; Fodor\u2013Bal\u00e1s; Fogarasi; Gy\u00e1szjelent\u0151; Id\u0151t\u00e1r 1; Kr\u00f3n. F\u00fcz. (1939. 4\/9); Mv.-i \u00f6rm\u00e9nyek; Mv.-i Pl\u00e9b\u00e1niatemplom kript\u00e1ja; P\u00e1l-Antal 2006; Pusk\u00e1s Attila \u2013 s\u00edrfeliratok; Szotyori<\/br><\/p>\n","protected":false},"excerpt":{"rendered":"<p>1762.? \u2020 Mv., 1819. jan. 13.: v\u00e1rosi f\u0151b\u00edr\u00f3. A mv.-i Keresztel\u0151 Szent J\u00e1nos-pl\u00e9b\u00e1nia kript\u00e1j\u00e1ba temett\u00e9k. \u2013 Feles\u00e9ge vadadi Filep R\u00e1chel, Filep S\u00e1muel le\u00e1nya (1777. \u2013 Mv., 1836. j\u00fal. 27.). Fi\u00fak: Lajos. \u2013 V\u00e1rosi tan\u00e1csos (1790). Mv. f\u0151b\u00edr\u00e1j\u00e1v\u00e1 v\u00e1lasztott\u00e1k a kat. szen\u00e1torok k\u00f6z\u00fcl (1798). Az els\u0151 mv.-i sz\u00ednj\u00e1tsz\u00e1s \u00e9rdek\u00e9ben tev\u00e9kenykedett, \u0151 jel\u00f6lte ki a v\u00e1r mellett [&hellip;]<\/p>\n","protected":false},"featured_media":0,"comment_status":"open","ping_status":"closed","template":"","meta":[],"product_brand":[],"product_cat":[137],"product_tag":[],"class_list":{"0":"post-9278","1":"product","2":"type-product","3":"status-publish","5":"product_cat-maros-megyei-eletrajzi-lexikon","7":"first","8":"instock","9":"shipping-taxable","10":"product-type-simple"},"_links":{"self":[{"href":"https:\/\/uj.adatbank.ro\/lexikon\/wp-json\/wp\/v2\/product\/9278","targetHints":{"allow":["GET"]}}],"collection":[{"href":"https:\/\/uj.adatbank.ro\/lexikon\/wp-json\/wp\/v2\/product"}],"about":[{"href":"https:\/\/uj.adatbank.ro\/lexikon\/wp-json\/wp\/v2\/types\/product"}],"replies":[{"embeddable":true,"href":"https:\/\/uj.adatbank.ro\/lexikon\/wp-json\/wp\/v2\/comments?post=9278"}],"wp:attachment":[{"href":"https:\/\/uj.adatbank.ro\/lexikon\/wp-json\/wp\/v2\/media?parent=9278"}],"wp:term":[{"taxonomy":"product_brand","embeddable":true,"href":"https:\/\/uj.adatbank.ro\/lexikon\/wp-json\/wp\/v2\/product_brand?post=9278"},{"taxonomy":"product_cat","embeddable":true,"href":"https:\/\/uj.adatbank.ro\/lexikon\/wp-json\/wp\/v2\/product_cat?post=9278"},{"taxonomy":"product_tag","embeddable":true,"href":"https:\/\/uj.adatbank.ro\/lexikon\/wp-json\/wp\/v2\/product_tag?post=9278"}],"curies":[{"name":"wp","href":"https:\/\/api.w.org\/{rel}","templated":true}]}}

GYÖNGYÖSI József

<p>1762.? † Mv., 1819. jan. 13.: városi főbíró. A mv.-i Keresztelő Szent János-plébánia kriptájába temették. – Felesége vadadi Filep Ráchel, Filep Sámuel leánya (1777. – Mv., 1836. júl. 27.). Fiúk: Lajos. – Városi tanácsos (1790). Mv. főbírájává választották a kat. szenátorok közül (1798). Az első mv.-i színjátszás érdekében tevékenykedett, ő jelölte ki a vár mellett építendő faszínház helyét (1803. ápr. 30). A mv.-i városi tanács tagjaként támogatta Szotyory Józsefet a kórház felállításában (1807), a város főbírája (1815). <br /><strong>Irod.:</strong> Erdély országának három könyvekre osztatott törvényes könyve. (Kv., 1816); Filep; Fodor–Balás; Fogarasi; Gyászjelentő; Időtár 1; Krón. Füz. (1939. 4/9); Mv.-i örmények; Mv.-i Plébániatemplom kriptája; Pál-Antal 2006; Puskás Attila – sírfeliratok; Szotyori</br></p>

<p>1762.? † Mv., 1819. jan. 13.: városi főbíró. A mv.-i Keresztelő Szent János-plébánia kriptájába temették. – Felesége vadadi Filep Ráchel, Filep Sámuel leánya (1777. – Mv., 1836. júl. 27.). Fiúk: Lajos. – Városi tanácsos (1790). Mv. főbírájává választották a kat. szenátorok közül (1798). Az első mv.-i színjátszás érdekében tevékenykedett, ő jelölte ki a vár mellett [&hellip;]</p>
