{"id":9280,"date":"2025-06-29T10:55:16","date_gmt":"2025-06-29T08:55:16","guid":{"rendered":"https:\/\/uj.adatbank.ro\/lexikon\/termek\/gyongyosi-lajos\/"},"modified":"2025-06-29T10:55:16","modified_gmt":"2025-06-29T08:55:16","slug":"gyongyosi-lajos","status":"publish","type":"product","link":"https:\/\/uj.adatbank.ro\/lexikon\/termek\/gyongyosi-lajos\/","title":{"rendered":"GY\u00d6NGY\u00d6SI Lajos"},"content":{"rendered":"<p>? \u2020\u00a0? : tan\u00e1csos. \u2013 Gy. J\u00f3zsef \u00e9s Filep R\u00e1khel fia. Feles\u00e9ge: Winkler M\u00e1ria (1803.? \u2020 Mv., 1876. szept. 4. Hagym\u00e1s bodonban temett\u00e9k). \u2013 V\u00e1rosi tisztvisel\u0151, tan\u00e1csos. Jegyz\u0151k\u00f6nyvi iktat\u00f3 (1825). Mv.-en v\u00e1rosi tan\u00e1csosk\u00e9nt r\u00e9szt vett az 1848-as k\u00f6zgy\u00fcl\u00e9sen \u00e9s ogy. tart\u00e1sa c\u00e9lj\u00e1b\u00f3l petici\u00f3t fogalmazott meg (1848. m\u00e1rc. 25.). A mv.-i 12. honv\u00e9dz\u00e1szl\u00f3alj parancsnok mell\u00e9 kirendelt \u00bbpolg\u00e1ri ellen\u0151rk\u00f6d\u0151\u00ab biztos (1848). <br \/><strong>Irod.:<\/strong> Az Erd\u00e9lyi Nagyfejedelems\u00e9g sz. k. Kv. v\u00e1ros\u00e1ba 1846 szept. 9. re k\u00f6z\u00f6ns\u00e9ges gy\u0171l\u00e9sre \u00f6sszeh\u00edvott tek. nemes rendeinek n\u00e9vsora (Kv., 1848); Gy\u00e1szjelent\u0151; Id\u0151t\u00e1r 2.; P\u00e1l-Antal 2003; T\u00f3falvi Zolt\u00e1n: 1848 m\u00e1rciusa a Sz\u00e9kelyf\u00f6ld\u00f6n, Mv.-en (N\u00fa., 1998. m\u00e1rc. 12\u201313.)<\/br><\/p>\n","protected":false},"excerpt":{"rendered":"<p>? \u2020\u00a0? : tan\u00e1csos. \u2013 Gy. J\u00f3zsef \u00e9s Filep R\u00e1khel fia. Feles\u00e9ge: Winkler M\u00e1ria (1803.? \u2020 Mv., 1876. szept. 4. Hagym\u00e1s bodonban temett\u00e9k). \u2013 V\u00e1rosi tisztvisel\u0151, tan\u00e1csos. Jegyz\u0151k\u00f6nyvi iktat\u00f3 (1825). Mv.-en v\u00e1rosi tan\u00e1csosk\u00e9nt r\u00e9szt vett az 1848-as k\u00f6zgy\u00fcl\u00e9sen \u00e9s ogy. tart\u00e1sa c\u00e9lj\u00e1b\u00f3l petici\u00f3t fogalmazott meg (1848. m\u00e1rc. 25.). A mv.-i 12. honv\u00e9dz\u00e1szl\u00f3alj parancsnok mell\u00e9 kirendelt [&hellip;]<\/p>\n","protected":false},"featured_media":0,"comment_status":"open","ping_status":"closed","template":"","meta":[],"product_brand":[],"product_cat":[137],"product_tag":[],"class_list":{"0":"post-9280","1":"product","2":"type-product","3":"status-publish","5":"product_cat-maros-megyei-eletrajzi-lexikon","7":"first","8":"instock","9":"shipping-taxable","10":"product-type-simple"},"_links":{"self":[{"href":"https:\/\/uj.adatbank.ro\/lexikon\/wp-json\/wp\/v2\/product\/9280","targetHints":{"allow":["GET"]}}],"collection":[{"href":"https:\/\/uj.adatbank.ro\/lexikon\/wp-json\/wp\/v2\/product"}],"about":[{"href":"https:\/\/uj.adatbank.ro\/lexikon\/wp-json\/wp\/v2\/types\/product"}],"replies":[{"embeddable":true,"href":"https:\/\/uj.adatbank.ro\/lexikon\/wp-json\/wp\/v2\/comments?post=9280"}],"wp:attachment":[{"href":"https:\/\/uj.adatbank.ro\/lexikon\/wp-json\/wp\/v2\/media?parent=9280"}],"wp:term":[{"taxonomy":"product_brand","embeddable":true,"href":"https:\/\/uj.adatbank.ro\/lexikon\/wp-json\/wp\/v2\/product_brand?post=9280"},{"taxonomy":"product_cat","embeddable":true,"href":"https:\/\/uj.adatbank.ro\/lexikon\/wp-json\/wp\/v2\/product_cat?post=9280"},{"taxonomy":"product_tag","embeddable":true,"href":"https:\/\/uj.adatbank.ro\/lexikon\/wp-json\/wp\/v2\/product_tag?post=9280"}],"curies":[{"name":"wp","href":"https:\/\/api.w.org\/{rel}","templated":true}]}}

GYÖNGYÖSI Lajos

<p>? † ? : tanácsos. – Gy. József és Filep Rákhel fia. Felesége: Winkler Mária (1803.? † Mv., 1876. szept. 4. Hagymás bodonban temették). – Városi tisztviselő, tanácsos. Jegyzőkönyvi iktató (1825). Mv.-en városi tanácsosként részt vett az 1848-as közgyülésen és ogy. tartása céljából peticiót fogalmazott meg (1848. márc. 25.). A mv.-i 12. honvédzászlóalj parancsnok mellé kirendelt »polgári ellenőrködő« biztos (1848). <br /><strong>Irod.:</strong> Az Erdélyi Nagyfejedelemség sz. k. Kv. városába 1846 szept. 9. re közönséges gyűlésre összehívott tek. nemes rendeinek névsora (Kv., 1848); Gyászjelentő; Időtár 2.; Pál-Antal 2003; Tófalvi Zoltán: 1848 márciusa a Székelyföldön, Mv.-en (Nú., 1998. márc. 12–13.)</br></p>

<p>? † ? : tanácsos. – Gy. József és Filep Rákhel fia. Felesége: Winkler Mária (1803.? † Mv., 1876. szept. 4. Hagymás bodonban temették). – Városi tisztviselő, tanácsos. Jegyzőkönyvi iktató (1825). Mv.-en városi tanácsosként részt vett az 1848-as közgyülésen és ogy. tartása céljából peticiót fogalmazott meg (1848. márc. 25.). A mv.-i 12. honvédzászlóalj parancsnok mellé kirendelt [&hellip;]</p>
