{"id":9281,"date":"2025-06-29T10:55:18","date_gmt":"2025-06-29T08:55:18","guid":{"rendered":"https:\/\/uj.adatbank.ro\/lexikon\/termek\/gyongyossy-berta-daniel-lajosne\/"},"modified":"2025-06-29T10:55:18","modified_gmt":"2025-06-29T08:55:18","slug":"gyongyossy-berta-daniel-lajosne","status":"publish","type":"product","link":"https:\/\/uj.adatbank.ro\/lexikon\/termek\/gyongyossy-berta-daniel-lajosne\/","title":{"rendered":"GY\u00d6NGY\u00d6SSY Berta, Daniel Lajosn\u00e9"},"content":{"rendered":"<p>Mv., 1880. febr. 20., \u2020\u00a0Bp., 1970. okt. 9.: f\u00f6ldbirtokos. \u2013 Nemesi csal\u00e1db\u00f3l sz\u00e1rmazott. F\u00e9rj\u00e9nek Vadadon volt birtoka. Cs\u0151g\u00f6r Lajossal egy\u00fctt volt b\u00f6rt\u00f6nben egy id\u0151ben. \u2013 Tanulm\u00e1nyait Kv.-on v\u00e9gezte \u00e9s tan\u00edt\u00f3i oklevelet szerzett, majd uo. zenekonzervat\u00f3riumot v\u00e9gzett. Benc\u00e9den (Har) 160 holdas birtok\u00e1n belterjes, korszer\u0171 gazd\u00e1lkod\u00e1st folytatott. <br \/><strong>Irod.:<\/strong> Cs\u0151g\u00f6r Lajos b\u00f6rt\u00f6n\u00e9vei (1949\u20131955) (Kv., 2010); Gudenus; Sz\u00e9kelyf\u00f6ld \u00ed. k.<\/br><\/p>\n","protected":false},"excerpt":{"rendered":"<p>Mv., 1880. febr. 20., \u2020\u00a0Bp., 1970. okt. 9.: f\u00f6ldbirtokos. \u2013 Nemesi csal\u00e1db\u00f3l sz\u00e1rmazott. F\u00e9rj\u00e9nek Vadadon volt birtoka. Cs\u0151g\u00f6r Lajossal egy\u00fctt volt b\u00f6rt\u00f6nben egy id\u0151ben. \u2013 Tanulm\u00e1nyait Kv.-on v\u00e9gezte \u00e9s tan\u00edt\u00f3i oklevelet szerzett, majd uo. zenekonzervat\u00f3riumot v\u00e9gzett. Benc\u00e9den (Har) 160 holdas birtok\u00e1n belterjes, korszer\u0171 gazd\u00e1lkod\u00e1st folytatott. Irod.: Cs\u0151g\u00f6r Lajos b\u00f6rt\u00f6n\u00e9vei (1949\u20131955) (Kv., 2010); Gudenus; Sz\u00e9kelyf\u00f6ld \u00ed. [&hellip;]<\/p>\n","protected":false},"featured_media":0,"comment_status":"open","ping_status":"closed","template":"","meta":[],"product_brand":[],"product_cat":[137],"product_tag":[],"class_list":{"0":"post-9281","1":"product","2":"type-product","3":"status-publish","5":"product_cat-maros-megyei-eletrajzi-lexikon","7":"first","8":"instock","9":"shipping-taxable","10":"product-type-simple"},"_links":{"self":[{"href":"https:\/\/uj.adatbank.ro\/lexikon\/wp-json\/wp\/v2\/product\/9281","targetHints":{"allow":["GET"]}}],"collection":[{"href":"https:\/\/uj.adatbank.ro\/lexikon\/wp-json\/wp\/v2\/product"}],"about":[{"href":"https:\/\/uj.adatbank.ro\/lexikon\/wp-json\/wp\/v2\/types\/product"}],"replies":[{"embeddable":true,"href":"https:\/\/uj.adatbank.ro\/lexikon\/wp-json\/wp\/v2\/comments?post=9281"}],"wp:attachment":[{"href":"https:\/\/uj.adatbank.ro\/lexikon\/wp-json\/wp\/v2\/media?parent=9281"}],"wp:term":[{"taxonomy":"product_brand","embeddable":true,"href":"https:\/\/uj.adatbank.ro\/lexikon\/wp-json\/wp\/v2\/product_brand?post=9281"},{"taxonomy":"product_cat","embeddable":true,"href":"https:\/\/uj.adatbank.ro\/lexikon\/wp-json\/wp\/v2\/product_cat?post=9281"},{"taxonomy":"product_tag","embeddable":true,"href":"https:\/\/uj.adatbank.ro\/lexikon\/wp-json\/wp\/v2\/product_tag?post=9281"}],"curies":[{"name":"wp","href":"https:\/\/api.w.org\/{rel}","templated":true}]}}

GYÖNGYÖSSY Berta, Daniel Lajosné

<p>Mv., 1880. febr. 20., † Bp., 1970. okt. 9.: földbirtokos. – Nemesi családból származott. Férjének Vadadon volt birtoka. Csőgör Lajossal együtt volt börtönben egy időben. – Tanulmányait Kv.-on végezte és tanítói oklevelet szerzett, majd uo. zenekonzervatóriumot végzett. Bencéden (Har) 160 holdas birtokán belterjes, korszerű gazdálkodást folytatott. <br /><strong>Irod.:</strong> Csőgör Lajos börtönévei (1949–1955) (Kv., 2010); Gudenus; Székelyföld í. k.</br></p>

<p>Mv., 1880. febr. 20., † Bp., 1970. okt. 9.: földbirtokos. – Nemesi családból származott. Férjének Vadadon volt birtoka. Csőgör Lajossal együtt volt börtönben egy időben. – Tanulmányait Kv.-on végezte és tanítói oklevelet szerzett, majd uo. zenekonzervatóriumot végzett. Bencéden (Har) 160 holdas birtokán belterjes, korszerű gazdálkodást folytatott. Irod.: Csőgör Lajos börtönévei (1949–1955) (Kv., 2010); Gudenus; Székelyföld í. [&hellip;]</p>
