{"id":9282,"date":"2025-06-29T10:55:21","date_gmt":"2025-06-29T08:55:21","guid":{"rendered":"https:\/\/uj.adatbank.ro\/lexikon\/termek\/gyongyossy-istvan-gyongyossi-istvan-gyongyosi-istvan\/"},"modified":"2025-06-29T10:55:21","modified_gmt":"2025-06-29T08:55:21","slug":"gyongyossy-istvan-gyongyossi-istvan-gyongyosi-istvan","status":"publish","type":"product","link":"https:\/\/uj.adatbank.ro\/lexikon\/termek\/gyongyossy-istvan-gyongyossi-istvan-gyongyosi-istvan\/","title":{"rendered":"GY\u00d6NGY\u00d6SSY Istv\u00e1n, Gy\u00f6ngy\u00f6ssi Istv\u00e1n, Gy\u00f6ngy\u00f6si Istv\u00e1n"},"content":{"rendered":"<p>Borosjen\u0151, 1849. aug. 15., \u2020 Bp., 1914. febr. 21. : tan\u00edt\u00f3, lapszerk. \u2013 K\u00f6z\u00e9piskol\u00e1it Nagyszebenben \u00e9s Kv.-on, a tan\u00edt\u00f3k\u00e9pz\u0151t D\u00e9v\u00e1n, majd Bp.-en v\u00e9gezte (1870\u201371). Tan\u00edtott\u00a0K\u00e9zdiv\u00e1s\u00e1rhelyen (1871\u2013); H\u00e1romsz\u00e9kmegye tanfel\u00fcgyel\u0151s\u00e9g\u00e9n dolgozott (1888); a dics\u0151szentm\u00e1rtoni Polg. Le\u00e1nyiskola igazgat\u00f3ja (1888\u201398); Segesv\u00e1ron igazgat\u00f3 (1898\u20131913). Egyik megalap\u00edt\u00f3ja \u00e9s szerk.-je az els\u0151 Dics\u0151szentm\u00e1rtonban megjelen\u0151 Kis-K\u00fck\u00fcll\u0151 c. hetilapnak (1891. okt. \u201394), Segesv\u00e1ron a Nagy-K\u00fck\u00fcll\u0151-t (1898\u2013), t\u00f6bb \u00e9ven \u00e1t szerk. -tette. <strong>Cikkei:<\/strong> a brass\u00f3i Nemere, M. Pedag\u00f3giai Szemle, N\u00e9ptan\u00edt\u00f3k Lapja, A segesv\u00e1ri \u00c1llami Polg\u00e1ri Le\u00e1nyiskola \u00e9rtes\u00edt\u0151je, Polg\u00e1ri Iskol\u00e1ban. 2. k. \u2013 <strong>F. m.:<\/strong> P. le\u00e1nyiskolai sz\u00e1mtan Irta Gerevich Emil. \u00c1tdolg. (Bp., 1908); Aritmetica pt \u015fcol. civ. de fete (Nagyszeben, 1912). <br \/><strong>Irod.:<\/strong> B\u00e1lint Tibor: 100 \u00e9ve jelent meg az els\u0151 \u00fajs\u00e1g Dics\u0151szentm\u00e1rtonban (N\u00fa., 1991. m\u00e1rc. 23.); \u00c9vfordul\u00f3nkra; Guly\u00e1s<\/br><\/p>\n","protected":false},"excerpt":{"rendered":"<p>Borosjen\u0151, 1849. aug. 15., \u2020 Bp., 1914. febr. 21. : tan\u00edt\u00f3, lapszerk. \u2013 K\u00f6z\u00e9piskol\u00e1it Nagyszebenben \u00e9s Kv.-on, a tan\u00edt\u00f3k\u00e9pz\u0151t D\u00e9v\u00e1n, majd Bp.-en v\u00e9gezte (1870\u201371). Tan\u00edtott\u00a0K\u00e9zdiv\u00e1s\u00e1rhelyen (1871\u2013); H\u00e1romsz\u00e9kmegye tanfel\u00fcgyel\u0151s\u00e9g\u00e9n dolgozott (1888); a dics\u0151szentm\u00e1rtoni Polg. Le\u00e1nyiskola igazgat\u00f3ja (1888\u201398); Segesv\u00e1ron igazgat\u00f3 (1898\u20131913). Egyik megalap\u00edt\u00f3ja \u00e9s szerk.-je az els\u0151 Dics\u0151szentm\u00e1rtonban megjelen\u0151 Kis-K\u00fck\u00fcll\u0151 c. hetilapnak (1891. okt. \u201394), Segesv\u00e1ron a [&hellip;]<\/p>\n","protected":false},"featured_media":0,"comment_status":"open","ping_status":"closed","template":"","meta":[],"product_brand":[],"product_cat":[137],"product_tag":[],"class_list":{"0":"post-9282","1":"product","2":"type-product","3":"status-publish","5":"product_cat-maros-megyei-eletrajzi-lexikon","7":"first","8":"instock","9":"shipping-taxable","10":"product-type-simple"},"_links":{"self":[{"href":"https:\/\/uj.adatbank.ro\/lexikon\/wp-json\/wp\/v2\/product\/9282","targetHints":{"allow":["GET"]}}],"collection":[{"href":"https:\/\/uj.adatbank.ro\/lexikon\/wp-json\/wp\/v2\/product"}],"about":[{"href":"https:\/\/uj.adatbank.ro\/lexikon\/wp-json\/wp\/v2\/types\/product"}],"replies":[{"embeddable":true,"href":"https:\/\/uj.adatbank.ro\/lexikon\/wp-json\/wp\/v2\/comments?post=9282"}],"wp:attachment":[{"href":"https:\/\/uj.adatbank.ro\/lexikon\/wp-json\/wp\/v2\/media?parent=9282"}],"wp:term":[{"taxonomy":"product_brand","embeddable":true,"href":"https:\/\/uj.adatbank.ro\/lexikon\/wp-json\/wp\/v2\/product_brand?post=9282"},{"taxonomy":"product_cat","embeddable":true,"href":"https:\/\/uj.adatbank.ro\/lexikon\/wp-json\/wp\/v2\/product_cat?post=9282"},{"taxonomy":"product_tag","embeddable":true,"href":"https:\/\/uj.adatbank.ro\/lexikon\/wp-json\/wp\/v2\/product_tag?post=9282"}],"curies":[{"name":"wp","href":"https:\/\/api.w.org\/{rel}","templated":true}]}}

GYÖNGYÖSSY István, Gyöngyössi István, Gyöngyösi István

<p>Borosjenő, 1849. aug. 15., † Bp., 1914. febr. 21. : tanító, lapszerk. – Középiskoláit Nagyszebenben és Kv.-on, a tanítóképzőt Déván, majd Bp.-en végezte (1870–71). Tanított Kézdivásárhelyen (1871–); Háromszékmegye tanfelügyelőségén dolgozott (1888); a dicsőszentmártoni Polg. Leányiskola igazgatója (1888–98); Segesváron igazgató (1898–1913). Egyik megalapítója és szerk.-je az első Dicsőszentmártonban megjelenő Kis-Küküllő c. hetilapnak (1891. okt. –94), Segesváron a Nagy-Küküllő-t (1898–), több éven át szerk. -tette. <strong>Cikkei:</strong> a brassói Nemere, M. Pedagógiai Szemle, Néptanítók Lapja, A segesvári Állami Polgári Leányiskola értesítője, Polgári Iskolában. 2. k. – <strong>F. m.:</strong> P. leányiskolai számtan Irta Gerevich Emil. Átdolg. (Bp., 1908); Aritmetica pt şcol. civ. de fete (Nagyszeben, 1912). <br /><strong>Irod.:</strong> Bálint Tibor: 100 éve jelent meg az első újság Dicsőszentmártonban (Nú., 1991. márc. 23.); Évfordulónkra; Gulyás</br></p>

<p>Borosjenő, 1849. aug. 15., † Bp., 1914. febr. 21. : tanító, lapszerk. – Középiskoláit Nagyszebenben és Kv.-on, a tanítóképzőt Déván, majd Bp.-en végezte (1870–71). Tanított Kézdivásárhelyen (1871–); Háromszékmegye tanfelügyelőségén dolgozott (1888); a dicsőszentmártoni Polg. Leányiskola igazgatója (1888–98); Segesváron igazgató (1898–1913). Egyik megalapítója és szerk.-je az első Dicsőszentmártonban megjelenő Kis-Küküllő c. hetilapnak (1891. okt. –94), Segesváron a [&hellip;]</p>
